-- https://www.phpmyadmin.net/
--
-- Servidor: 127.0.0.1:3306
-- Tiempo de generación: 30-04-2025 a las 18:22:58
-- Versión del servidor: 10.11.10-MariaDB
-- Versión de PHP: 7.2.34

START TRANSACTION;



--
-- Base de datos: `u161564913_carrito`
--

-- --------------------------------------------------------

--
-- Estructura de tabla para la tabla `almacenes`
--

use u161564913_carrito;


CREATE TABLE `almacenes` (
  `almacenId` int(11) NOT NULL,
  `almacenNombre` varchar(250) NOT NULL,
  `almacenStatus` int(11) NOT NULL DEFAULT 1,
  `almacenUsuarioRegistro` varchar(250) DEFAULT NULL,
  `almacenUsuarioActualizacion` varchar(250) DEFAULT NULL,
  `almacenFechaRegistro` timestamp NOT NULL DEFAULT current_timestamp(),
  `almacenFechaActualizacion` timestamp NOT NULL DEFAULT current_timestamp() ON UPDATE current_timestamp()
) ENGINE=InnoDB DEFAULT CHARSET=utf8mb4 COLLATE=utf8mb4_unicode_ci;

--
-- Volcado de datos para la tabla `almacenes`
--

INSERT INTO `almacenes` (`almacenId`, `almacenNombre`, `almacenStatus`, `almacenUsuarioRegistro`, `almacenUsuarioActualizacion`, `almacenFechaRegistro`, `almacenFechaActualizacion`) VALUES
(1, 'Almacen Rancho', 1, 'Maria   ', 'Juana   ', '2022-03-25 09:28:42', '2023-09-29 19:30:00'),
(2, 'Almacen Queretaro ', 1, 'Maria   ', NULL, '2022-03-25 09:28:58', '2022-03-25 09:28:58');

-- --------------------------------------------------------

--
-- Estructura de tabla para la tabla `applicant`
--

CREATE TABLE `applicant` (
  `id` int(11) NOT NULL,
  `first_name` varchar(110) NOT NULL,
  `last_name` varchar(110) NOT NULL,
  `gender` varchar(110) NOT NULL
) ENGINE=InnoDB DEFAULT CHARSET=utf8mb4 COLLATE=utf8mb4_general_ci;

--
-- Volcado de datos para la tabla `applicant`
--

INSERT INTO `applicant` (`id`, `first_name`, `last_name`, `gender`) VALUES
(2, '1', '11', '21'),
(3, '2', '12', '22'),
(4, '3', '13', '23'),
(5, '4', '14', '24'),
(6, '5', '15', '25'),
(7, '6', '16', '26');

-- --------------------------------------------------------

--
-- Estructura de tabla para la tabla `cart`
--

CREATE TABLE `cart` (
  `rowid` varchar(250) NOT NULL,
  `product_id` int(11) NOT NULL,
  `mood` varchar(100) NOT NULL,
  `size` varchar(11) DEFAULT NULL,
  `category` varchar(150) DEFAULT NULL,
  `race` varchar(150) DEFAULT NULL,
  `qty` float NOT NULL,
  `client_id` int(11) NOT NULL
) ENGINE=InnoDB DEFAULT CHARSET=utf8mb4 COLLATE=utf8mb4_unicode_ci;

--
-- Volcado de datos para la tabla `cart`
--

INSERT INTO `cart` (`rowid`, `product_id`, `mood`, `size`, `category`, `race`, `qty`, `client_id`) VALUES
('e438dbf89c2b631763c89c8da8df0a44', 3, 'kg', '', 'Pescado', 'Tilapia Africana', 1, 12),
('e438dbf89c2b631763c89c8da8df0a44', 3, 'kg', '', 'Pescado', 'Tilapia Africana', 1, 19),
('e438dbf89c2b631763c89c8da8df0a44', 3, 'kg', '', 'Pescado', 'Tilapia Africana', 1, 3);

-- --------------------------------------------------------

--
-- Estructura de tabla para la tabla `categorias`
--

CREATE TABLE `categorias` (
  `id_categoria` int(11) NOT NULL,
  `nombre_categoria` varchar(100) NOT NULL,
  `imagen` text NOT NULL,
  `categoria_create` timestamp NOT NULL DEFAULT current_timestamp(),
  `categoria_edit` timestamp NOT NULL DEFAULT current_timestamp() ON UPDATE current_timestamp(),
  `status` int(11) NOT NULL DEFAULT 1 COMMENT '1 activo, 0 inactivo'
) ENGINE=InnoDB DEFAULT CHARSET=latin1 COLLATE=latin1_swedish_ci;

--
-- Volcado de datos para la tabla `categorias`
--

INSERT INTO `categorias` (`id_categoria`, `nombre_categoria`, `imagen`, `categoria_create`, `categoria_edit`, `status`) VALUES
(5, 'Ovinos', '1608659173.jpg', '2020-12-22 17:46:04', '2020-12-22 17:46:04', 1),
(6, 'Pescado', '1608659245.jpg', '2020-12-22 17:47:16', '2021-05-29 09:21:02', 1),
(17, 'Lácteos', '', '2021-10-19 14:44:46', '2024-07-31 18:30:46', 1),
(19, ' Forraje', '', '2023-10-12 17:18:30', '2023-10-12 17:18:30', 1),
(20, 'Miel', '', '2023-10-12 17:37:20', '2023-10-12 17:37:20', 1);

-- --------------------------------------------------------

--
-- Estructura de tabla para la tabla `clientes`
--

CREATE TABLE `clientes` (
  `id_cliente` int(11) NOT NULL,
  `tipo_cliente` int(11) NOT NULL DEFAULT 1,
  `curp_cliente` varchar(18) NOT NULL,
  `identificacion_cliente` text DEFAULT NULL,
  `nombre_cliente` varchar(100) NOT NULL,
  `apellido_paterno_cliente` varchar(100) NOT NULL,
  `apellido_materno_cliente` varchar(100) DEFAULT NULL,
  `telefono_cliente` varchar(10) NOT NULL,
  `email_cliente` varchar(200) DEFAULT NULL,
  `direccion_cliente` text DEFAULT NULL,
  `password_cliente` varchar(200) NOT NULL,
  `pass_temp` varchar(50) NOT NULL,
  `token_verificacion` varchar(100) DEFAULT NULL,
  `token_psw` varchar(100) DEFAULT NULL,
  `status` int(11) NOT NULL DEFAULT 0 COMMENT '0. Inativo, 1.Activo, 2.bloqueado',
  `status_psw` int(11) NOT NULL DEFAULT 0 COMMENT '1-Se solicito recuperacion de psw, 0. No solicitud',
  `created_date` timestamp NOT NULL DEFAULT current_timestamp(),
  `updated_date` timestamp NOT NULL DEFAULT current_timestamp() ON UPDATE current_timestamp()
) ENGINE=InnoDB DEFAULT CHARSET=utf8mb4 COLLATE=utf8mb4_unicode_ci;

--
-- Volcado de datos para la tabla `clientes`
--

INSERT INTO `clientes` (`id_cliente`, `tipo_cliente`, `curp_cliente`, `identificacion_cliente`, `nombre_cliente`, `apellido_paterno_cliente`, `apellido_materno_cliente`, `telefono_cliente`, `email_cliente`, `direccion_cliente`, `password_cliente`, `pass_temp`, `token_verificacion`, `token_psw`, `status`, `status_psw`, `created_date`, `updated_date`) VALUES
(1, 2, '', '', 'Herreros', 'De queretaro', NULL, '', '', '', '$2a$08$5INcsPtC.mm4/pnvKfG27epAiZpRv4qMBY9T30pauh8JLZFNOTwWu', '7dDHyPYe', NULL, NULL, 0, 0, '2021-01-30 15:44:50', '2022-03-19 17:24:19'),
(2, 2, '', '', 'DANIEL', 'RAMIREZ', '', '4181410085', '', NULL, '$2a$08$QNfGN4qWb4UXvSIXFCAFLunvi1C2uTbcyKmAaISokZcJ/lrjf5./y', 'TjqK9dyO', NULL, NULL, 1, 0, '2021-01-30 16:11:02', '2021-05-25 21:49:12'),
(3, 2, '', '', 'PEDRO', 'ARBOLITO', '', '4181577963', '', NULL, '$2a$08$BMUTpzM6qQlDParAV0BBw.ydR4NF1hh7.z6S2lxUVs7EHjatBo.Ge', 'FZQZeFKS', NULL, NULL, 1, 0, '2021-01-30 16:13:08', '2021-05-25 21:49:12'),
(4, 2, '', '', 'ALBERTO', 'VAZQUEZ', '', '4181047520', '', NULL, '$2a$08$1PoYDsZ.h7.fzmpLrAc6Ou656i98VY1MFOXDzYqjXQlu5lPq0zKPW', 'ET15jieI', NULL, NULL, 1, 0, '2021-01-30 16:13:42', '2021-05-25 21:49:12'),
(5, 2, '', '', 'DOÑA', 'LUPE', '', '9999999999', '', NULL, '$2a$08$trr1s5Pw2n/T3CoTquyyo.WOG3NCqrHByEWOXp94zjCmKCKvALVIq', 'zwK0lULY', NULL, NULL, 1, 0, '2021-01-30 16:14:42', '2021-05-25 21:49:12'),
(6, 2, '', '', 'JUAN', 'RAMIREZ', '', '9999999999', '', NULL, '$2a$08$AmBLfOs5V/A94RidlCjezuV7i9IKxdLixbkXlibFHO7oe6cob8ruy', 'aOU38gx1', NULL, NULL, 1, 0, '2021-01-30 16:15:34', '2021-05-25 21:49:12'),
(7, 2, '', '', 'JUAN', 'RAMIREZ', '', '9999999999', '', NULL, '$2a$08$KABLiOurX3/aVmfCOO1Q1Oxwpip5Ra2N2wbUyQVfXSi4BH.4ZynqC', '6gri8KNM', NULL, NULL, 1, 0, '2021-01-30 16:22:10', '2021-05-25 21:49:12'),
(8, 2, '', '', 'JOSE ', 'MEZQUITE', '', '9999999999', '', NULL, '$2a$08$V7TBbJjvNC3Uk4ajZc2dnuKmNuGC87j9a02DuVfM9.LlGRqqPIiae', 'YYeF8gm7', NULL, NULL, 1, 0, '2021-01-30 16:22:43', '2021-05-25 21:49:12'),
(9, 2, '', '', 'VICENTE', 'MEZQUITE', '', '9999999999', '', NULL, '$2a$08$vYBO0c1BJxDRD3aoYK/.7.Txpo.K5F.AXEByHh4hKYiS.wtO2.Obm', 'GM98yxbA', NULL, NULL, 1, 0, '2021-01-30 16:23:24', '2021-05-25 21:49:12'),
(10, 2, '', '', 'MANUEL', 'ESTACION', '', '9999999999', '', NULL, '$2a$08$XYrTGLwpzJU/0QEehV.LPubK57xIL1Z2xaoNeLmhddOTOzFRtmiO.', 'ki8mI4jI', NULL, NULL, 1, 0, '2021-01-30 16:23:57', '2021-05-25 21:49:12'),
(11, 2, '', '', 'JOSE LUIS', 'MEZQUITE', '', '9999999999', '', NULL, '$2a$08$dVQlTVot2rvsb3fgMyDmgOpf0YQP4MYzZN3DF6NXCNt0eoMb/Z0IG', 'KFukeIoJ', NULL, NULL, 1, 0, '2021-01-30 16:24:21', '2021-05-25 21:49:12'),
(12, 2, '', '', 'Oscar Eduardo', 'Garcia', 'Reyes', '4622209199', '', NULL, '$2a$08$YK7WNCPIR7g74MPNr7ExRus6A6aBKWD1/nW7fW8i1iPhSTHf79j4W', 'Wr966w0O', NULL, NULL, 1, 0, '2021-02-06 16:49:19', '2021-05-25 21:49:12'),
(13, 2, '', 'ID-1613752819.jpeg', 'JUAN GABRIEL', 'GONZALEZ', 'GRANADOS', '0', '', NULL, '$2a$08$pbpqWH7tbPuZqHz3I8syk.oMyglq0z5KSyi40X9traUFWlD6ey3WO', 'YfrLMNnN', NULL, NULL, 1, 0, '2021-02-19 16:40:20', '2021-05-25 21:49:12'),
(14, 2, '', 'ID-1613752994.jpeg', 'NAHUM', 'MARTINEZ', 'RODRIGUEZ', '0', '', NULL, '$2a$08$PYF1W0gyU.xoTjDHObq8rOtG1YFhOK4mynijXn6uBvYDToGEgr3NW', 'pzN60T37', NULL, NULL, 1, 0, '2021-02-19 16:43:14', '2021-05-25 21:49:12'),
(15, 2, '', '', 'Manuel', 'Rancho ', 'Lourdes', '0', '', NULL, '$2a$08$W9oOQlFuXv4Ei/8uFqAE9uWyMo8JOwHT1weX459T0lqQOXGzfJDiW', '8DbgKl0A', NULL, NULL, 1, 0, '2021-02-19 22:42:18', '2021-05-25 21:49:12'),
(16, 2, '', '', 'VICTORINO', 'VILLEGAS ', 'MOCTEZUMA', '0', '', NULL, '$2a$08$GyOz/Y1zJ8iIQZwi/9SrBeohura6xJkKH391hrMsJ72q8BQTISuA2', 'Ptx1YNU6', NULL, NULL, 1, 0, '2021-02-19 22:45:41', '2021-05-25 21:49:12'),
(17, 2, '', '', 'IVAN', 'TORRES', 'RAMIREZ', '4181148296', '', NULL, '$2a$08$5ey3ZIyWjzYanRB9TLCFButz6feQNPMWI7Lf5bffLCz89cGEhxHdy', 'PUEwxQ7U', NULL, NULL, 1, 0, '2021-02-19 22:46:17', '2021-05-25 21:49:12'),
(18, 2, '', '', 'LUIS ALBERTO', 'VILLANUEVA', 'GARCIA', '4181014035', '', NULL, '$2a$08$ZPRJ0wE2gurNUKFfEbMUv.vkUkzYsvYCiuUmv7SP97JM3SAJKwBAm', 'PJSqi8bX', NULL, NULL, 1, 0, '2021-02-19 22:46:51', '2021-05-25 21:49:12'),
(19, 2, '', '', 'LUIS FIDEL', 'GARCIA ', 'VILLEGAS', '0', '', NULL, '$2a$08$eJoBNIPxaEikY8R.GBpHte/kwmzqkSsHo/vdxO2VyLtF.kRwKdaNa', 'nTtf5POj', NULL, NULL, 1, 0, '2021-02-19 22:51:08', '2021-05-25 21:49:12'),
(20, 2, '', '', 'FRANCISCO', 'ACOSTA', '', '0', '', NULL, '$2a$08$pxV8VuofgAcYLMQSkLOnbu0gmwoU5T0kp7uwFGE7/RfXYugK7kmbO', 'IWILM03F', NULL, NULL, 1, 0, '2021-02-19 22:51:46', '2021-05-25 21:49:12'),
(21, 2, '', '', 'MIGUEL', 'MARTINEZ', 'EL POTRERO', '0', '', NULL, '$2a$08$9XYWfeRAeqJcv1PHC/bQ0eHgJsYyOMjbCY3gQlwuJDOX/sufxoQj6', 'mFYZuPNq', NULL, NULL, 1, 0, '2021-02-19 22:54:22', '2021-05-25 21:49:12'),
(22, 2, '', '', 'CHRISTIAN DANIEL', 'RIVERA', 'AVALOS', '9211002853', 'DANIELRIVERAAVALOS7@GMAIL.COM', NULL, '$2a$08$3wRy859oZGOjbUoFGs1idO590E5l0ElFhXYTlQakQquZzBc7tr94u', 'xACMhwSp', NULL, NULL, 1, 0, '2021-02-19 22:57:50', '2021-05-25 21:49:12'),
(23, 2, '', '', 'LUIS', 'ZUÑIGA', 'POZO NUEVO', '0', '', NULL, '$2a$08$OP3ywbAT/f0TQvYtAZ7KbOJKTVwP16y4O40Q1IgBngEIPu0GB2qMK', 'P7zLe8lx', NULL, NULL, 1, 0, '2021-02-19 22:58:35', '2021-05-25 21:49:12'),
(24, 2, '', '', 'SERGIO', 'TORRES', '', '0', '', NULL, '$2a$08$xTzEXlu/MqQGouqySbEa2ewJH7riZKitn5tKuXcUeK00QQedAYIjW', '7DDM0ct1', NULL, NULL, 1, 0, '2021-02-19 22:59:00', '2021-05-25 21:49:12'),
(25, 2, '', '', 'JOSE', 'ZUÑIGA', '', '0', '', NULL, '$2a$08$5scXETmvp.n5vCyAk3.4ReradZ.RR9z6l7fcEJHpUoMXkLSSHCsYy', 'DnqFsdka', NULL, NULL, 1, 0, '2021-02-19 23:24:10', '2021-05-25 21:49:12'),
(26, 2, '', '', 'FRANCISCO', 'VETERINARIO', '', '0', '', NULL, '$2a$08$Q6K3RXKIlmfPMlEnmw9ryuoQ4Jo5xOmFffpIs531HBloiAmesYfAy', 'ShjkuS5M', NULL, NULL, 1, 0, '2021-02-19 23:25:34', '2021-05-25 21:49:12'),
(27, 2, '', '', 'ILDA', 'VEGA', '', '0', '', NULL, '$2a$08$iujPMb3UWzwtQ5SyFyS70.0JMEB6NtSKnkVr2.VeM3QNBw9IozqU6', 'BfUAw5DB', NULL, NULL, 1, 0, '2021-02-19 23:27:09', '2021-05-25 21:49:12'),
(28, 2, '', '', 'NAUM', 'MARTINEZ', '', '0', '', NULL, '$2a$08$AyWIh9RFD7XiBtQhEoK/IOmcD7H8XVEGxr3nt1V1FMoGEEwhH9BJa', 'XGanNYT2', NULL, NULL, 1, 0, '2021-02-19 23:28:05', '2021-05-25 21:49:12'),
(29, 2, '', '', 'VERONICA', 'MARTINEZ', '', '0', '', NULL, '$2a$08$Wv3wnkT7ctfHUoz8kcKqAOK5VVwAgdY/CfD1xfU3SMwv1cbsatThi', 'P0MyYHDL', NULL, NULL, 1, 0, '2021-02-19 23:47:24', '2021-05-25 21:49:12'),
(30, 2, '', '', 'ROBERTO', 'GUERRERO', '', '0', '', NULL, '$2a$08$pYCaPm3UJipxEmPD/pQuZePxj3WhzlQex.3bNxTG7D9nUTIDchOs2', 'jhKzIpQN', NULL, NULL, 1, 0, '2021-02-19 23:47:46', '2021-05-25 21:49:12'),
(31, 2, '', '', 'LUIS', 'ZUÑIGA', '', '0', '', NULL, '$2a$08$L/eTfdaDjP1RHEgMJRSO7Ohp6PLbzJO03Mk5dcl2t.jp0A.Qp/8pe', 'gLO1FjkC', NULL, NULL, 1, 0, '2021-02-19 23:50:11', '2021-05-25 21:49:12'),
(32, 2, '', '', 'LUIS', 'RICO', '', '0', '', NULL, '$2a$08$9iaS9YPkG4OYxamgzalKUuD2bsEBN34.8FIXW.0dbO0nOGcdRIAX2', 'NUUARRWi', NULL, NULL, 1, 0, '2021-02-23 17:06:22', '2021-05-25 21:49:12'),
(35, 2, '', 'ID-1614120175.jpeg', 'Raul', 'Becerra', 'Becerra', '0', '', NULL, '$2a$08$Q7CEGtXoiY.vjIbKSNJhD.RkaCegpStNRlGPFPW9JHwFHc.m1IeIG', 'mc5UqZWC', NULL, NULL, 1, 0, '2021-02-23 22:42:55', '2021-05-25 21:49:12'),
(36, 2, '', '', 'VIRGINIA ', 'L', '', '0', '', NULL, '$2a$08$4Yw3C69Z.wmSSPWgkezVgeBTRK7X8zdtaxj.CjyKDekSEFsusqRQG', 'z8ksxioS', NULL, NULL, 1, 0, '2021-03-03 20:44:49', '2021-05-25 21:49:12'),
(37, 2, '', '', 'JORGE', 'JUAREZ', '', '4181480690', '', '', '$2a$08$.Vp2BAmljWQlLsZHIm9Jiuhhkw2O80GEmInFDKjGCI0RH/KjyJzfu', '8IW6wKn1', NULL, NULL, 1, 0, '2021-03-03 22:53:48', '2023-03-14 10:32:53'),
(38, 2, '', '', 'ENRIQUE', 'HERNANDEZ', '', '0', '', NULL, '$2a$08$nDYAIH5EvtHCBBwEXZKcIOEGPy.wYacaI6AXX9.w0XRcIH8I8DNP.', 'GOIQOKPm', NULL, NULL, 1, 0, '2021-03-03 22:57:05', '2021-05-25 21:49:12'),
(39, 2, '', '', 'Martin', 'Lopez', 'Serra', '4421608759', '', NULL, '$2a$08$Dm84sw.agahMKiNRtb0OauwIQE7Qu6EgkMzddfG.lkuxQZMOwSvOi', 'Exld4Or1', NULL, NULL, 1, 0, '2021-03-23 22:56:47', '2021-05-25 21:49:12'),
(40, 2, '', 'ID-1616540648.jpeg', 'Jose Luis ', 'Prado ', 'Barron', '0', '', NULL, '$2a$08$MOuPho2ej/OavG5BHPktCOoGkt1BGHGrXJA1sgxP.3noekeXs74.e', '0KCJQNTX', NULL, NULL, 1, 0, '2021-03-23 23:04:08', '2021-05-25 21:49:12'),
(41, 2, '', '', 'Manuel', 'Pirules', '', '0', '', NULL, '$2a$08$n70rEYlKYs9QKJLGsxYBte0cE92ZUv3DBP2obJxSGFo6IDxi0TVlK', 'rTXShHyR', NULL, NULL, 1, 0, '2021-03-23 23:11:36', '2021-05-25 21:49:12'),
(42, 2, '', '', 'Señora', 'Gaby', '', '0', '', NULL, '$2a$08$8z69LYtq0JFhy5DQ9UWXrue8gcC5MnNAGjy1JoOVvM..LeZ7pM8su', 'pfXRPLFg', NULL, NULL, 1, 0, '2021-03-23 23:13:31', '2021-05-25 21:49:12'),
(43, 2, '', 'ID-1616541425.jpeg', 'Pedro', 'Martinez', 'Ponce', '0', '', NULL, '$2a$08$V7xDyI5M6s8ic4bK//4a0e5MdHN8sM8p1We2ii0LGheB1WQ6Z84ym', 'DHJNCom1', NULL, NULL, 1, 0, '2021-03-23 23:17:05', '2021-05-25 21:49:12'),
(44, 2, '', 'ID-1616541749.jpeg', 'Raul', 'Becerra', 'Becerra', '4681371060', '', NULL, '$2a$08$8Ym125bRhqepzBf0eduqC.i90XAh3uza8180RZWTD6w7pbPrcjn92', 'WZA6ZK2O', NULL, NULL, 1, 0, '2021-03-23 23:22:29', '2021-05-25 21:49:12'),
(45, 2, '', '', 'Juan', 'Alvarez', 'Espinos', '0', 'Pozo Nuevo', NULL, '$2a$08$ITpKzfILgdwXL.tRRcKkzuueQwrvpaBtUMRTEFkDPgyQlqyszNB.W', 'EubCqI04', NULL, NULL, 1, 0, '2021-03-23 23:25:41', '2021-05-25 21:49:12'),
(46, 2, '', 'ID-1616542118.jpeg', 'Desiderio Manuel', 'Leinis', ' Villegas', '0', '', NULL, '$2a$08$nwXr7SmUOkET0oivzFkFeeylXTAXStNvBrceYCe/d7w.e59Qa1o5C', 'XxhNEicP', NULL, NULL, 1, 0, '2021-03-23 23:28:38', '2021-05-25 21:49:12'),
(47, 2, '', '', 'Armando Villegas', '-', '-', '0', 'Puerta de San francisco', NULL, '$2a$08$f.ioaqAOACqYy3yZFMR5..RVu6sG2ysMV2bdCPnndUF7NAAZYQNGu', '676IMJ92', NULL, NULL, 1, 0, '2021-03-23 23:34:15', '2021-05-25 21:49:12'),
(48, 2, '', '', 'Humberto de Jesus', 'Soto', 'Mendez', '0', 'Potrero de Jesus', NULL, '$2a$08$xXyi/ILmiHsP/nAJRTUOueFAky/K7Xm.FCEfbC93ZokJ/6dvNFTQ2', 'xcenSGGK', NULL, NULL, 1, 0, '2021-03-23 23:36:39', '2021-05-25 21:49:12'),
(49, 2, '', '', 'Eliborio', 'Rodríguez ', 'Martínez', '0', '', NULL, '$2a$08$Qd6lp0k/bmVdplxpk9wqt.Y2WiKe8bIAwBEN2ZE8jAJfZpuHFB.de', 'p5wX7kyY', NULL, NULL, 0, 0, '2021-03-24 00:01:08', '2021-08-11 16:54:45'),
(50, 2, '', '', 'Hugo', 'Mendez', '', '0', '', NULL, '$2a$08$cpo/zQm.Uu3GOpO5ZRMr7uY.Rf3ruHFYk6Yq.RYK6xMIo7FTgOLia', '03TfYQyD', NULL, NULL, 1, 0, '2021-03-24 00:02:44', '2021-05-25 21:49:12'),
(51, 2, '', '', 'Eleazar de jesus ', 'Martinez', 'Alvarez', '0', '', NULL, '$2a$08$EUMfAADVxIoG.3JQdlx5vOwclWGJwu5BkPgn35fNIgEOQL8pNwYq.', 'lSIKkJAY', NULL, NULL, 1, 0, '2021-03-30 20:49:49', '2021-05-25 21:49:12'),
(52, 2, '', '', 'Juan Antonio', 'Villegas', 'Avilez', '0', '', NULL, '$2a$08$cffXznnwAGURZsYAv0uAn.8.yEsPDX9Pq6LoRmhy5QPTclBtd/HRu', 'njGx2luP', NULL, NULL, 1, 0, '2021-03-30 20:53:49', '2021-05-25 21:49:12'),
(53, 2, '', '', 'Ricardo', 'Mendez', 'Gutierrez', '0', '', NULL, '$2a$08$3k1l1eJEZy/fifg0wE8aSOHoIOBqYwXL86QVuYEkOwlr4qbLut0AO', 'YZ8kkZeY', NULL, NULL, 1, 0, '2021-03-30 20:56:15', '2021-05-25 21:49:12'),
(54, 2, '', '', 'Max', 'Villegas', 'Juarez', '0', '', NULL, '$2a$08$wXmYbpQt8pPicwEqXa7Mxe2xeItrsltSckNoqsnRBa3zYUxKMT8re', '6iOlhEm4', NULL, NULL, 1, 0, '2021-03-30 20:59:51', '2021-05-25 21:49:12'),
(55, 2, '', '', 'Rafael', 'Duran', '', '0', '', NULL, '$2a$08$7oMWHA9mNMYpJE.kojxrTOdqkxGb3FB.QDMiRQStixDRK79cVMmeq', 'DLGijS8p', NULL, NULL, 1, 0, '2021-03-30 21:01:32', '2021-05-25 21:49:12'),
(56, 2, '', '', 'Alberto', 'Vazquez', 'Quevedo', '0', '', NULL, '$2a$08$ZZBvY.dKcfDPSf0F0dd9T.3kX3uUAXogZC7TQB.6Ms.q0gDiZFI3O', '3N3h7N0F', NULL, NULL, 1, 0, '2021-03-30 21:03:25', '2021-05-25 21:49:12'),
(57, 2, '', 'ID-1618005774.jpg', 'pedro', 'martinez', 'ponce', '4181577963', '1@1.com', NULL, '$2a$08$BxPmR4ek30WniGbDdvpbkuV5G87l3KA8blYZaTrDUZtRUHtvMLAxe', '3yaFeKIX', NULL, NULL, 0, 0, '2021-04-09 22:02:54', '2023-01-13 16:02:55'),
(58, 2, '', '', 'FRANCISCO', 'JAVIER', 'DE ANDA', '4181508856', '', 'Dolore Hidalgo', '$2a$08$RUsMagFvOWjT5L84h0DNsOYqcWIZukUVULjWP6SW2EnmaKZkcWG62', 'kptU7c9p', NULL, NULL, 1, 0, '2021-04-09 22:07:39', '2023-09-21 18:39:35'),
(59, 2, '', '', 'JOSE ', 'BECERRA', '', '0', '', NULL, '$2a$08$cXrL9JgJYOXHTk6GIatZpObC70V.TqYwgvyqypsp2wLkbzg6YNL9q', 'N1DmSskT', NULL, NULL, 1, 0, '2021-05-04 16:44:41', '2021-05-25 21:49:12'),
(60, 2, '', '', 'Ricardo', 'Alvarez', 'Gallegos', '0', '', NULL, '$2a$08$aU9BIWbmIPyvWkZYkU3H/uxPcfdbBob/Rw7g8rjpUQyE0Bocqg86y', '62QCJz0s', NULL, NULL, 1, 0, '2021-05-04 19:19:23', '2021-05-25 21:49:12'),
(61, 2, '', '', 'JUAN DANIEL', 'DEANDA', '', '0', '', NULL, '$2a$08$6b.hcyX/UYBwFBzMshIoh.Cez83Xmn2/TuAo5oXRMlaQO/2klcqdG', 'cLIhsBfd', NULL, NULL, 1, 0, '2021-05-04 19:44:18', '2021-05-25 21:49:12'),
(62, 2, '', '', 'OCTAVIO', 'HERNADEZ', '', '0', '', NULL, '$2a$08$gaKOvrYFRPT4b/6iAzQ2YecBZJYHzkSN7Ay9.D5.304SvcZRoxm.2', 'Ewsc4uQs', NULL, NULL, 1, 0, '2021-05-04 19:49:19', '2021-05-25 21:49:12'),
(63, 2, '', '', 'ANDRES', 'DURAN', 'ORTIZ', '0', '', NULL, '$2a$08$Bz9zWJJ5rXM6sIOHlArAiObd/xD3Jo8ZqFT9djweYItwQi/wgxfcS', 'rEHk1ksy', NULL, NULL, 1, 0, '2021-05-04 20:17:06', '2021-05-25 21:49:12'),
(64, 2, '', '', 'DAMIAN', 'HERNANDEZ', '', '0', '', NULL, '$2a$08$MBOsjHfHoVykVID3LLeMaeRSdoA9CNHHVv3qQEOZPSfozoz1WGKJO', 'Jd8fg52q', NULL, NULL, 1, 0, '2021-05-04 20:20:58', '2021-05-25 21:49:12'),
(65, 2, '', '', 'ERNESTO', 'SANCHEZ', '', '0', '', NULL, '$2a$08$IfHYWPV6dgQJgzIVcuuz/u8SScfYrwxXS0iwxJHRZYffIazK/8fK6', 'yqJpR8cu', NULL, NULL, 1, 0, '2021-05-04 20:23:49', '2021-05-25 21:49:12'),
(66, 2, '', '', 'JOSE ALFREDO', 'GARCIA', '', '0', '', NULL, '$2a$08$gRa8wNFiSJICClIXrMaqTumV950nIiD/.jVRrlYOJAiJ7Ft1IMAuq', 'znTbCC5i', NULL, NULL, 1, 0, '2021-05-04 20:30:09', '2021-05-25 21:49:12'),
(67, 2, '', '', 'UBALDO', 'HUERTA', 'MARTINEZ', '0', '', NULL, '$2a$08$tFYZrj64meZD.mcHlteAd.8NceoHZM7X9lv4gqvXzwhA6hKlaP6YS', 'qrGfypHU', NULL, NULL, 1, 0, '2021-05-04 20:48:50', '2021-05-25 21:49:12'),
(68, 2, '', '', 'PABLO', 'ALVAREZ', '', '0', '', NULL, '$2a$08$A0lSL08KAycPZlBYGIkkMuW7hphh4/Iss9FYq1xJF/Zu46/pcmu2C', 'rNmd5KfI', NULL, NULL, 1, 0, '2021-05-04 20:51:47', '2021-05-25 21:49:12'),
(69, 2, '', '', 'GERARDO', 'HENRIQUEZ', '', '4181581364', '', '', '$2a$08$jc2X1OwUt1GJL.28H293fe2HrqQ3xbOFErhH3AGawKDhiT84Ws9YO', 'reFnp9eE', NULL, NULL, 1, 0, '2021-05-04 20:57:03', '2021-12-13 18:15:08'),
(70, 2, '', '', 'JUAN ', 'BRUNO', '', '0', '', NULL, '$2a$08$IDuLh5sYtU4dKknKqQDcOu7bf0Od1fdiPp9hPdUe0pAYB06.ETyLi', 'EyTQb1yf', NULL, NULL, 1, 0, '2021-05-04 20:59:37', '2021-05-25 21:49:12'),
(71, 2, '', '', 'EDUARDO', 'SOREQUE', 'AVILA', '0', 'soreke77@hotmail.com', 'Niños heroes\r\nMaravatio', '$2a$08$Wc6X81OWyF4JvyrCfiTNse0tM8mr3fc0ollrETgzyidbJK1tX37la', 'HcB124bI', NULL, NULL, 1, 0, '2021-05-04 21:05:38', '2021-11-22 15:42:36'),
(72, 2, '', '', 'AURORA', '.', '', '0', '', NULL, '$2a$08$Xit0jinfx9pwNEeLvwtLBe8D0QEnETjMz8iEZsmdwXuQnkpeEi5V2', '9SIdqGyU', NULL, NULL, 0, 0, '2021-05-04 21:06:09', '2022-03-08 18:05:18'),
(73, 2, '', '', 'ADRIAN', 'A', '', '0', '', '', '$2a$08$RvQZjsUQDkXKUx.jYFqt7eW.HxeeCbXO.gA43dIUQGptAHP2121Nu', 'y3k6TCk7', NULL, NULL, 1, 0, '2021-05-04 21:13:40', '2021-11-22 15:35:04'),
(74, 2, '', '', 'CONSTANTINO', 'PADRON', '', '0', '', NULL, '$2a$08$CCHLIgYURq0d1Y4FUtRW/OKHYC.OY/gnmlF2mt54muXFowhu4PQV6', '51L1QeMn', NULL, NULL, 1, 0, '2021-05-04 21:26:57', '2021-05-25 21:49:12'),
(75, 2, '', '', 'ELECTRICO', 'EL TIO', '', '0', '', NULL, '$2a$08$G/aeUUgvi3ZkHdbTmBz5vewAH5jYEXV9WGpaW0MSo6Yrwkm0OxufO', '1ysxm4ds', NULL, NULL, 1, 0, '2021-05-04 21:42:07', '2021-05-25 21:49:12'),
(76, 2, '', '', 'OSCAR', 'VILLANUEVA', '', '0', '', NULL, '$2a$08$6/qYu0fhvD5Bxmrgunbkgup3a/.P5qRIJWMlZ4W/psNn8yHp0UEeS', 'LKGZF0Rm', NULL, NULL, 1, 0, '2021-05-04 21:49:38', '2021-05-25 21:49:12'),
(77, 2, '', '', 'JUANA MARIA', 'MARTINEZ', '', '0', '', NULL, '$2a$08$2IOCJMxYqC03JixwuZOzRetfWaKqnbYr5faw7sXnuU.bb26Cjg8m.', 'm2l4RwnM', NULL, NULL, 1, 0, '2021-05-04 21:59:38', '2021-05-25 21:49:12'),
(78, 2, '', '', 'BARTOLO', 'VILLEGAS', '', '0', '', NULL, '$2a$08$I64JrTQNKJLtQLVaWlyQReIsjqTapynU/df1iDVSQ72JMaewxv7Xy', '73TXRp38', NULL, NULL, 1, 0, '2021-05-04 22:04:33', '2021-05-25 21:49:12'),
(80, 2, '', '', 'PERSONAL ', 'INTERNO', '', '52', '', NULL, '$2a$08$fPJz0QaJ0UBwetDe/1I6oev6AL2Bzz7TGZC52Y92bE0cTXvqlWwce', 'gGZWk2U5', NULL, NULL, 1, 0, '2021-05-08 16:59:16', '2021-05-25 21:49:12'),
(81, 2, 'GOMM800824HPLNNR04', 'ID-1621873403.jpeg', 'MARCELO', 'MONTIEL', 'GONZALEZ', '7751885514', '', 'C. Belisario Domingez1311 col. Vicente guerrero Tulancingo de bravo Hgo.', '$2a$08$WZeLjIuf4q9ci.S4oGekcui6I2BVhxZFbwNqsOeXJ0MSQfgdFaE.K', 'NPx7ry3L', NULL, NULL, 1, 0, '2021-05-24 16:23:23', '2021-05-25 21:49:12'),
(82, 2, 'CORJ901112HQTRCN07', 'ID-1621873659.jpeg', 'PESCADERIA', 'LOPEZ', '', '4423434894', 'pescadosymariscoslopez@gmail.com', '', '$2a$08$1evlEqmD7g91rx577sC7.uR4YrZ.95K96an7RccL.x9cOK3XGeXzm', 'GKwyyYgK', NULL, NULL, 1, 0, '2021-05-24 16:27:39', '2022-03-10 19:12:34'),
(83, 2, '', '', 'ALAN YAIR ', 'CORONILLA', 'ROMERO', '4181322488', '', '', '$2a$08$TOopp9I15I96BoPVm7zpo.gGjJ7zRPFwmooCDpZRyZcktnenUlG.m', '7RsHwkuI', NULL, NULL, 1, 0, '2021-05-24 22:41:53', '2021-05-25 21:49:12'),
(100, 2, '', 'ID-1622835168.jpeg', 'JORGE LUIS ', 'SALINAS', 'OZORIO', '5612923293', '', '', '$2a$08$Mi3pgTeLHNtlXAeA.f89YOjp8yBzzqlR8Wx8LzTBY/7DBU5y9Ll/W', 'UYwzKWgd', NULL, NULL, 1, 0, '2021-06-04 14:32:48', '2021-06-04 14:32:48'),
(101, 2, 'VABJ890318HGTRZV01', 'ID-1623797082.jpeg', 'JAVIER', 'VARGAS', 'BAEZA', '4421179219', '', 'Francisco Marquez 101 colonia niños héroes  76010 Queretaro.', '$2a$08$1xrVz8nrDchATicPxRaekO23XOGYbO.H1cpdE1ZRLa6f7r6SvB5y6', 'LatpFlWq', NULL, NULL, 1, 0, '2021-06-15 17:44:42', '2021-06-15 17:44:42'),
(102, 2, '', '', 'RAYMUNDO', 'RAYAS', 'MOCTEZUMA', '', '', '', '$2a$08$dsT1BczAuf4ZBGX2f1PnBuzcBhS0EUeDoPJunhRnEMQHMsRPxtF1a', 'XqHMh2Mu', NULL, NULL, 1, 0, '2021-06-21 16:12:00', '2021-06-21 16:12:00'),
(103, 2, '', '', 'FORRAJERA ', 'EL PERCHERO', '', '', '', '', '$2a$08$b2ksq0Cq.BGXHqINKEI.G.uG8458pX9lFcQ.Al6pzp4vAL9qGA3YS', 'E3xCAzDy', NULL, NULL, 1, 0, '2021-06-21 16:12:36', '2021-06-21 16:12:36'),
(104, 2, '', '', 'ING', 'FRANCISCO', '', '', '', '', '$2a$08$HL4m2D0mz0o6m51Fwvhr1u6GzDSiFfpWqqVTM6xLQgw1yn1VCcWbC', 'U7mDRX1w', NULL, NULL, 1, 0, '2021-06-21 16:12:59', '2021-06-21 16:12:59'),
(105, 2, '', '', 'ALEJANDRO ', 'GLORIA', 'RAMIREZ', '4181174774', '', '', '$2a$08$mBLzquxRrJtU9PhQaaPga.s5tWaVt13u0fJxWvEIdDFBv7/O5k/Gy', 'l3gD2rl5', NULL, NULL, 1, 0, '2021-07-03 10:17:47', '2021-11-27 10:00:35'),
(106, 2, '', '', 'ELIZA', 'LUNA', 'MARTINEZ', '5581655337', '', '', '$2a$08$RmyAzhIJnUrvdQjFF.A4bOJk/LXfwj7zqIXkABaVWCBcUTRhTqG06', 'Dn8ZISQS', NULL, NULL, 0, 0, '2021-07-03 10:26:59', '2021-07-05 17:52:26'),
(107, 2, '', '', 'ELIZA ', 'LUNA ', 'MARTINEZ', '5581655337', '', '', '$2a$08$tjgTxCwO.z/ct4SuZphqGuX4.LpDtUyhpg0ZyP9QFmqdP9qPBMr12', 'l1rz1Hir', NULL, NULL, 1, 0, '2021-07-05 17:50:40', '2021-07-05 17:50:40'),
(108, 2, '', '', 'JOSE REFUGIO', 'ALMAGUER', 'MARTINEZ', '4181293954', '', '', '$2a$08$1RJv2yz3O6O5WcIhNQdOEOsyQk.o1PggN24s1gOpGm9YkLjiy5aGq', '9tZ1JY7U', NULL, NULL, 1, 0, '2021-07-05 17:56:15', '2021-07-05 17:56:15'),
(109, 2, '', '', 'CESAR', 'GARCIA', 'REYES', '4621303963', '', '', '$2a$08$y18LjHtmp9Z2k02CZt3GvOpKz6aKTl/E4yJ7jjm9XmYDBalxo3bq.', 't5fD7XdN', NULL, NULL, 1, 0, '2021-07-05 18:25:02', '2021-07-05 18:25:02'),
(110, 1, '', NULL, 'E', 'E', 'E', '2', 'eFOREX.com@e', NULL, '$2a$08$hUq3WuWb083r.OH9oA1oFe2W2fxuJrefq.cBw22QdLnGrvcERmeBe', '', '4ec975876572381b4ce08cca6c04edac', NULL, 0, 0, '2021-07-06 17:47:04', '2021-07-06 17:47:04'),
(111, 2, 'TEM0960908HHGJJS01', 'ID-1626118573.jpeg', 'OSCAR STEVEN', 'TEJEDA', 'MEJIA', '7714344792', '', 'ALONSO DE BORJA #63 COL. AVIACION 42500 ACTOPAN, HGO.', '$2a$08$vpBl5ygoZf4me8mCxnRJme8UiTNEDWVdfsJkx52JEnM/mi9awis4y', 'RjLlTw3f', NULL, NULL, 1, 0, '2021-07-12 14:36:13', '2021-07-12 14:36:13'),
(112, 2, '', '', 'LUIS ', 'ALFREDO', '', '7757513880', '', '', '$2a$08$vQvxWbjv2x5o3vAR42TdNOSX2xKMWw8r24M7ISLc2erUu1Sf0cwd6', 'rxPhhHJT', NULL, NULL, 1, 0, '2021-08-02 17:15:24', '2021-08-02 17:15:24'),
(113, 2, 'RSLDHG88030922H200', '', 'HUGO', 'LEDESMA', '', '', '', '', '$2a$08$HDDCrKVNLudtlkGNhjxhL.lmrOB1kC73e3dwL1JaRo.rtSxhVCV9u', '1atM9JDW', NULL, NULL, 0, 0, '2021-08-11 15:37:55', '2021-08-11 15:38:39'),
(114, 2, 'RELH880309HQTSDG07', '', 'HUGO', 'LEDESMA', 'RESENDIZ', '4411031543', '', 'Direccion calle melchor ocampo s/n Villa Guerrero Cadereyta\r\n', '$2a$08$y/WHx3ztW/8ldOqXdHKaEu/jDOA0B/Al.uvcp1XwtrOzjRl3Y42Ze', 'hU1pNcI6', NULL, NULL, 1, 0, '2021-08-11 15:47:18', '2021-08-11 15:47:18'),
(115, 2, '', '', 'ELIBORIO', 'RODRÍGUEZ', '', '4181779017', '', '', '$2a$08$hvCjIfYuOSLJiYDA4i/LReoZxvmjmNZNdKkTi.SZ4cB/9gCiJacz.', 'dB8oXFPB', NULL, NULL, 1, 0, '2021-08-11 16:53:09', '2021-08-11 16:53:09'),
(116, 2, '', '', 'MARCO ANTONIO', 'HERNANDEZ', 'CALVA', '7721696173', '', '', '$2a$08$u6FLUuShjqd1WZB8vd9EkOK0TtgXEe14REISEk/stnXa7NQjf3R3i', 'w62nN4ZL', NULL, NULL, 1, 0, '2021-08-18 18:24:04', '2021-08-18 18:24:04'),
(117, 2, 'GUMM910307HDFRRRO5', 'ID-1629471529.jpeg', 'MARIO', 'GUERRERO', 'MARTINEZ', '5583921612', '', 'coyotepec estado de mexico', '$2a$08$0Q8SQNDKTDCrYVGyk7bJW.hNsFI4mahqTSOK3q6kDaDzeOL7RQki.', 'xz7SMuKM', NULL, NULL, 1, 0, '2021-08-20 09:58:49', '2021-08-20 09:58:49'),
(118, 2, '', '', 'FERNANDO', 'GARCIA', '', '5123764962', '', '', '$2a$08$yks3LPblwLJKN3RLbbNiDu5eHQi2v1aB5feCgZYOkzxgG1sXspQtS', '9n2BnkpE', NULL, NULL, 1, 0, '2021-09-01 09:20:26', '2021-09-01 09:20:26'),
(119, 2, '', '', 'ELOY', 'HERNÁNDEZ', '', '4421285590', '', '', '$2a$08$SrF8o7FGHevr3utzsI0le.PvSX8dhseIy5nEBejweIHz6Zh9sPx82', 'XcybxmC3', NULL, NULL, 1, 0, '2021-09-01 09:35:33', '2021-09-01 16:49:30'),
(120, 2, '', '', 'GALVAN ', 'ROMERO', '', '7721177315', '', 'Estado de hidalgo\r\n', '$2a$08$6LQBcd1eKP1Qq2VvQ6C4HeF/aKA4SYrfjnNq55MuR7KYPi5pGUBGq', 'oxc2BwHw', NULL, NULL, 1, 0, '2021-09-24 15:26:21', '2021-09-24 15:26:21'),
(121, 2, '', '', 'PESCADERIA', 'MACARIO', '', '4427212552', 'ortizrodriguezluz@gmail.com', '', '$2a$08$sAF87ndS0Nc4595voFjI5uKnkeKOZVf/SyBz6tESA1deneTyR14Dy', 'KGULIkaI', NULL, NULL, 1, 0, '2021-09-24 17:31:57', '2022-02-28 10:43:44'),
(122, 2, '', '', 'JESUS ', 'HERNANDEZ', 'LOPEZ', '', '', '', '$2a$08$uu0uHuy7sLwVkU8MNx4pM.cWb1OZ2qD8Q3Aw9R1zNru86JqtnV8TS', 'T8NY9yZU', NULL, NULL, 1, 0, '2021-10-04 09:57:12', '2021-10-04 09:57:12'),
(123, 2, '', '', 'ERIK ', 'DANIEL', '', '', '', '', '$2a$08$zW6b5ssunvZ4izTK1s28iegSSqgvKr7.FkeN7DISduimoSF4aN3X2', 'Drkw1q1e', NULL, NULL, 1, 0, '2021-10-04 09:57:39', '2021-10-04 09:57:39'),
(124, 2, '', '', 'UBALDO', 'TRABAJADOR DEL RANCHO', '', '', '', '', '$2a$08$ZWWSHoN9F75QH5AjgB585evtBWMTE0lTTxK2/uHIvWoDayWyoNqlK', 'L5TZGCU2', NULL, NULL, 1, 0, '2021-10-04 09:58:16', '2021-10-04 09:58:16'),
(125, 2, '', '', 'RENE ', 'RAMIREZ', '', '', '', '', '$2a$08$fYKvEq7qrhKeREBtS0Cn6OE1.dm6yICf01Ka070KZruqSpLEV.O4S', 't21jTSGI', NULL, NULL, 1, 0, '2021-10-04 09:58:47', '2021-10-04 09:58:47'),
(126, 2, '', '', 'JOSE ', 'GUADALUPE', '', '', '', '', '$2a$08$bQKNYEUmGvKANy9J.KIJJuC0EXScDoGnxHIwPy73.nvjnkJl2FZxW', 'WprpqtOL', NULL, NULL, 1, 0, '2021-10-04 09:59:56', '2021-10-04 09:59:56'),
(127, 2, '', '', 'JUAN ', 'JOSE', '', '', '', '', '$2a$08$/uyPfsBvOf/EwP.tufIe8eoDeS0ZyQPRbyPYAxxNOUVL./6R4Boke', 'xC3TC7yA', NULL, NULL, 1, 0, '2021-10-04 10:00:32', '2021-10-04 10:00:32'),
(128, 2, '', '', 'HUGO ', 'CONTRERAS', '', '', '', '', '$2a$08$JN27HRkxymOQvoYg4361ouUOrMsXnRw15oVihUaFIXRg8Te9PgVyK', 'yXWJ7s59', NULL, NULL, 1, 0, '2021-10-04 10:00:46', '2021-10-04 10:00:46'),
(129, 2, '', '', 'ALAN ', 'VAZQUEZ', 'BOLAÑOS', '4681237363', '', '', '$2a$08$eB3OpiwDYpQ701bAK2l2q.3Kcfx5qXAsYu3hR3MrVIF/VqyAUGLaq', 'Nz2bClBo', NULL, NULL, 1, 0, '2021-10-04 10:27:03', '2021-11-27 09:59:19'),
(130, 2, '', '', 'PESCADERIA', 'VERITO', '', '4423383454', 'kabyblue@hotmail.com', '', '$2a$08$SEHxgGob7P1sMamAijRLXOtodoUB.Qcjzx7E3Nm5a5X4ey8wwcfxm', 'cn7TMcSc', NULL, NULL, 1, 0, '2021-10-13 09:28:53', '2022-02-28 10:44:53'),
(131, 2, '', '', 'JOSE', 'SUÑIGA', '', '', '', '', '$2a$08$Z.8ApvaD5Ikzmnuj6siMH.seEXbhIPmuTA/5m9ooUYm.z/WHEEk4u', '6GS10Hfe', NULL, NULL, 0, 0, '2021-10-13 17:24:57', '2021-11-27 09:56:04'),
(132, 2, '', '', 'LESLIE ', 'MENDES', '', '', '', '', '$2a$08$ROQ6js4csycAseG8.tEB4.pfguOoOu/5/ux4xaLAGnM/aCfQZI84W', 'SLpuMh4w', NULL, NULL, 1, 0, '2021-10-13 17:25:35', '2021-10-13 17:25:35'),
(133, 2, '', '', 'ARON', 'MARTINEZ', '', '', '', '', '$2a$08$yo48moROO6Y0x/qNAnd6NOONtSOSZTaN/5PQMAtUhzQIP9w8g2.gu', 'lYS1K0AY', NULL, NULL, 1, 0, '2021-10-28 16:46:52', '2021-10-28 16:46:52'),
(134, 2, '', '', 'MARCO ANTONIO', 'LOYOLA', '', '', '', '', '$2a$08$gRdrYNd26AQ8LupAEPH2COVd/yB0y8oD6UeX83DRpIYcKyXSzzK3K', '9x0OQN6Y', NULL, NULL, 1, 0, '2021-10-28 16:51:36', '2021-10-28 16:51:36'),
(135, 2, '', '', 'ANTONIO', 'HUERTA', '', '', '', '', '$2a$08$ejgbasL8lW9aAnWrkMdUzePzzNd5bBRU2mdVRc8nQ88mcsQl7bdGK', 'XOtqxDAh', NULL, NULL, 0, 0, '2021-10-28 16:55:39', '2021-10-28 16:56:47'),
(136, 2, '', '', 'ANTONIO', 'GUERRERO', '', '', '', '', '$2a$08$cEVSp3hr0pd.KLfBwazJQeba71Zj78apLsc7nA.yMnmkKhZi9qI4.', 'sXI3Is4c', NULL, NULL, 1, 0, '2021-10-28 16:58:26', '2021-10-28 16:58:26'),
(137, 2, '', '', 'JOSE ', 'ENRRIQUE', '', '', '', '', '$2a$08$MDJ6toy2ht9jQUk9H2RmguHkFNUJmkrVF.7rY3NQm8FhOzbXh.bYi', 'aB4Mx9Dw', NULL, NULL, 1, 0, '2021-10-28 17:01:57', '2021-10-28 17:01:57'),
(138, 2, '', '', 'MARIA ', 'VILLEGAS', '', '', '', '', '$2a$08$xPRB0AfequbR7iwcb8cVJev5YVDks6qpGDEmzGlOb/K8V1Fux/P.O', 'udpkJ3Ab', NULL, NULL, 1, 0, '2021-11-11 10:45:59', '2021-11-11 10:45:59'),
(139, 2, '', '', 'AURORA ', 'HERNANDEZ', '', '4423521863', '', 'cliente de Querétaro ', '$2a$08$Eg1H3Tn7HRzxe/42IKP75ee2PG8yu2/FbJakP9/aN7FDaGRaBtgs.', 'b1yl4P3M', NULL, NULL, 1, 0, '2021-11-16 13:48:15', '2021-11-27 09:48:16'),
(140, 2, '', '', 'RODRIGO ', 'SALAZAR', '', '', '', '', '$2a$08$mWfgrEoALVQFIrry7M01u.cEg9Hb0qb80T1UqSBGBnAOUhpvYFQCq', 'B8fJl9hP', NULL, NULL, 1, 0, '2021-11-29 09:29:24', '2021-11-29 09:29:24'),
(141, 2, '', '', 'CLIENTE ', 'SAN JUAN ', 'DEL RIO', '4271596951', '', '', '$2a$08$f9wc4CY0.U2/UC2W3uOCy..6n1/y3FZeWW7be3T6MjoIp90IhTzlq', 'DkyEoZsL', NULL, NULL, 1, 0, '2022-01-06 09:21:15', '2022-01-06 09:21:15'),
(142, 2, '', '', 'TERESA ', 'FRACCIONAMIENTO', 'SANTA FE', '4421405186', '', 'Av del Faisán 38 esquina Circuito del Águila Real, Residencial Santa Fe', '$2a$08$DKsyR3FPe6Qln.oB0VzVNOpez9Me/9rO8xvXl0KCRvyFZSRx4wpKe', 'yLGOBbmE', NULL, NULL, 1, 0, '2022-01-07 16:08:55', '2022-01-07 16:08:55'),
(143, 2, '', '', 'ALBERTO ', 'GARCIA', '', '4423228544', '', 'Loma Bonita 203, Loma Bonita, 76048 Santiago de Querétaro, Qro.', '$2a$08$OS528V9/HeV36htyBYrk8.eI1gyMGOkDge1FLrPRv97hbUV2JzrMS', 'UDmJ7FyJ', NULL, NULL, 1, 0, '2022-01-07 16:25:31', '2022-01-07 16:26:56'),
(144, 2, '', '', 'JAVIER ', 'QUINTERO', '', '9994457748', '', 'Venta del Refugio No. 1331, El Refugio, 76146 Santiago de Querétaro, Qro. \r\ntorre C piso 8 departamento 801', '$2a$08$fC46dG6z3DtJnwL8p4VhZegUl4wmw8p6w3UsCMEiniGAojt7M5J0K', 'G9YpckfO', NULL, NULL, 1, 0, '2022-01-07 16:38:30', '2022-01-07 16:38:30'),
(145, 2, '', '', 'TAVO ', 'FRACCIONAMIENTO ', 'EL REFUGIO', '5530266642', '', 'La Joya, El Refugio, 76146 Qro.', '$2a$08$/cqGagpCLGD2HnEDcSEpBuBc9gmq0H2lyymrIeGT877ECPZtweku.', 'PfRlrsAe', NULL, NULL, 1, 0, '2022-01-07 16:45:42', '2022-01-07 16:45:42'),
(146, 2, '', '', 'SALVADOR ', 'MARTINEZ', 'GALLINAS FELICES', '4411116595', '', 'Josefa Ortiz de Domínguez 134, El Toro Pinto, Los Velázquez, 76650 Ezequiel Montes, Qro.', '$2a$08$v0HmxOqEDCjbm6RD66obuu3A8okh1HLf6VWLwwWZOZ9r1mBck89VS', '0fcdID97', NULL, NULL, 1, 0, '2022-01-07 16:50:52', '2022-01-07 16:50:52'),
(147, 2, '', '', 'KARY ', 'FRACCIONAMIENTO ', 'VISTA REAL', '', '', 'pedregal #51 fraccionamiento vista real', '$2a$08$5oODjXrZKg5Gt9mPp1X9euCXOxwXdCVBUngluEtplBkrUAtRbTqH2', 'HHeY7IqQ', NULL, NULL, 1, 0, '2022-01-11 15:28:30', '2022-01-11 15:28:30'),
(148, 2, '', '', 'BETY', 'FRACCIONAMIENTO', 'VISTA REAL', '', '', 'pedregal #42 fraccionamiento vista real', '$2a$08$tcZt/v9MnWCTWq.3XyfWxOEcYT88tEWLcCzmBjyGZhk2vXE8ai/ty', 'qhnH6mqN', NULL, NULL, 1, 0, '2022-01-11 15:29:40', '2022-01-11 15:29:40'),
(149, 2, '', '', 'OLGA ', 'FRACCIONAMIENTO', 'VISTA REAL', '', '', 'pedregal #49 fraccionamiento vista real', '$2a$08$de0LswIgvPJ6YtacbC2UbOGrSaLb5rL4z8klhybyqJZlOPPiwp/MC', 'DBza73jZ', NULL, NULL, 1, 0, '2022-01-11 15:31:28', '2022-01-11 15:31:28'),
(150, 2, '', '', 'MIRIAM', 'FRACCIONAMIENTO', 'VISTA REAL', '7351923522', '', 'real del pedregal #22 fraccionamiento vista real', '$2a$08$Cc6k61jNRorgp5AK86ayCeBQ3VurPOc2rWFY8gWM4WDTPnK7GYEDi', 'fn9Sm7Ds', NULL, NULL, 1, 0, '2022-01-11 15:32:51', '2022-01-11 15:32:51'),
(151, 2, '', '', 'ROSY ', 'FRACCIONAMIENTO', 'VISTA REAL', '', '', 'pedregal #50 fraccionamiento vista real', '$2a$08$Ck8m2H50ldV2lylDrnje6uZuDoV9I5MCobf5tlL8Yr3cdjeL/lwA2', 'WKubpCzQ', NULL, NULL, 1, 0, '2022-01-11 15:33:49', '2022-01-11 15:33:49'),
(152, 2, '', '', 'FRUTAS Y VERDURAS ', '\"ROGER\"', '', '7223899642', '', '', '$2a$08$gTNwbU41x8CA.w20YcoMIOqn3.RWFxmX.t1FzRA/YfILmq/gLLDDG', 'E6IbUj29', NULL, NULL, 1, 0, '2022-01-11 15:44:55', '2022-02-04 09:27:44'),
(153, 2, '', '', 'VICTORIA', 'FRACCINAMIENTO', 'SANTA ELENA', '4422844322', '', 'calle santa elena  845 santa monica 2da seccion', '$2a$08$rp0cTrIjrLgKt.NrfXtj8Of2dq/qYsMrdLLY1VV/lUZV4cMaDaWTe', 'uyBQ76RB', NULL, NULL, 1, 0, '2022-01-11 15:50:28', '2022-01-11 15:50:28'),
(154, 2, '', '', 'SANDRA ', 'COL. LA PRADERA', '', '', '', 'av. vicuña #4interior 21 colonia la pradera', '$2a$08$P5uzHbzcSvld76YyUA2X5uvH4jN4ZlJYqG5USQUm73xdjWO7ZNlRG', 'Pd2JMhZY', NULL, NULL, 1, 0, '2022-01-13 20:31:01', '2022-01-13 20:31:01'),
(155, 2, '', '', 'DANIEL ', 'OTERO', '', '4681032783', '', '', '$2a$08$Cmm9T5dqSu8ky7YeXgNhv.VWeF9VsODJ9G0Be48ZvTLrXC/r2ntke', 'y2sI62Xx', NULL, NULL, 1, 0, '2022-01-13 20:32:11', '2022-01-13 20:32:11'),
(156, 2, '', '', 'NAYELY', 'ROMERO', 'HITANGA', '4424214524', '', '', '$2a$08$kJDvGKg1PJYTz3tTOPp3Yuet5rzf3Qu8pEsBE/ArrVMzncisa3JhW', 'gDjs0HsY', NULL, NULL, 1, 0, '2022-01-19 10:52:56', '2022-01-19 10:52:56'),
(157, 2, '', '', 'CREMERIA PRODUCTOS', 'REAL', 'Y CASTIZO', '2281321685', '', '', '$2a$08$qXw9iJY7g3gP0biJOp9yneszZO6pBxFBJEs6TQ1iygeqVYjFqxCZW', 'flu5rJEm', NULL, NULL, 1, 0, '2022-01-19 10:59:40', '2022-02-01 10:03:26'),
(158, 2, '', '', 'COMERCIO ', 'CENTRAL DE ABASTO', '', '4421109794', 'oropeza.domicilio@hotmail.com', '', '$2a$08$DIQ4wPhC98P/j1sHZXKVM.rIKoFmt0vr6RTrbcgUvA9Df27MssH8q', 's8pjJS9P', NULL, NULL, 1, 0, '2022-01-19 11:04:32', '2022-03-02 19:11:12'),
(159, 2, '', '', 'ESTEFANY', 'PICHARDO', '', '4423460547', '', '', '$2a$08$LQJyA8D8eCOyM/0iKbWAD.xhYxHTSw0q5PKfzcwyMSCE3YjnEb/iy', 'rr56KtWb', NULL, NULL, 1, 0, '2022-01-19 11:17:41', '2022-01-19 11:17:41'),
(160, 2, '', '', 'SR. GINA', 'FRACCINAMIENTO', 'TZENTALES 116', '', '', '', '$2a$08$ULzizUCTHP9umGtjo2c7XuQ6rC8xoaTDJ.o4LqTlX79SJTHOWgOA2', 'FQuQHCeZ', NULL, NULL, 1, 0, '2022-01-20 11:01:21', '2023-12-28 09:26:28'),
(161, 2, '', '', 'MAESTROS', 'COLONIA', 'LAS MISIONES', '', '', 'Belisario Domínguez #85 Las Misiones', '$2a$08$0.V7TRVbC9gQKEpKd0S7uOTHMjLuiDTt/RZjvp6aFctEcc0kFuA3i', 'a9GT1Mfw', NULL, NULL, 1, 0, '2022-01-20 11:42:36', '2022-01-20 11:42:36'),
(162, 2, '', '', 'SR LOURDES', 'COL. CANDILES ', 'CORREGIDIRA', '', '', 'C/to. Antonio  Pérez  Alcocer # 672 ( puerta negra) col. Candiles Corregidira.', '$2a$08$S3kmG/QJzELVdcS8kEVPp.WfzHdlWMWDJn0IwEemB.Tu1jqqTYCqq', 'qYZNutkJ', NULL, NULL, 1, 0, '2022-01-20 11:44:34', '2022-01-20 11:44:34'),
(163, 2, '', '', 'SR PATY', 'RÍO GUADALQUIVIR ', '#41', '', '', 'Río Guadalquivir #41 frac pathé', '$2a$08$TMx9G35dPVTJeqycYHDFb.GPFWJuxUVi9dXUI92XQnY1AkJS3yjl.', 'T6WZloyn', NULL, NULL, 1, 0, '2022-01-20 11:46:44', '2022-01-20 11:46:44'),
(164, 2, '', '', 'SR ADRIANA', 'COL. COLINAS DEL CIMATARIO', '', '', '', 'Cierro de mezontepec #111 Colinas del cimatario', '$2a$08$YfXc4FAw2y8yD9cdCTpNAez5g5wIupWZdI94mAqdMCOX3gru2x3/y', 'taNXDBCG', NULL, NULL, 1, 0, '2022-01-20 11:50:49', '2022-01-20 11:50:49'),
(165, 2, '', '', 'JOSE', 'LUIS ', 'CHAPARRO', '44275629', '', 'fray junipero sierra #28 col. cimatario', '$2a$08$q.JRWtOktYULVLj6sf4mb.UxdYE/XVjWBtB59Cd/z9iUEAyJJVER6', 'o4Ayg3tc', NULL, NULL, 1, 0, '2022-01-20 11:54:28', '2022-01-20 11:54:28'),
(166, 2, '', '', 'CLIENTE ', 'COL. EL PUEBLITO', '', '4423817133', '', '', '$2a$08$G1D8xxUT4PtXapJYOJ3SX.EL9M9ilXh7e3Z10ZKhxFT2KjOAbaSoW', 'gMZDteXS', NULL, NULL, 1, 0, '2022-01-20 11:56:37', '2022-01-20 11:56:37'),
(167, 2, '', '', 'ANA PAU', 'COL. COLINAS DEL CUMATARIO', '', '', '', 'Cerro blanco 121 \r\nColinas del Cumatario', '$2a$08$7C3O2h/nGx5XR7i5tLogwerct6WQ9q0LuGKGv.hBa2OPo50Zsu2gu', 'cnTCfKtF', NULL, NULL, 1, 0, '2022-01-20 12:11:39', '2022-01-20 12:11:39'),
(168, 2, '', '', 'MARTA ', 'RAMOS ', '', '', '', '', '$2a$08$0HnSSMEOYHdjbCgtbE.L5.Z2JSGO6HT5oCrQn6ghC889ATLegUFD6', 'lo03qgAf', NULL, NULL, 1, 0, '2022-01-22 10:55:13', '2022-01-22 10:55:13'),
(169, 1, 'CANG901024HGTHLR01', NULL, 'Gregorio', 'Chavez', 'Nolasco', '4151675194', 'greco-90@hotmail.com', NULL, '$2a$08$cCfeYlIrnw61wvKQeC2zVu0n1PV0TiVMU/k4N3hU19ST0Olq3NfSm', '', '51a2696a7d3748eddd419054bcab9efe', NULL, 0, 0, '2022-01-26 01:46:44', '2022-01-26 01:46:44'),
(170, 2, '', '', 'ADY ', 'FRACCIONAMIENTO', 'VISTA REAL', '', '', 'pedregal #78 fraccionamiento vista real', '$2a$08$NvBtLCLjq8iZr151YcBj7edjl/Bnmcm4R8ImT3bwKuWaL1XX5saYi', 'zpJWiYXy', NULL, NULL, 1, 0, '2022-01-26 18:18:23', '2022-01-26 18:18:23'),
(171, 2, '', '', 'MARTHA ', 'FRACCIONAMIENTO', 'ARBOLEDAS', '', '', '', '$2a$08$frxvELZLTIgNcwEvz6dl8eOKBtfSzUV8c.1PF1R/riSWmBF6m4R.i', 'nU0m9d1b', NULL, NULL, 1, 0, '2022-01-26 18:21:54', '2022-01-26 18:21:54'),
(172, 2, '', '', 'ELDA ', 'Y ANI', 'CERRO DEL PEROTE', '', '', 'serro del perote #120 col cimatario', '$2a$08$9aDUiXtSAMk1UumLbjhw5.9/l62sVVPOaEk08phvyco7.Si8VFMqC', 'NJ7xNISu', NULL, NULL, 1, 0, '2022-01-26 18:26:13', '2022-01-26 18:26:13'),
(173, 2, '', '', 'TERE ', 'FRACCIONAMIENTO', 'CERRO ESCONDIDO', '', '', 'fraccionamiento cerro escondido #41 colinas del cimatario', '$2a$08$jszhay/FDlUJTWsOYUL/VeqKD8JYOBVJfFg6Sm45onhh1UWgg.me6', 'Ugl9NzdZ', NULL, NULL, 1, 0, '2022-01-26 18:27:09', '2022-01-26 18:27:09'),
(174, 2, '', '', 'SER QUETA ', 'TOVOLI ', '#409 NUEVA ITALIA', '', '', 'TOVOLI #409 NUEVA ITALIA', '$2a$08$oLAg8M0FeuOmGhplYgGxfuOl3rxXAQEiSmh/3DPGbqZg87XqNmIIe', 'Ie8zWsnX', NULL, NULL, 1, 0, '2022-01-26 18:28:11', '2022-01-26 18:28:11'),
(175, 2, '', '', 'SONIA', ' INGNACIO', 'PEREZ', '', '', ' INGNACIO PEREZ #56 b', '$2a$08$FNjojnFhuFPg8XDmMzCRmOa4Anp.dkADPku0xC4foNZrr8HSPp6Q.', 'A96dSZH9', NULL, NULL, 1, 0, '2022-01-26 18:29:35', '2022-01-26 18:29:35'),
(176, 2, '', '', 'SR RAQUEL', 'COLONIA EL SOL', '#35', '', '', 'COLONIA EL SOL #35', '$2a$08$6KEVLKOPyI0Sxytze8Xr9OJINJn3awrDuNiOwuXSsNckD6eAuyAbO', 'wwsdGGND', NULL, NULL, 1, 0, '2022-01-26 18:31:11', '2022-01-26 18:31:11'),
(177, 2, '', '', 'EUGENIO', 'DE SAN JOSE ', 'ITURBIDE', '4191144140', '', '', '$2a$08$MmyHYrQ.PAmb7GwEl4DK3OVKmBW4ro47kJ0FaIC4DweWCaFFWWFZe', 'BuSBUtwG', NULL, NULL, 1, 0, '2022-01-28 10:24:00', '2022-01-28 10:24:00'),
(178, 2, '', '', 'FRANSISCO ', 'JAVIER', '', '4271439023', '', '', '$2a$08$DFytqyBIefqpYq0MsP.uEeGDseMD1Z7L0NpD80NdTswB.RHr.DpW.', 'KxPAJaiI', NULL, NULL, 1, 0, '2022-01-28 11:07:04', '2022-01-28 11:07:04'),
(179, 2, ' ', '', 'ARTURO', 'RUBIO', '', '4192704422', '', 'JARDINES DEL PARAISO #24 SAN JOSE ITURBIDE', '$2a$08$AP5QvP07l.X3RPpaV8.PceAXruSjiLQrshAAhaQVopwSFzdE3rcwy', 'umUTdEPm', NULL, NULL, 1, 0, '2022-01-28 18:00:36', '2022-01-28 18:00:36'),
(180, 2, '', '', 'CARMEN', 'DIAZ', '', '4421577095', '', 'NIÑOS HEROES CALLE MADERO #341', '$2a$08$Iu7v42eGMKKmFVmB3xQf8OyDkWHzuODXG5HCAPSf5Pbr7o7ibetw6', 'U4zEfMBg', NULL, NULL, 1, 0, '2022-01-28 18:22:25', '2024-07-25 20:14:27'),
(181, 2, '', '', 'ALEXIS ', 'MERAZ', '', '4461103216', '', 'avenida tecnologico nte #17a colonia niños heroes', '$2a$08$cnLIDb5OPZUxVzeD3AgTeuoX1.ZknIkpfz6lhZ3jlDqO7It8SbjLW', 'fOYD985p', NULL, NULL, 1, 0, '2022-02-04 09:22:13', '2022-02-04 09:22:13'),
(182, 2, '', '', 'MARICARMEN ', 'GUTIERREZ', 'VILLAREAL', '4423641557', '', '', '$2a$08$mInykWwEfJ.MouT/QCEJrOV6PD7TLM/kWLbV2cMMYos9Lg1hIMHkW', 'DcMkQJsu', NULL, NULL, 1, 0, '2022-02-04 09:28:23', '2022-02-04 09:28:23'),
(183, 2, '', '', 'SENEN ', 'AVILA', '', '4425059014', '', '', '$2a$08$gSYyn2st6y1CHqGBrN//u.lmHmY5SWYFZzSE9rFfrzOGxkmvbeM1i', 'DPW0iyO2', NULL, NULL, 1, 0, '2022-02-04 11:09:44', '2022-02-04 11:09:44'),
(184, 2, '', '', 'VICTOR ', 'ABARROTERIA SAN MIGUEL ', '', '4151097301', '', 'Del Llano 27, Zona Centro, 37700 San Miguel de Allende, Gto.', '$2a$08$PC75QxB74uRJacZvN..P4euNiNd28fD9vrcnKeSGOqxp7URdrw7yC', 'I5y88gAX', NULL, NULL, 1, 0, '2022-02-04 15:39:55', '2022-02-04 15:39:55'),
(185, 2, '', '', 'IBAN ', 'ALCANTAR', '', '4421096223', '', '', '$2a$08$4A2ZQAOieFO2kSYq3fvNM.ZM2Kf0699VBuSjyJ1fuNsfvOTv.DqGa', 'cUx0xWU0', NULL, NULL, 1, 0, '2022-02-12 10:37:33', '2022-02-12 10:37:33'),
(186, 2, '', '', 'IVAN ', 'ALCANTAR', '', '4421096223', '', '', '$2a$08$/1R5ILXVZAHFh1y9PplOF.frqVNwxwqjh3Sw2NosB/d4hHo.DNMT.', 'DPXhNCPH', NULL, NULL, 1, 0, '2022-02-12 10:38:57', '2022-02-12 10:38:57'),
(187, 2, '', '', 'MARÍA DE JESÚS ', 'CASTRO ', 'PEÑA', '4181572351', '', '', '$2a$08$ahDQmF282bjejU5iWGDL0uucY2JHer54YH2p4KG9js1NAH1hnbQKS', 'ZUUtBdo7', NULL, NULL, 1, 0, '2022-02-12 11:33:02', '2022-02-12 11:33:02'),
(188, 2, '', '', 'MARIO ', 'MEJIA ', 'GOMEZ', '4181814002', '', 'Dolores Hidalgo\r\n', '$2a$08$DmBBChljZCfPEdN.26MQBOtZq6.pyZePbm6/NlMnBBXEmnj5ZsB9a', '2oC63l0g', NULL, NULL, 1, 0, '2022-02-12 12:34:10', '2023-03-20 17:53:31'),
(189, 2, '', '', 'MARTINA ', 'DE LA COLONIA EL SALITRE', '', '4421068828', '', '', '$2a$08$MrQrXLt/WlLYDTkYEcM.VO4TmOvteXjzjt2R4A.DjXIORxiWUmv4q', 'D8TGJXhS', NULL, NULL, 1, 0, '2022-02-12 12:45:35', '2022-02-12 12:45:35'),
(190, 2, '', '', 'SONTERRA', 'CONDUMINIO ', 'SAUCES#86', '2221182241', '', '', '$2a$08$eHOItPoo2jY6oECqO8HaPe3/2EF8ql43t5T5ZVAyjJ2JEwGGYH7/u', 'sUhBtsef', NULL, NULL, 1, 0, '2022-02-16 09:48:15', '2022-02-16 09:48:15'),
(191, 2, '', '', 'RAQUEL', 'COLLE. SEPTIEMBRE GARCIA', 'COL. CIMATARIO', '7822024762', '', '', '$2a$08$Hwonn3zijF96CEKNN4RXSuFAIVnNKI0Djqshx3OMNaeyCGQtg2gNu', '7R7SS9DQ', NULL, NULL, 1, 0, '2022-02-16 09:55:55', '2022-02-16 09:55:55'),
(192, 2, '', '', 'MARICELA', 'CRUZ', '', '4422041249', '', 'calle 1 de mayo pueblo jurica', '$2a$08$pod0Fx58CI.lR7Y8YGYaHuyAJbj4ASWoNwmtX9GNqYxfGyaNEHZDm', 'YsmMor7S', NULL, NULL, 1, 0, '2022-02-18 13:43:35', '2022-02-18 13:43:35'),
(193, 2, '', '', 'ALEJANDRA ', 'URBIOLA', '', '', '', 'san jose iturbide calle hernandez alvarez#59', '$2a$08$eKvsA/Kna8h.l.gEfrP2BeGXz33Thl0hZUS8yMXcGeZMLUBWwAzAm', 'nCgBnKse', NULL, NULL, 1, 0, '2022-02-22 09:38:50', '2022-02-22 09:38:50'),
(194, 2, '', '', 'COMERCIALIZADORA ', 'DE POLLO', 'SAN ANTONIO', '4424678540', '', 'veterinarios #104, el Márquez ', '$2a$08$GQvs/4jOQMO12qt1VZoRpeimuY2xbJm.TS1U5.ddLgTnWQMHd4JVa', 'wiLKAtnj', NULL, NULL, 1, 0, '2022-02-23 10:20:41', '2022-02-23 10:20:41'),
(195, 2, '', '', 'DANIELA ', 'VAZQUEZ', '', '4421949067', '', 'paseo de la cuesta bonita #138', '$2a$08$cWOOLUwW3OUscESLADc1oeOdwBCwIe9EihZLwaMngax2L/WLBduwy', 'ugZ1EHE2', NULL, NULL, 1, 0, '2022-02-23 10:22:29', '2022-02-23 10:22:29'),
(196, 2, '', '', 'SR CRISTINA', 'FRACCIONAMIENTO', ' VISTA REAL', '', '', 'real de la montaña #33 fraccionamiento vista real\r\n', '$2a$08$OpRsY0Ti5KM/9yvfk6FxNuIaul9p2DJJ798Lif4Q1VFeHbn1DKmpS', 'yYtnrtR0', NULL, NULL, 1, 0, '2022-02-24 10:15:45', '2022-03-31 10:22:26'),
(197, 2, '', '', 'JOSE ', 'LUIS', 'COL. MANATIALES', '5532227992', '', 'Es calle agua salada no. 83 col. Manantiales', '$2a$08$V0by5.41JdYQgqbWTajXueb9d/tUh4wd15GTTtCSecdLm72m4feZ.', 'ly1mS9FZ', NULL, NULL, 1, 0, '2022-03-01 11:22:08', '2022-03-01 11:22:08'),
(198, 2, '', '', 'ABIGAIL ', 'DE MATERIALES VEGA ', '', '4181042202', '', 'EL MEZQUITE', '$2a$08$iB4W7ISeZSWM.LeTVtE.3.22.Hozmtq7yb85n1qvOdI3T0xrPmR4C', 'Hu4kZ6dP', NULL, NULL, 1, 0, '2022-03-02 20:05:17', '2022-03-02 20:05:17'),
(199, 2, '', '', 'DIEGO', 'BECERRA', '', '4681040423', '', '', '$2a$08$UK4fSYSm1r7WLZIHrpID7Oqm7OMHQEabtuYFEmPq6OfATMiPVvydK', '2pZN5RUh', NULL, NULL, 1, 0, '2022-03-02 20:08:53', '2022-03-02 20:08:53'),
(200, 2, '', '', 'ELADIO ', 'ARMAGER', '', '4181095017', '', '', '$2a$08$FVAU3uF52QkAET1rq03jbekv2Zn504ohinGPmpUPMqleDkH6sjIie', 'DYoYgdCS', NULL, NULL, 1, 0, '2022-03-02 20:09:41', '2022-03-02 20:09:41'),
(201, 2, '', '', 'ELADIO', 'ALMAGER', '', '4181095017', '', '', '$2a$08$vAhL0j4Cln.werI/HOafoe/QgzWLuOLsby4VfInToBLNE99oy2EPK', 'yxGBYR0F', NULL, NULL, 1, 0, '2022-03-03 09:30:07', '2022-03-03 09:30:07'),
(202, 2, '', '', 'ROSA MARIA ', 'DE CONDOMINIOS TABACHIN', '', '4422081134', '', '', '$2a$08$PwutrtQUU7U4JP0D8M9V4elBf1lV5peijsUkwm5GDAmAolvKgZ4mW', 'jkMxflSn', NULL, NULL, 1, 0, '2022-03-04 13:33:38', '2022-03-04 13:33:38'),
(203, 2, '', '', 'MANRIQUE', 'CONEJO', '', '4645792295', '', '', '$2a$08$qGT9RYDaMVlaCcdsAhs4GOoAmjr3SpNCi9ReULQixGCO6l3C3KqjW', 'w4pNkjn3', NULL, NULL, 1, 0, '2022-03-04 18:24:31', '2022-03-04 18:24:31'),
(204, 2, '', '', 'LUIS GILVERTO', 'VAZQUEZ', 'ARELLANO', '3325035537', '', '', '$2a$08$orQ4cctC5j1IktLH78hmNOsweHc1JaOYo.Y2RJ9jOXiPlR2u2ngBy', 'FPZ24fjE', NULL, NULL, 1, 0, '2022-03-08 09:22:43', '2022-03-18 09:53:36'),
(205, 2, '', '', 'CARLOS', 'MENDOZA', '', '4411170362', '', '', '$2a$08$Lq5TgMU5RAIssX5B12w5qewnr5omna.g5W/CDUPchwjjRq.mqU.IO', 'YtdjIEeT', NULL, NULL, 1, 0, '2022-03-08 10:16:23', '2022-03-08 10:16:23'),
(206, 2, '', '', 'PESCADERIA ', 'HERNANDEZ', '', '4424310654', '', '', '$2a$08$PIRsJKJMXZEMwWfLcDtQ0elrdfHsFpJ6OxGlHg5T5LagMvFCqiOH6', 'TNpbYIGq', NULL, NULL, 1, 0, '2022-03-09 12:53:06', '2022-03-09 12:53:06'),
(207, 2, '', '', 'MARISQUERIA', 'EL TOBI', '', '4422150079', '', '', '$2a$08$fCtYnLQcri9k3JCLDQBAfeQ2BzvbqzUCa0PGmpQGR0nFZ1aIcLjKm', 'wP35rJBX', NULL, NULL, 1, 0, '2022-03-09 12:53:52', '2022-03-09 12:53:52'),
(208, 2, '', '', 'SALVADOR', 'FRAC. EL ROSARIO', '', '4426481524', '', '', '$2a$08$RAUXG3KFjEGaOXBeysQG1Oe1V.abXzvkj/bFDl5A6/ycreAluvAS2', 'FoJcw6qJ', NULL, NULL, 1, 0, '2022-03-09 15:32:07', '2022-03-09 15:32:07'),
(209, 2, '', '', 'SR CLAUDIA', 'FRACCIONAMIENTO ', 'VISTA REAL', '', '', '', '$2a$08$wR4pf0h8KGsZZ53dkcEvEefPPr2/g5gBRoydPS3txxW8vE6L69XHW', 'sakdNJH7', NULL, NULL, 1, 0, '2022-03-17 12:06:13', '2022-03-17 12:06:13'),
(210, 2, '', '', 'ESTÉTICA ', 'P. SAN MIGUEL ', '', '', '', '', '$2a$08$jVh71xaiTNxxcYQ.4HKmN.e2/bfneVvrzeWoJ9opvWtTj7Ih8bz4K', '6ZhlGlyO', NULL, NULL, 1, 0, '2022-03-18 13:23:31', '2022-03-18 13:23:31'),
(211, 2, '', '', 'CARLOS', 'GARBI ', '', '4425990409', '', '', '$2a$08$oUzYdMtBZ322XXZUSHkbFuZAN.VOwEn20jWRUI0TSoD5NAvkZxEAC', 'HWmjlouU', NULL, NULL, 1, 0, '2022-04-01 13:44:29', '2022-04-01 13:44:29'),
(212, 2, '', '', 'CARLOS ', 'LUNA', '', '4424874513', '', '', '$2a$08$I7nn9l.OuJ394oWV.qYjue0.fyUxiAg9pcjrSf4gj1B9wTc3FMWPm', 'WeKcBFzy', NULL, NULL, 1, 0, '2022-04-14 16:40:25', '2022-04-14 16:40:25'),
(213, 2, '', '', 'PANADERIA', 'AMAPOLA', '', '4271527550', '', '', '$2a$08$liy46vk1JibaM6y7rQuTFeY8PpKioYOWQ3FSq/KT5UHij7EaiziaW', 'is3dYWXg', NULL, NULL, 1, 0, '2022-04-28 12:45:59', '2022-04-28 12:45:59'),
(214, 2, '', '', 'FRACCINAMIENTO', 'VILLA LOS ENCANTOS', '', '4422006026', '', 'AVENIDA PUERTA REAL 7 CORREGIDORA FRACCIONAMIENTO VILLA LOS ENCANTOS', '$2a$08$XZo9zxcDHzGHWzrOytC5XO1jwr.LtG1bJO8EsKQwSSVJgmX3NC8Du', 'n25fMSXr', NULL, NULL, 1, 0, '2022-05-03 09:12:42', '2022-05-03 09:12:42'),
(215, 2, '', '', 'CAROLINA ', 'JARAMILLO ', '', '5514824341', '', 'Av Prolongacion el Jacal y Calle 10, Emiliano Zapata', '$2a$08$jmHGhLGPYyiWX853lF2XjeuoUmjoG6/xZv/el/AjOCZoc.tWzSWa.', 'i6IPin1g', NULL, NULL, 1, 0, '2022-05-05 15:27:47', '2022-05-05 15:27:47'),
(216, 2, '', '', 'SAMIRA ', 'MARTINEZ', '', '8442632504', '', '', '$2a$08$bZpP/xNO6bu7mbjCEoL4YuY9j7lrh6TvSXQdbSybRdY6xdbuJH5SO', 'S3jPaw6I', NULL, NULL, 1, 0, '2022-05-26 10:36:21', '2022-05-26 10:36:21'),
(217, 2, '', '', 'JESSICA ', 'GARCIA', '', '4421391390', '', 'Cieneguilla #1429 fraccionamiento el refugio ', '$2a$08$pr1PrjcHqw7tCfmQqcZHcemcOT7BN5oBYvg9YUZcMVWW4xKgYrdNq', 'x2xAMCy1', NULL, NULL, 1, 0, '2022-05-26 22:14:18', '2022-05-26 22:14:18'),
(218, 2, '', '', 'HERNESTO', 'VADILLO', '', '5544362212', '', '', '$2a$08$BityCXf7b2Whkrsm1QCPAOUZmGDankUfketYzMAw5u.uORMH1CBZq', '8Ek6uPG6', NULL, NULL, 1, 0, '2022-06-18 09:20:22', '2022-06-18 09:20:22'),
(219, 2, '', '', 'HUEVO ', 'PATATÚS', '', '4445809143', '', '', '$2a$08$RLOcAMExUMJWkx6hcz50Q.b7HmSrHJ5ANd1YmvwGIzQ0qfcZu.J7.', '4sNrur88', NULL, NULL, 1, 0, '2022-06-20 09:37:10', '2022-06-20 09:40:36'),
(220, 2, '', '', 'TEST', 'TEST', '', '4444444785', '', '', '$2a$08$CeDwEQuPVM24cJmZ.TLR3eGNwEMejW0wYUtU7d8DQNMaFuIIXLeni', 'OF1xECtb', NULL, NULL, 1, 0, '2022-06-21 18:37:57', '2022-06-21 18:37:57'),
(221, 2, '', '', 'CLAUDIA', 'FRACCIONAMIENTO', 'VISTA REAL', '', '', 'fraccionamiento vista real', '$2a$08$f7alYyls7FBRyzwsAgb0JeT4WtaPpIx2dZ7UdhikeVDPhjJyiw5K2', 'pl0eWRYm', NULL, NULL, 1, 0, '2022-06-22 18:11:41', '2022-06-22 18:11:41'),
(222, 2, '', '', 'DIANA', 'SOSA', '', '4191252771', '', 'Jardines de cañada #24 \r\nColonia Jardines de María Teresa\r\nSan José Iturbide', '$2a$08$N0bw6WwMvbXT48p9yNXAYerjgjZtysB2CAG2pUvuyjgqICXEUPx6.', 'DhzTIH7b', NULL, NULL, 1, 0, '2022-06-29 12:45:23', '2022-06-29 12:45:23'),
(223, 2, '', '', 'MARISCOS', 'LA GUERA', 'MARTINEZ', '4422856296', '', '', '$2a$08$MLSOEWiWCxTkrLELvsWy4.NCI93bTgiHMMatLTAIeaXiFTCWwl88C', 'EQcl5PuM', NULL, NULL, 1, 0, '2022-07-01 14:08:31', '2023-02-02 09:09:58'),
(224, 2, '', '', 'BUEN', 'VIVIR', '', '4427803322', 'luzelvira01@gmail.com', '', '$2a$08$TDI/5YdrJIHbUK0yrccJpeDRrq76hRqGhXJRmIGBkZYlYSMBFn8jm', 'eFosuYQ8', NULL, NULL, 1, 0, '2022-08-17 12:56:01', '2022-08-17 12:56:55'),
(225, 2, '', '', 'DRA.', 'GALVES', '', '', '', 'fraccionamiento Jurica', '$2a$08$ELvxpLMFvDn6N/f9Prq27usSukj9K9LeDL2/u.DMCOUI5.N/PDCW.', 'GJhMl3hE', NULL, NULL, 1, 0, '2022-09-02 09:27:36', '2022-09-02 09:27:36'),
(226, 2, '', '', 'BLANCA', 'MIRANDA', '', '4423423648', '', '', '$2a$08$jCTiU5n5xMYVW8l3GsBCguV3K825xtaU9ZZBGQHC7LZ8XA0sAKEi.', 'EgCXuQwB', NULL, NULL, 1, 0, '2022-09-19 10:56:44', '2022-09-19 10:56:44'),
(227, 1, 'ROVS841118HGTDRL07', NULL, 'Salvador', 'Rodriguez', 'VARGAS', '4151811495', 'salvador.irery@gmail.com', NULL, '$2a$08$9qv9imjn6z3cKqVdK2esq.Tgenx1bvURvumytZMIyzK3FSyS0yGs6', '', 'a321b0904f353e5b25745e50e6d72633', NULL, 0, 0, '2022-10-24 18:22:31', '2022-10-24 18:22:31'),
(228, 2, '', '', 'CARLOS ', 'MENDOZA', '', '7751184863', '', 'Tulancingo hidalgo ', '$2a$08$uzvRvyECMRXJc1JH3.eYAewffasYsgz7Se0GWeZ3O.yzEAgq4etD6', 'I88BCcfG', NULL, NULL, 1, 0, '2022-11-03 12:21:46', '2022-11-03 12:21:46'),
(229, 2, ' ', '', 'CESAR', 'MENDOZA', '', '7751184863', '', 'Tulancingo hidalgo ', '$2a$08$mEe1XUbE7Yx4Fl9iHuYoKux2Ab7uDU5Vo6Ycgb8jT5boh/yl82hH.', 'aQjBtXrk', NULL, NULL, 1, 0, '2022-11-03 12:25:59', '2022-11-03 12:25:59'),
(230, 2, '', '', 'PESCADERIA ', 'EL CAPITAN', '', '4191351650', '', 'colonia viborillas San José Iturbide', '$2a$08$.OhI5Rw2FRRbKkRxyEKqwuiNaThis62lneUrC.RmPTIsVlrZoqhpK', 'MmMb6laF', NULL, NULL, 1, 0, '2022-11-05 06:51:35', '2022-11-05 06:51:35'),
(231, 2, '', '', 'ERIK ZURIEL ', 'HERNANDEZ', 'ANGELES', '7712154661', '', 'Actopan Hidalgo', '$2a$08$jjSCN/GJb5CXpwXZu4s9ROSBoJabgqjo8Inu0TwDtOnri/hCh5j36', 'JbCs8DmL', NULL, NULL, 1, 0, '2022-11-09 15:20:38', '2022-11-09 15:20:38'),
(232, 2, '', '', 'FRANCISCO JAVIER', 'ENRIQUEZ', 'FRIAS', '4425926390', '', '', '$2a$08$b69cKKfNh.kipM7vKY0AXu5VFljoGKal4p8QVhHvq9wJNVCLOd.zS', 'uRLStN5y', NULL, NULL, 1, 0, '2022-11-14 17:35:32', '2023-09-27 18:32:42'),
(233, 2, '', '', 'ALEJANDRO ', 'SANTILLAN ', '', '5588195454', '', '', '$2a$08$J5.J8D3.uLLE2AonZBRIv.OeON/aREigKqiA9expKykEs4IkHYGha', 'ZwePfD1x', NULL, NULL, 1, 0, '2022-12-08 17:28:06', '2022-12-08 17:28:06'),
(234, 2, '', '', 'CESAR ', 'LOPEZ', '', '4421870586', '', 'QUERETARO QUERETARO', '$2a$08$0t7NXZsM9w7o8MXRtstpiORIjXf4Cb1P9XDzpHMq4sdE0xqTInI4e', 'lJ1hQtBC', NULL, NULL, 1, 0, '2023-01-13 12:22:09', '2023-01-13 12:22:09'),
(235, 2, '', '', 'JAVIER ', 'VILLLEGAS', '', '', '', '', '$2a$08$1hNICtiuoHW7APIDpYm9p.Oe1pRkgr.xwC2w45zdnLPJVi7sy7Zxu', 'pLrzWHX4', NULL, NULL, 1, 0, '2023-01-13 15:52:35', '2023-01-13 15:52:35'),
(236, 2, '', '', 'JOSE ', 'JUAN DE ANDA', '', '', '', '', '$2a$08$OzA/axAX8KdrjjwZBH1LMu5Ygs9Jks1b90Ez6NHWxbNV86o702VUG', 'oopTLFbH', NULL, NULL, 1, 0, '2023-01-13 15:54:33', '2024-11-20 10:27:16'),
(237, 2, '', '', 'JUAN ', 'CANO RAMIREZ', '', '', '', '', '$2a$08$bnUuXw.tHeZn2OyzADpcgeUOgQ3jsjw9DTEk5IwHwKYd2UWXu32eG', 'yoxnNgG5', NULL, NULL, 1, 0, '2023-01-13 15:55:58', '2023-01-13 15:55:58'),
(238, 2, '', '', 'JAIRO ', 'VEGA ', '', '4181399950', '', '', '$2a$08$Wph7e5UUAJxhO1OsZt0Bv.iQ3bsr8tMDxjaqBdcLXDemY8DWV.1gK', 'zWu1dQ4P', NULL, NULL, 1, 0, '2023-01-13 15:59:10', '2024-09-12 20:18:42'),
(239, 2, '', '', 'ALDO', 'VEGA', '', '4181876995', '', '', '$2a$08$JJ56ul4B/4QQSzkqZrUEd.qAkkJ/5We6.TvicloaHcZ0hpvOq0XQu', 'l9D3m492', NULL, NULL, 1, 0, '2023-01-21 10:24:08', '2023-01-21 10:24:08'),
(240, 2, '', '', 'JUAN DE DIOS ', 'CRUCES', '', '4775731760', '', 'DOLORES HIDALGO', '$2a$08$42Ik3x2OvDB6HgOF8ORIFexcgxiXCSRbDNKiddOtFke3nRDZrQWzq', 'OHauXpue', NULL, NULL, 1, 0, '2023-02-01 09:02:30', '2023-02-01 09:02:30'),
(241, 2, '', '', 'MARISCOS', 'MALU', '', '4426789022', '', '', '$2a$08$Po1L4c/eFr9A1yzfu84/jOWIEaa8.NVgIEpJkMWCKljgL8OqaZkXu', 'lwKYtURx', NULL, NULL, 1, 0, '2023-02-02 09:10:37', '2023-02-02 09:12:02'),
(242, 2, '', '', 'FELIPE', 'GARCIA ', 'COVADONGA', '4681236195', '', 'dolores hidalgo, guanajuato', '$2a$08$UJWBkEXFNhjpx5MUJntq9uCpZBa7nPL7DhSQBjruSIRL3L34NQP1i', 'hmZX2FZa', NULL, NULL, 1, 0, '2023-02-08 16:01:58', '2023-02-08 16:01:58'),
(243, 2, '', '', 'VICTOR ', 'RAMIREZ', 'LOPEZ', '4181156187', '', 'dolores hidalgo, guanajuato', '$2a$08$hybhrS5Dwbk85LkVI7GN8uEGK6T7oicq4hwxsTpGcA50JRtR.GXhq', 'LuWxoAoL', NULL, NULL, 1, 0, '2023-02-08 16:06:13', '2023-02-08 16:06:13'),
(244, 2, '', '', 'JOEL', 'HERNANDEZ', '', '', '', 'dolores hidalgo guanajuato', '$2a$08$3vxhfRVrX/2xBfha.jZRleY2oBW3csB0J3h8Im1VYsJnEpXsi55hW', 'Br94tRkj', NULL, NULL, 1, 0, '2023-02-08 16:22:35', '2023-02-08 16:22:35'),
(245, 2, '', '', 'FERNANDO', 'ROMERO', 'GUZMAN', '4681686724', '', 'dolores hidalgo, guanajuato\r\n', '$2a$08$4kWadmkhCOW0W8GkomXyeuUIl/BYk49qkgUp/rANwxxPpdgfGTWEy', 'AwS00snm', NULL, NULL, 1, 0, '2023-02-08 16:25:15', '2023-02-08 16:25:15');
INSERT INTO `clientes` (`id_cliente`, `tipo_cliente`, `curp_cliente`, `identificacion_cliente`, `nombre_cliente`, `apellido_paterno_cliente`, `apellido_materno_cliente`, `telefono_cliente`, `email_cliente`, `direccion_cliente`, `password_cliente`, `pass_temp`, `token_verificacion`, `token_psw`, `status`, `status_psw`, `created_date`, `updated_date`) VALUES
(246, 2, '', '', 'JAVIER ', 'CANO', '', '', '', '', '$2a$08$EQg28sjGDuhVU2qOybXRke6WYh0qGM5EOXD4q48hCAQlUVSw2sQ9W', 'JpWDl9LT', NULL, NULL, 1, 0, '2023-02-08 16:31:35', '2023-02-08 16:31:35'),
(247, 2, '', '', 'DANIEL ', 'GOMEZ', '', '', '', '', '$2a$08$7Ltxqv3ewPmQ6xTl4zvGueV0U1TGAdB88qmc7d5C21RG14vcBvZoi', 'O1EH7Lqb', NULL, NULL, 1, 0, '2023-02-08 16:32:51', '2023-02-08 16:32:51'),
(248, 2, '', '', 'BERNARDO', 'GONZALES', '', '', '', '', '$2a$08$qwj/cGxIrBY0rR1ts2NpP.c70VB5Drt057Oje8kybG.s9n80/3W2C', 'ITtOE0zj', NULL, NULL, 1, 0, '2023-02-08 16:33:20', '2023-02-08 16:33:20'),
(249, 2, '', '', 'DAVID ', 'MENDEZ', '', '', '', '', '$2a$08$ORTeunNsG86bJpNhhISxzOH3wRbuExfNCd8UiZbjMfZYoTH5xnG4e', 'hurq9kzZ', NULL, NULL, 1, 0, '2023-02-08 16:33:43', '2023-02-08 16:33:43'),
(250, 2, '', '', 'JUAN ', 'LUNA', 'MARTINEZ', '', '', '', '$2a$08$6Ii5jX/u9WjeyjtVFk8Acep7GH5j34mM5u5IK5/ZP9OWQzJeS7f4u', 'l42aFYpk', NULL, NULL, 1, 0, '2023-02-08 16:36:11', '2023-02-08 16:36:11'),
(251, 2, '', '', 'SIMON', 'SALINAS', '', '', '', '', '$2a$08$TeuKsbdR6vT7Y4NErJno7eaCZT/6k3SegH6XWr6BxAXSxOI55vxou', 'xUYZX8ty', NULL, NULL, 1, 0, '2023-02-08 16:38:14', '2023-02-08 16:38:14'),
(252, 2, '', '', 'JUAN ', 'RINCON', '', '', '', '', '$2a$08$euwy3C0q146IZ9YGjhVEYeKvdHjYwT.NU9rqNFX68Wk3BDE10JQeO', 'F5jYbNGK', NULL, NULL, 1, 0, '2023-02-08 16:38:48', '2023-02-08 16:38:48'),
(253, 2, '', '', 'RUTH ', 'FLORES', '', '', '', '', '$2a$08$aj.oysglziqAuLo8uakDleSOUDS7vTmgXnaSbZIkC5najE177qVkq', 'Yas312il', NULL, NULL, 1, 0, '2023-02-08 16:39:21', '2023-02-08 16:39:21'),
(254, 2, '', '', 'GABRIELA', 'GARCIA', '', '', '', 'dolores hidalgo.', '$2a$08$EBx3BHf4SWprZRzWhfIO1eSuwf3V0bUXjg.LXLgbPG4E4.SXhnfke', 'HSkpSjf9', NULL, NULL, 1, 0, '2023-03-14 10:34:58', '2023-03-14 10:34:58'),
(255, 2, '', '', 'JORGE ', 'MANZANO', '', '4181012381', '', 'dolores hidalgo', '$2a$08$AnFukpgtyxTY.vR7YCpNmuIG89wm0N8/j4LfiLP.n1trvYobS7XfS', 'pEBOGqfj', NULL, NULL, 1, 0, '2023-03-14 10:36:45', '2023-03-14 10:36:45'),
(256, 2, '', '', 'ANTONIO ', 'SANCHEZ', '', '', '', 'dolores hidalgo', '$2a$08$nv9WIs7FO2CEJTS19.ksg.qvJrShnt36z370tyfqoSdal7xSVYaAa', 'jFbytAPQ', NULL, NULL, 1, 0, '2023-03-14 10:38:06', '2023-03-14 10:38:06'),
(257, 2, '', '', 'SAMUEL ', 'ALABAMA', '', '3343281935', '', 'dolores hidalgo', '$2a$08$UOenDnE0qkdxJgFcXXDIN.HISpYETkhEbMIwnbJyK2ISa4JG2uD4u', 'IqU4s1YR', NULL, NULL, 1, 0, '2023-03-14 10:39:35', '2023-03-14 10:39:35'),
(258, 2, '', '', 'PEDRO', 'SANCHEZ', '', '9036034793', '', '', '$2a$08$NYoatWmgjsFx3W0haTHqu.LL/q9zVFuIZA/PnmRStioSraeV68Jou', '0o0iReOY', NULL, NULL, 1, 0, '2023-03-14 10:41:26', '2023-03-14 10:41:26'),
(259, 2, '', '', 'JULIO ', 'RAMIREZ', '', '', '', 'dolores hidalgo', '$2a$08$i5qpSTd0489azqSjeLiEHeW3kb8OifzoDl6yOiPWGK1zyxLv5XvYK', 'J9S97hMz', NULL, NULL, 1, 0, '2023-03-14 10:42:25', '2023-03-14 10:42:25'),
(260, 2, '', '', 'GABRIEL', 'GARCIA', '', '', '', 'dolores hidalgo', '$2a$08$rjlWYX9E74Yvt0QOJVxghuAVMAzWirBK8iH4bMcTvHlsDGpGFkQ9m', '76wigiO8', NULL, NULL, 1, 0, '2023-03-14 10:44:36', '2023-03-14 10:44:36'),
(261, 2, '', '', 'PATY', 'CASAS', '', '', '', 'dolores hidalgo', '$2a$08$K0hXy4Ro4k049G3dwgq20egedDw0pqYkeCtMwCRJyUsplHSe8IvD6', 'p3f45NFx', NULL, NULL, 1, 0, '2023-03-14 10:45:21', '2023-03-14 10:45:21'),
(262, 2, '', '', 'RUBIESE', 'CASAS', '', '', '', 'dolores hidalgo', '$2a$08$lEZPXTLwLLJFrWRcm3kuK.1s9Gh2qcb9fKfF2TjLTYC490iix2snK', 'ZE7sbhlj', NULL, NULL, 1, 0, '2023-03-14 10:46:05', '2023-03-14 10:46:05'),
(263, 2, '', '', 'CESAR ', 'PONCIAN', '', '', '', 'dolores hidalgo', '$2a$08$e.lad1TGQEJ8LtspeTqxSOiXVI/sy6mRxxxv4TzvF5YYkc0AWosnK', 'T8cIPdJd', NULL, NULL, 1, 0, '2023-03-14 10:46:39', '2023-03-14 10:46:39'),
(264, 2, '', '', 'FATIMA ', 'GUTIERRES', '', '', '', '', '$2a$08$285garwrILIJkldOVaeAgudo1oTaHlXGL0.7QPXlGdjEd5JeL8wmO', 'rBL4oFRi', NULL, NULL, 1, 0, '2023-03-14 10:47:15', '2023-03-14 10:47:15'),
(265, 2, '', '', 'GABY', 'QUINTAL', '', '', '', 'dolores hidalgo', '$2a$08$olLYRMIOqhsL9d101x5mXuvIJ7/a5p84kWlQuTBJlAYU4gSD2m3aO', '2aaxTNkM', NULL, NULL, 1, 0, '2023-03-14 10:47:32', '2023-03-14 10:47:32'),
(266, 2, '', '', 'HORTENCIA', 'GONZALES', '', '', '', 'dolores hidalgo', '$2a$08$cFeH2TIcXlLGVd2XP9Nk9ezrLYuJ7LdB/yKGYc04iiU/PjXLst2A.', '3LsFP8ta', NULL, NULL, 1, 0, '2023-03-14 10:47:57', '2023-03-14 10:47:57'),
(267, 2, '', '', 'GILVERTO ', 'RANGEL', '', '', '', 'dolores hidalgo', '$2a$08$ghmloHktV1gvokOp9yw35erud6wzewhUwJSyeyNfb4rnmuEp8CbB.', 'pM58mUog', NULL, NULL, 1, 0, '2023-03-14 10:48:26', '2023-03-14 10:48:26'),
(268, 2, '', '', 'JOSEFINA', 'RODRIGUEZ', '', '', '', '', '$2a$08$VkjDsUUmM0hveCt/HeMEs.HP1ATcCydX.Qyw/pSX6yqqLMch3Ut9K', 'bqcWt2CG', NULL, NULL, 1, 0, '2023-03-14 18:01:40', '2023-03-14 18:02:18'),
(269, 2, '', '', 'MISAEL ', 'CERVANTES', '', '', '', 'Dolores hidalgo', '$2a$08$VIoNwwJb8LZtNYHzcz3lY.aChi/QH3nRgPE07oN9GKyjGW3jHhIi2', '526reOQp', NULL, NULL, 1, 0, '2023-03-14 18:02:49', '2023-03-14 18:02:49'),
(270, 2, '', '', 'SALVADOR', 'SANCHEZ', '', '4181120403', '', 'dolores hidalgo', '$2a$08$MJGwGAjiJYfmRQ6Ms6zFFuqHE5yM8NP86X0kFF5TNVr39kEiCDzVm', 'EIdYfTe7', NULL, NULL, 1, 0, '2023-03-14 18:04:17', '2023-03-14 18:04:17'),
(271, 2, '', '', 'OSCAR ', 'SANCHEZ', '', '4181042397', '', 'dolores hidalgo', '$2a$08$JZJ9Y6mYKPnR8719I4S09OzXB4rRRQCKA2OJynjlOp1JTx96JK6sy', 'xWNKJ5RM', NULL, NULL, 1, 0, '2023-03-14 18:05:51', '2023-03-14 18:05:51'),
(272, 2, '', '', 'JUAN ', 'TORRES', '', '4181143023', '', 'dolores hidalgo\r\n', '$2a$08$weCT7gFP4Rpp1VyvGJN64.sYZgpsGtZVfE1k/yU03Rbx5cuL4Bh.u', 'mdrtf5BY', NULL, NULL, 1, 0, '2023-03-14 18:06:40', '2023-03-14 18:06:40'),
(273, 2, '', '', 'AMANDA', 'VEGA', '', '4681046808', '', 'dolores hidalgo', '$2a$08$u0gl2qF/LYQDUalo4xPAL.FqHUARIe2rDTmhlhjzd7Xra49zGlYF.', 'p5ZGJkoh', NULL, NULL, 1, 0, '2023-03-14 18:14:12', '2023-03-14 18:14:12'),
(274, 2, '', '', 'FELIPE ', 'GOMEZ DE VILLA', 'FONTANA', '4424747993', '', 'Cerrada montesacro 103 int. 30 colonia villas fontana', '$2a$08$fFWG92AIq81V3SXl8f.J6eh7wT2JPisaOrjFi6QqAu2mrfaOLcToi', 'ucLJdyMh', NULL, NULL, 1, 0, '2023-03-18 09:28:11', '2023-03-18 09:28:11'),
(275, 2, '', '', 'ABEL', 'VILLEGAS', '', '4181776419', '', 'dolores hidalgo', '$2a$08$MHoDJTk4DPCQ9AuCVw1V4.S6Fc7bJuXFiMoya2F7jLTcw2zq09Y7q', 'y2H6oOX7', NULL, NULL, 1, 0, '2023-03-20 16:44:14', '2023-03-20 16:44:14'),
(276, 2, '', '', 'LUZ MARIA', 'LEINES', '', '4181588892', '', 'Dolores Hidalgo\r\n', '$2a$08$jcPeawIos5WnDpi4CkwIsuQe7jhobGFLrE/Ibp95hADhnOKv40VlW', 'fAXPyZ8U', NULL, NULL, 1, 0, '2023-03-20 16:48:52', '2023-03-20 16:48:52'),
(277, 2, '', '', 'RAMIRO', 'CASTAÑON', '', '4181488505', '', 'Dolores Hidalgo', '$2a$08$nZ.ZoP3VrI82wrNtEjTST.jrcKQmSsA7tQ5e.x1wnvfYZ1VXkOvQm', '3kqHUHaE', NULL, NULL, 1, 0, '2023-03-20 16:51:06', '2023-03-20 16:51:06'),
(278, 2, '', '', 'FRUMENCIO', 'MARTINEZ', '', '', '', 'Dolores hidalgo', '$2a$08$BbGEoHExmPxsiWx8bDSg8OUlg.yl3T/E5ss2h78G6UUgyJvj2xx.i', '2GbAHLW7', NULL, NULL, 1, 0, '2023-03-20 16:56:10', '2023-03-20 16:56:10'),
(279, 2, '', '', 'GREGORIO', 'SILVA', '', '4681027106', '', 'Dolores Hidalgo', '$2a$08$zC3B7uV/iH3wqSL5is7YJu3nrhCMr/YP1jQmZJdKh03GDyxvO2PvO', '2PC1PPeB', NULL, NULL, 1, 0, '2023-03-20 17:00:52', '2023-03-20 17:00:52'),
(280, 2, '', '', 'GIOBANNI', 'CORONADO', '', '', '', 'Dolores Hidalgo', '$2a$08$eD8jv3eFy2v0QxmcQ1NKEuT9UHaeyITr4tBbDoJn4LhICoJtcUFAO', 'nsmBWeHT', NULL, NULL, 1, 0, '2023-03-20 17:06:49', '2023-03-20 17:06:49'),
(281, 2, '', '', 'ABELARDO', 'GARCIA', '', '4181871628', '', 'Dolores Hidalgo', '$2a$08$L4czpNdWtqv82OYWMbACd.pCaWrpu6.fwEZvtQJy1sKpTEvwe.cP6', 'Rx0IFCQ2', NULL, NULL, 1, 0, '2023-03-20 17:11:09', '2023-03-20 17:11:09'),
(282, 2, '', '', 'BETO ', 'VAZQUEZ', '', '', '', 'Dolores Hidalgo', '$2a$08$red98kvp8/Nehgjl7mJ1hugkT/w77xvk6qnvP4Oh4Tt2lHQqFOzcW', 'j1mEaUYy', NULL, NULL, 1, 0, '2023-03-20 17:16:07', '2023-03-20 17:16:07'),
(283, 2, '', '', 'MAXIMILIANO ', 'DE ', 'PESCADOS SAN FRANCISCO', '4181026493', '', 'dolores hidalgo', '$2a$08$Wnk9.kG5alWa.5QPynF3zeAPI1h3B0M0MDM197Y4tSpb8hMld0sHO', 'eGyKmpxF', NULL, NULL, 1, 0, '2023-03-20 17:24:30', '2023-03-20 17:24:30'),
(284, 2, '', '', 'LUIS ANGEL', 'MENDOZA', '', '', '', '', '$2a$08$1alyg2Yq2RixDOxfMiCMw.sTb1Us6zZL5PJTjdy6ZMkOn3SeVv1mq', 'wP4loTty', NULL, NULL, 1, 0, '2023-03-20 17:27:40', '2023-03-20 17:27:40'),
(285, 2, '', '', 'FELIZ ', 'VERGER', '', '', '', 'Dolores Hidalgo', '$2a$08$JF7Y.WD9ciqqc58nOhTwW.AHz86urDkfGuXWNT37gL1mG13TV36vi', 'KExrWgA6', NULL, NULL, 1, 0, '2023-03-20 17:30:42', '2023-03-20 17:30:42'),
(286, 2, '', '', 'MARIBEL', 'FLORES', '', '4681321664', '', 'Dolores Hidalgo', '$2a$08$ZW1H1RpD88GYJZyKFVxOSOnsaQNIaywcFpKWK8KISqur/2M4aotN2', 'xTOyZkOO', NULL, NULL, 1, 0, '2023-03-20 17:34:07', '2023-03-20 17:34:07'),
(287, 2, '', '', 'LEONEL ', 'MARTINEZ', '', '4181295858', '', 'Dolores Hidalgo', '$2a$08$CFlTMKO9pB34QJDq3cON4OdahC0Ig6ZTlFqsZBeZjiw5dwkQAJYPS', 'TlNTnWjU', NULL, NULL, 1, 0, '2023-03-20 17:36:31', '2023-03-20 17:36:31'),
(288, 2, '', '', 'BERENICE ', 'GUERRERO', '', '4181498740', '', '', '$2a$08$LF2QcsTHsQIxuuTW9FgMiu1aXLOSyO3Js8EOYXScZOzMkWKhWAoi2', '1UDrinrZ', NULL, NULL, 1, 0, '2023-03-20 17:42:29', '2023-03-20 17:42:29'),
(289, 2, '', '', 'JOSE ', 'AGUILAR ZAMARRIPA', '', '5646278967', '', 'Dolores Hidalgo', '$2a$08$L08mXhYitM1Efj63pts3weSPAzCq/kgm.ww8b0E4iFW/rGxDMZLE2', 'BDLM2CSU', NULL, NULL, 1, 0, '2023-03-20 17:48:33', '2023-03-20 17:48:33'),
(290, 2, '', '', 'CRISTINA ', 'ALVAREZ', '', '4185933691', '', 'Dolores Hidalgo', '$2a$08$Grwkqsp9l5NGKvJFRAGl/eVBUjlQXaPAkw6j8cL3ppxE7cHNyMuZC', 'bRG6nKNx', NULL, NULL, 1, 0, '2023-03-20 17:57:55', '2023-03-20 17:57:55'),
(291, 2, '', '', 'ARIADNA', 'FRACCIONAMIENTO', 'VILLA FONTANA', '4425550522', '', '', '$2a$08$2ZV0KWGMD0o9vIhCTjhLBOtQX/25kpBPjAamgNroF4VJlbQCBWJu.', 'ec9xTcuw', NULL, NULL, 1, 0, '2023-03-28 11:37:55', '2024-08-12 23:55:28'),
(292, 2, '', '', 'SRA. ELDA', 'COL. CERRO DEL PEROTE', '', '', '', '', '$2a$08$8CyBNJBAz5K0JOxCP3fhhel8TORui7Kc0YfYVaOwYdqXAxZJHSTxm', 'Zu52grck', NULL, NULL, 1, 0, '2023-03-31 15:03:46', '2023-03-31 15:03:46'),
(293, 2, '', '', 'SRA. RAQUEL', 'PRIVADA DEL SOL 35', '', '', '', '', '$2a$08$LOWv8/dHGkVJDPNeapAEY./c7hZVUS5TOVtIaZ94NIjp9q83lNmny', 'xu0tsUeg', NULL, NULL, 1, 0, '2023-03-31 15:05:49', '2023-03-31 15:05:49'),
(294, 2, '', '', 'SRA JOSE FINA ', 'COL. PINAL DE AMOLES', '', '', '', '', '$2a$08$gJC2e7Ml64/2WdpZDCurWOoUQVk89XnBEa8.ylXga9MdoaXKETPL2', 'wkUMzx0s', NULL, NULL, 1, 0, '2023-03-31 15:06:33', '2023-03-31 15:06:33'),
(295, 2, '', '', 'SRA. MARTHA', 'COL. ARBOLEDAS', '', '', '', '', '$2a$08$4KsvwRzRJZobSakMJdY.9eg0sh42g048khsFRnVPNKO4JWf87LnJ6', 'UO657Fe3', NULL, NULL, 1, 0, '2023-03-31 15:07:33', '2023-03-31 15:07:33'),
(296, 2, '', '', 'ALMA ROSA', 'JURICA', '', '9211285802', '', 'Segunda de cedros 1019 jurica\r\n', '$2a$08$izFSAPVXRjYK4Ho.yk5yWucT5UlKb1GvA8/q.IbtGqhweRaaHA71a', 'm38XnhGc', NULL, NULL, 1, 0, '2023-04-22 10:06:10', '2023-04-22 10:06:10'),
(297, 2, '', '', 'LEONARDO', 'GOMEZ', '', '4151001153', '', '', '$2a$08$GqmZb2OkkDdurU.3tdYwU..Ds3qiYlT1E5ctSoSwX2nQy9nOrgKs6', 'PRA1e5kf', NULL, NULL, 1, 0, '2023-05-05 10:41:53', '2023-05-05 10:41:53'),
(298, 2, '', '', 'OSCAS ', 'LUNA', '', '4191084154', '', 'Santiago de Queretaro', '$2a$08$UG8yOR536l/C.WXeH.iGOuYVVdFadiVB5tChM0jWBa14mCh2JkQuu', 'seA03BRY', NULL, NULL, 1, 0, '2023-05-12 17:22:35', '2023-05-12 17:22:35'),
(299, 2, '', '', 'MARTY ', 'SORIA', '', '', '', 'El salitre', '$2a$08$k8jcaeRfFgwnbM4sRDTE8eVBtsT933e4lbvC4ZfC5/WLWdZUzNpEa', 'P6AEISmw', NULL, NULL, 1, 0, '2023-05-16 11:17:15', '2023-05-16 11:17:15'),
(300, 2, '', '', 'HUEGO ', 'ALDAMA', '', '4423381997', '', 'santiago de queretaro', '$2a$08$yxWgd7lJLwnj6Psg1gyu5.uPAe9O4z3vA6HqNrZIGhVw9NlhMph.e', '489EUTFS', NULL, NULL, 1, 0, '2023-05-18 19:27:58', '2023-05-18 19:27:58'),
(301, 2, '', '', 'COMERCIO', 'TAMAGOSHI', '', '', '', 'BULEVARD HACIENDA DEL JACAL 710 A JACAL 76180 QUERETARO', '$2a$08$eCGb1o5MTUvlTkSmuHLQROIddJ4YdqSjaaFiAhMDf.WtXr/yXpoHG', 'hKecUYaf', NULL, NULL, 1, 0, '2023-05-24 10:28:23', '2023-05-24 10:28:23'),
(302, 2, '', '', 'FENANDO ', 'ROMERO', 'GUZMAN', '4181686724', '', '', '$2a$08$QptRUCKl80capYbP6kSF6OKzdbUPP131KX7t9fGLTs7YvTLb79OfG', 'tGsghKZL', NULL, NULL, 1, 0, '2023-06-01 11:13:40', '2023-06-01 11:13:40'),
(303, 2, '', '', 'VENJAMIN', 'GARCIA', '', '4155661989', '', '', '$2a$08$n6WMVACPYrJaRnGUNyojSOMTh903KbC2vUN31HKR8..FjTBBTe2ka', 'z9Az2FUM', NULL, NULL, 1, 0, '2023-06-19 10:51:27', '2023-06-19 10:51:27'),
(304, 2, '', '', 'ÁNGEL IVÁN ', 'BARRAGÁN', 'CRUZ', '4428110128', '', 'Francisco I Madero 76 col Centro, Querétaro, Querétaro, CP 76000', '$2a$08$qVyR/37PGCoYtkGF/dSlTOuWe48TNnGi61bGYMXwE9qGd5oEMMiVW', 'isWBSySN', NULL, NULL, 1, 0, '2023-06-26 11:07:11', '2023-06-26 11:07:11'),
(305, 2, '', '', 'ÁNGEL IVÁN ', ' BARRAGÁN ', ' CRUZ', '4428110128', '', 'Francisco I Madero 76 col Centro, Querétaro, Querétaro, CP 76000', '$2a$08$gqPP3jCFSsuFf1blbbSc/.6QDfC9.KIqqrPazYnzBjTiUW/hPPPgi', '4w8Im0ln', NULL, NULL, 1, 0, '2023-06-26 11:10:04', '2023-06-26 11:10:04'),
(306, 2, '', '', 'ROCK', 'AND TORTAS', '', '4425110128', '', 'Francisco I Madero 76 col Centro, Querétaro, Querétaro, CP 76000', '$2a$08$aWOGlEBaKtNgfDx/EUH3UuZN22PbuLqFtB0RTY1iGwd23HnTGZSpC', 'knLmUwtC', NULL, NULL, 1, 0, '2023-06-26 11:14:19', '2023-06-26 11:14:19'),
(307, 2, '', '', 'LECHE Y PAN', 'ARVIZU', '', '4191807470', '', '', '$2a$08$wvPPQ36rBwmqIrD6n1xeZuE1utZTAU0cz39FrqoRWbtN57m7xeuAG', '6o6R1fCt', NULL, NULL, 1, 0, '2023-07-03 10:42:10', '2023-07-03 10:42:10'),
(308, 2, '', '', 'CRISTIAN ', 'ARRAZATE', 'CASTELLANOS', '', '', '', '$2a$08$IPCVhmaDU1hSrSYb.iDLcuZybhnAMDUsV.CogxHdlR5ToYISXnJty', 'JZwJC2pr', NULL, NULL, 1, 0, '2023-08-24 15:52:20', '2023-08-24 15:52:20'),
(309, 2, '', '', 'ANDREA ', 'TAPIA', '', '4426375638', '', 'LICENCIADO PARA #39 ANA FRANCISQUITO', '$2a$08$VSIHKuXsc64RuKE6spPb.u4p6/nYB5dLHQQTYKmQojoTQdvxITlV2', 'Q8coC4Rq', NULL, NULL, 1, 0, '2023-08-29 16:26:20', '2023-08-29 16:26:20'),
(310, 1, 'ROVS841118HGTDRL07', NULL, 'Salvador Irery', 'Rodriguez', 'Vargas', '4151811495', 'salvador.irery@gmail.com', NULL, '$2a$08$QMBZCsWW0xh.cy4LptRiP.Gj/jNClUJDYasORZWJBo9D2P7LJ/jEC', '', '1c0bdd54ce92cb2aaf92b3d3fa8333f7', NULL, 0, 0, '2023-09-18 15:44:30', '2023-09-18 15:44:30'),
(311, 2, '', '', 'FRUTERIA', 'Y POLLERIA', 'CERRITO COLORADO', '4427993401', '', 'CALLE CHOLES Y PAMES #108 COL. CERRITO COLORADO', '$2a$08$0s/EstNw0zhbj4GlU8W.zehnzNkIvBT/glU857aYAg1hf6dMeL/QG', 'CnBCKMLB', NULL, NULL, 1, 0, '2023-09-21 12:03:14', '2023-09-21 12:03:14'),
(312, 2, '', '', 'ANABEL', 'RAMIREZ', '', '4181096773', '', 'dolores hidalgo\r\n', '$2a$08$7lRrmvuuKNHKsuoyovFBzeE1PMjN3dvPTrl9EjtXLWmEWoxjysmEu', '7h5DdDPf', NULL, NULL, 1, 0, '2023-09-21 18:08:50', '2023-09-21 18:08:50'),
(313, 2, '', '', 'ANGEL ', 'RODRIGUEZ', '', '4181189301', '', '', '$2a$08$Dk3wE08VgfI7dvLD.8yh/e2Z9iFt7gNB/SvnKz5vdhlVyCMHDGb.6', 'gGWgrLFO', NULL, NULL, 1, 0, '2023-09-21 18:30:30', '2023-09-21 18:30:30'),
(314, 2, '', '', 'PATRICIA', 'ALVEREZ', '', '4181551552', '', 'dolores hidalgo', '$2a$08$V3Ba8Wg562da/22zdDiOFO8ydC5cvksEot1hejH0YkQSltbbEndH6', 'ZYcA5xxF', NULL, NULL, 1, 0, '2023-09-21 18:32:48', '2023-09-21 18:32:48'),
(315, 2, '', '', 'CITLALY ', 'MARTINEZ', '', '4181469349', '', 'Holores Hidalgo', '$2a$08$8EuNn9iqWRWp5THtf1hUje1JSQrYRdfcH4OG4SiU7ZnT24kmHZjmW', 'JBrBlrRH', NULL, NULL, 1, 0, '2023-09-21 18:36:19', '2023-09-21 18:36:19'),
(316, 2, '', '', 'HERIBERTO', 'CRUZ', 'SOLIS', '4181566010', '', 'Dolores Hidalgo', '$2a$08$xjdHDDAxKPDdRmIR1irPbuT09HXVTC6aPXR/24r8SwFBFi7C8H.F.', 'ATAtInD5', NULL, NULL, 1, 0, '2023-09-21 18:52:43', '2023-09-21 18:52:43'),
(317, 2, '', '', 'DAVID ', 'RAMIREZ', '', '4181124999', '', 'Dolores Hidalgo\r\n', '$2a$08$PVLiknWxt/CtarnaYbTHn.NT9KqF6FfcjXs1ixylJCy5o.miE8exa', 'q4cpJF2T', NULL, NULL, 1, 0, '2023-10-12 18:28:05', '2023-10-12 18:28:05'),
(318, 2, '', '', 'MARTINA ', 'ARELLANO', '', '', '', 'Dolores Hidalgo\r\n', '$2a$08$C8W0ePudLcJhJSYNGtgVUOK5NM2ImQOW932dG8QMhpsXnCMTBg.6O', 'sUtcAzcT', NULL, NULL, 1, 0, '2023-10-12 18:36:06', '2023-10-12 18:36:06'),
(319, 2, '', '', 'JOSE ', 'RAMIREZ', '', '4181151784', '', 'Dolores Hidalgo', '$2a$08$8hdKLmYeT.Yhj60lhN/VGOeVSY3rGm.HYMwRQSTNjZtTHV87e6BUS', 'lzZlA075', NULL, NULL, 1, 0, '2023-10-12 18:39:52', '2023-10-12 18:39:52'),
(320, 2, '', '', 'ELA ', 'MENDEZ', '', '4181814110', '', 'Dolores Hidalgo', '$2a$08$zlj3gKXn9Kn78pMmJzvSwu5rdAfO9pAMTtewHkKiY6xq.xWMjmg7q', 'Aaw6FqFk', NULL, NULL, 1, 0, '2023-10-12 18:42:29', '2023-10-12 18:42:29'),
(321, 2, '', '', 'GUADALUPEZ', 'GUZMAN', '', '4181014294', '', 'Dolores Hidalgo', '$2a$08$6wA2O0cMSss7P1ik/szqz.Owi2xesKc4UsFiRRakHZ1O3iUzmHk6a', 'yOnPZuKJ', NULL, NULL, 1, 0, '2023-10-12 18:45:12', '2023-10-12 18:45:12'),
(322, 2, '', '', 'ANA ', 'CAZTRO', '', '', '', 'Dolores Hidalgo\r\n', '$2a$08$UW4pjdov6VYOCl0IdSGis.a.ecJPbwmddghJQkUSfhJ.UClzHgbDG', 'xGrWPwW2', NULL, NULL, 1, 0, '2023-10-12 18:47:34', '2023-10-12 18:47:34'),
(323, 2, '', '', 'MARTHA', ' ALVAREZ', '', '4428164286', '', 'Colonia vista hermosa, calle vista Hermosa', '$2a$08$IwLNJGxStpc8EoheJzftz.uvIy4Fzq28SwRYchVSBx6Z.v2943Y6S', '71flRFxK', NULL, NULL, 1, 0, '2023-10-24 19:03:09', '2023-10-24 19:03:09'),
(324, 2, '', '', 'JOSE LUIS', 'PEÑA', 'MEDRANO', '3221187682', '', 'San miguel De allende', '$2a$08$0kv2QOf5CtOJqKjoD3XIruitxg9dpTQ2gumEy0.ywu7yzU6wW4VhW', 'G61ab5NL', NULL, NULL, 1, 0, '2023-10-31 10:24:58', '2023-10-31 10:24:58'),
(325, 2, '', '', 'ALEJANDRA ', ' MIRANDA', '', '4428219610', '', 'Villas de Jacarandas  int 3j2', '$2a$08$GO6Nfep2xCK.bqwyFRb.h.48oT2LyFEifSRaX7oDwLxWVzSva.ile', 'QnMLFdaZ', NULL, NULL, 1, 0, '2023-11-07 18:08:28', '2023-11-07 18:08:28'),
(326, 2, '', '', 'FRUTAS Y ', 'VERDURAS ', 'AV. TARAHUMARAS', '4422388210', '', 'avenida tarahumaras, colonia cerrito colorado', '$2a$08$ocIJSRV.Ljo8Wrqvr67hFOeSQwhg2.dnbTJ..1bDYRFM4ykx.KfBK', '7tOYCY8J', NULL, NULL, 1, 0, '2023-11-24 17:45:34', '2023-11-24 17:45:34'),
(327, 2, '', '', 'ANA KAREN ', 'NUÑEZ', '', '7724693248', '', 'JURIQULLLA ', '$2a$08$yO/GEpBjIYFE0pz42YQaG.dCWsUjzydbH.hpIjB3/sw2ZxfqcJdSi', 'tCnwdR2w', NULL, NULL, 1, 0, '2023-11-27 17:39:04', '2023-11-27 17:39:04'),
(328, 2, '', '', 'LUCY & FARMS', 'MERCAD0 DE FRUTAS', '', '4423348265', '', 'AVENIDA DON VOSCO, COLO EL PUEBLITO SANTIAGO DE QUERETARO', '$2a$08$/rTEWf5Bu3M1mrOxidqhiuDtC0HWLRSOuRJ7OjLUI.NRw1dr9z2aK', 'ZAAB0lhN', NULL, NULL, 1, 0, '2024-03-04 10:23:45', '2024-03-04 10:23:45'),
(329, 2, '', '', 'FRUTERIA ', 'LOS JUANES', '', '3513070677', '', 'SAN JOSE ITURBIDE ', '$2a$08$t09vq1J8Bc4Hhb5bJ4Od7.NKMZywW3z7Fk1Qb/ft3eVxDanshM6ce', 'T42yeTcJ', NULL, NULL, 1, 0, '2024-03-05 10:35:20', '2024-03-05 10:35:20'),
(330, 2, '', '', 'JAVIER ', 'HERNANDEZ', 'PEREA', '4421713438', '', 'Santiago de queretaro', '$2a$08$ZoYe5KVKf.KrRR1TiJX8NOtKJ1phkhEUgPiLylb11Bav33eRUwz2e', 'uFZeFt75', NULL, NULL, 1, 0, '2024-03-06 17:42:08', '2024-03-06 17:42:08'),
(331, 2, '', '', 'JOSE  OSCAR', 'SANDOVAL', '', '', '', 'hidalgo', '$2a$08$RumiFJnTaY1Wp.289r5wkO8hxSBjoXNTtxf3Qj0Xtjv6jbdXHxx3O', 'hyO6IIk9', NULL, NULL, 1, 0, '2024-03-06 18:15:51', '2024-03-06 18:15:51'),
(332, 2, '', '', 'VICENTE ', 'GONZALES', '', '4423738164', '', '', '$2a$08$AvTj6OvCa9BCq3pRMESfS.duAArSGfCLVMusk8.2VZeLKr1WEGZLS', 'ZozwjJEM', NULL, NULL, 1, 0, '2024-03-20 10:56:12', '2024-03-20 10:56:12'),
(333, 2, '', '', 'LOMA DE SAN JUAN 80 ', 'LOMA DORADA ', '', '', '', '', '$2a$08$OuwsALN6a2rsaLHdR2/fJeOk1ahqkAESjV1XlB.kWpDgBJjl5R8Nm', 'Sx1o1RXu', NULL, NULL, 1, 0, '2024-04-23 12:19:08', '2024-04-23 12:19:08'),
(334, 2, '', '', 'CRISTIAN', 'ARRAZATE', '', '9932094402', '', 'prolongacion tegnologico 998 Agencia de Kia', '$2a$08$gu4AK2U51SYv0e/pKuWy.OgZxrKg5xDCUvTQw8RtMhDdPFUpm2zeW', 'uw2np2uG', NULL, NULL, 1, 0, '2024-05-06 19:34:19', '2024-05-06 19:34:19'),
(335, 2, '', '', 'FELIPE ', 'GARCIA', '', '4181786210', '', '', '$2a$08$/gi7FRXb3SIW/j3hR7BVlumDyzksFNp0jw6QY3xIEYIO7B2lgtlxm', 'Qldxjnpu', NULL, NULL, 1, 0, '2024-05-28 10:23:53', '2024-05-28 10:23:53'),
(336, 2, '', '', 'FRUTAS Y VERDURAS', 'EL HUERTO', '', '4621096799', '', 'zobata, plaza zielo  local el huerto, atras de farmacia guadalajara', '$2a$08$XZB3IaRE0Q04pBByymJW5O2vh7yVVgQtddMyBUrPtYwXzCJqBsxby', 'XiFFL6tZ', NULL, NULL, 1, 0, '2024-06-20 17:22:00', '2024-06-20 17:22:00'),
(337, 2, '', '', 'FRUTAS Y ', 'VERDURAS', 'ISAIAS', '7221767668', '', 'san jose iturvide, colonia centro', '$2a$08$nU3CDavgj6/IAkiOcF4RPelsYfa40/zKPLWzmG7qlS3HtgeNk2Jm.', '5LH2wfmR', NULL, NULL, 1, 0, '2024-06-25 11:17:12', '2024-06-25 11:17:12'),
(338, 2, '', '', 'SONIA RESIDENCIA MISION CONCA', '67- B', '', '', '', 'RESIDENCIA MISION CONCA Fray Junipero Serra 3000', '$2a$08$V4QlXNr3nSHMOapnYYvSzuB1CXiEU/e/rdRpji6pbwEZsHMzUd7pi', 'qCmjJZnU', NULL, NULL, 1, 0, '2024-07-02 13:20:50', '2024-07-02 13:20:50'),
(339, 2, '', '', 'TERE RESIDENCIA MISION CONCA ', '62- A', '', '', '', 'RESIDENCIA MISION CONCA  Fray Junipero Serra 3000', '$2a$08$Mle.U4/LfvJoyKhVRetb..IU8lmpdnGGEjeCjW.O7/blttbgVCUWq', 'X9dj03ql', NULL, NULL, 1, 0, '2024-07-02 13:21:32', '2024-07-02 13:21:32'),
(340, 2, '', '', 'FER MISION MISION CONCA', '96-A', '', '', '', 'MISION MISION CONCA Fray Junipero Serra 3000', '$2a$08$R1J4L6xagJCRvKYToXqvuO7Q65khzr8qqU6wkhVI8oAz6KggBVYPK', '9LoSAw1H', NULL, NULL, 1, 0, '2024-07-02 13:26:35', '2024-07-02 13:26:35'),
(341, 2, '', '', 'EDUARDO', 'ARCA', '', '4428472724', '', 'CARRETERA FEDERAL LIBRE CELAYA-QUERETARO KM 13 ESTACION SAN ISIDRO', '$2a$08$xxholdJGPzOoMJvm8tgAq.JXLy7B97lDtDUljeGFhvDpXVSndPTGW', 'Up4ypqn7', NULL, NULL, 1, 0, '2024-07-22 11:19:39', '2024-07-22 11:19:39'),
(342, 2, '', '', 'BERNARDINO ', 'LICEA', '', '4181240496', '', 'Calle juarez #26 san jose iturbide', '$2a$08$UQpuHDe1O7YQcy0kJeGbqul7Nf3ho1onS/TTQTZyLs2abJUZp.ukC', 'bpMPge9J', NULL, NULL, 1, 0, '2024-07-30 18:25:28', '2024-07-30 18:25:28'),
(343, 2, '', '', 'KARLA ', 'GARCIA', '', '5514757638', '', 'Pontevedra 11 casa 8 con karla Garcia', '$2a$08$zy7c5Bs9utSNYcwzLltzlOrrUcXkAWNiXpxD0n1jWr5PdaClpfMji', 'oElcr3RE', NULL, NULL, 1, 0, '2024-07-30 18:53:58', '2024-07-30 18:53:58'),
(344, 2, '', '', 'SEBASTIAN ', 'HERRERA', '', '4611249644', '', 'Hacienda del campanario #99 campanario 76146 Santiago de Queretaro.', '$2a$08$0L.drZESgLpUhiY8yGjuqOQ3ecgIJgTMSno3gIo2zB2ckpjlyr./y', 'UTYMDmD9', NULL, NULL, 1, 0, '2024-08-07 18:10:35', '2024-08-07 18:10:35'),
(345, 2, '', '', 'GERARDO', 'CRUZ ', 'MONTIEL', '7721427569', '', 'HIDALGO', '$2a$08$Pr2m4zCvMZTUvnh8glndcewL/S1xyX4SKnVxP3DfWNTqXVOxfBKS2', '3EUMr4hL', NULL, NULL, 1, 0, '2024-08-12 18:48:57', '2024-09-04 18:17:00'),
(346, 2, '', '', 'MARIBEL ', 'FRACCIONAMIENTO', 'VILLA FONTANA', '7223691422', '', 'Cerrada Montesacro #103 int 30 col. villas fontana Queretaro ', '$2a$08$oyDN6YlG6nOIQdX5VQsBgeauJ9.PI6xo52KoSBgibHJ3axeEFRMae', '4849XFGJ', NULL, NULL, 1, 0, '2024-08-12 23:59:23', '2024-08-12 23:59:23'),
(347, 2, '', '', 'FRESCO NATUTAL', 'Y SANO', '', '4641064371', '', 'celaya, recorrido a un punto medio. (sin direccion exacta)', '$2a$08$sSc7fF3Ycb9B7sz/T/QHzuS1vOpppZ1l2GvGL5uV6YvlHzbkPHitK', 'UbxEH1P4', NULL, NULL, 1, 0, '2024-08-13 00:04:15', '2024-08-13 00:04:15'),
(348, 2, '', '', 'TURENA ', 'ALCANTARA', 'DIAZ', '5550755487', '', 'Fraccionamiento Dos valles condiminio Acacia B casa 100', '$2a$08$13JWnZNcPpIlQ1S7fOO0/.xON/UasOhzdjrp0OKlQnutlWErYwdnK', 'FxEnONuh', NULL, NULL, 1, 0, '2024-08-13 18:36:45', '2024-08-13 18:36:45'),
(349, 2, '', '', 'RAFAEL', 'LOPEZ', '', '4481088314', '', 'la biosfera juriquilla, torre D de la 402 ', '$2a$08$GhERPA4Ue1naZkKuxtl7fetl2PAnkX3dYM9W1DAGdg3HlWmxN/3rK', 'agJa1BQX', NULL, NULL, 1, 0, '2024-08-20 13:08:38', '2024-08-20 13:08:38'),
(350, 1, 'CAMJ730806GK2', NULL, 'Jose Jesus Salvador', 'Cabrera ', 'MartíNez ', '4737560488', 'jjscabrera@hotmail.com', NULL, '$2a$08$1zES.VTPHnxuq1a5sTQkgubwB7ST/FWbS6e4J8DD8ZWOxpbAe7c8O', '', '12e310d39b75cafa12eff3353e4c12d4', NULL, 0, 0, '2024-08-27 21:23:49', '2024-08-27 21:23:49'),
(351, 2, '', '', 'MARIA', 'JESUS', 'JUEREZ', '44245232', '', 'Hacienda de los martinez 134 las teresas', '$2a$08$dqszBTKpCujtPW5a1bcAC.Vcsh0ng2.LnfMWG0kx/s3BtoTq/58Su', '35PlZmnw', NULL, NULL, 1, 0, '2024-08-29 13:13:03', '2024-08-29 13:13:03'),
(352, 2, '', '', 'GRANJA ', 'NUTRIHAPY', '', '5539151203', '', 'texcoco ciudad de Mexico granjas NUTRIHAPY', '$2a$08$/vEZXdPWj3SixO0VNuTd8.7zs4dbLp55TdTWo2.m/GCO0XKJeZYoS', 'roW2NuJE', NULL, NULL, 1, 0, '2024-09-02 00:48:39', '2024-09-02 00:48:39'),
(353, 2, '', '', 'ANDRES ', 'MORENO', '', '5563241227', '', 'Santiago de Queretaro ', '$2a$08$3Pap3wcsubUE05QswofeUODza5yrTJ.7QWiwEZnIGtV6vOOYIkIuu', 'u57epU1R', NULL, NULL, 1, 0, '2024-09-11 18:54:13', '2024-09-11 18:54:13'),
(354, 2, '', '', 'MARCELA ', 'CORTES', '', '4181879824', '', 'Santiago de Queretaro', '$2a$08$CQ31eKepjzzsP.Y42U72D.LB23mnn1XBhEXBQbfU.8t7gaFGO0ZJq', 'Yow6M5T0', NULL, NULL, 1, 0, '2024-09-11 18:58:11', '2024-09-11 18:58:11'),
(355, 2, '', '', 'JOSE ELIAS', 'SANTIAGO', '', '4421903755', '', 'cerca de miguel de unamuno 102 zona 2 extendida prados del mirador 76070 Santiago de Queretaro', '$2a$08$x/71FM7GIrLyqjLBFqcvWO1xlWpRzFfQH7XCwNBchYNlHoFnZUs0u', 'fS8jE3fx', NULL, NULL, 1, 0, '2024-09-17 19:08:02', '2024-09-17 19:08:02'),
(356, 2, '', '', 'MARTHA MORA', 'HEALY', '', '5537347822', '', 'El refugio', '$2a$08$oR5WFWgLQHxynJmlRnHVSuPHDoP6njAjbuFeDSGXR7UlAq0c0nEqq', 'Jdcyrd5c', NULL, NULL, 1, 0, '2024-09-19 11:49:16', '2024-09-19 11:49:16'),
(357, 2, '', '', 'SANDRA ', 'SOTO', '', '4181047337', '', '', '$2a$08$Epl2FRSqQqnnRZwD8QKBverJxZQxSwaD3yD72MgkHX4UDqql5HL4y', 'h5eLfz2C', NULL, NULL, 1, 0, '2024-09-19 21:20:26', '2024-09-19 21:20:26'),
(358, 2, '', '', 'EDGAR', 'SOSA', '', '4427429014', '', 'Fraccionamiento hugo gutierrez', '$2a$08$diqHNAz/.hCm8/3ucfEQ8.Csief12dmj2w98wh/45ECwNmL9tf7XC', 'cC7uhDnE', NULL, NULL, 1, 0, '2024-09-23 18:33:26', '2024-09-23 18:33:26'),
(359, 2, '', '', 'JUAN JOSE', 'URIBE', '', '4427856517', '', '', '$2a$08$JPBTn7a8DbdBadDGk47h9OqCCvpbQ5xmjdiKg3NuYfhUgIOd9HCjW', 'xXKlJFDi', NULL, NULL, 1, 0, '2024-10-15 16:13:52', '2024-10-15 16:14:36'),
(360, 2, '', '', 'RESTAURAN', 'MARIMAR', '', '5540845838', '', 'Boulevard jurica la campana #947 caletto juriquilla', '$2a$08$e/QK9sQrFVmrX8aRjyNWHOQ9LokQsvnKsS5VjBYDEH9d17QDXiPzC', 'thT0Alhj', NULL, NULL, 1, 0, '2024-10-15 16:16:00', '2024-10-15 16:16:00'),
(361, 1, 'RIMO020519HGTVRCA5', NULL, 'Octavio', 'Rivera ', 'Moreno', '5246139814', 'or93429@gmail.com', NULL, '$2a$08$21cZeRSQUby8bS8YQ6qIrOq/nburUxgrynZ0f18a7XsdQh.Kk04ci', '', 'c58efbe5d95ef42263d297df8b8e2282', NULL, 0, 0, '2024-10-24 08:43:47', '2024-10-24 08:43:47'),
(362, 2, '', '', 'CARMEN', 'MENDEZ', '', '4181345120', '', 'Dolores Hidalgo', '$2a$08$M9/a/AnP7jAeluzlRXzifODWpqTgsWaSK63EAXnMEipTEeKL2pC0W', 'oTYZFIcr', NULL, NULL, 1, 0, '2024-11-20 10:09:11', '2024-11-20 10:09:11'),
(363, 2, '', '', 'LUIS ', 'HERNANDEZ', '', '', '', 'Dolores Hidalgo', '$2a$08$SJnj.AuJqo8eqadhqVgBxuVL.rwVoz0Cwxlc2TTjqJXalL83j6VRO', 'xPhaCPYX', NULL, NULL, 1, 0, '2024-11-20 10:22:26', '2024-11-20 10:22:26'),
(364, 2, '', '', 'LOURDES', 'VILLEGAS', '', '4181836943', '', 'Dolores Hidalgo', '$2a$08$AdsotuZKi2I0sbqI0tEkcOPTtbfonoifluimz4UySwNtfIpV7q2PC', 'MzNsoW8Q', NULL, NULL, 1, 0, '2024-11-20 10:25:29', '2024-11-20 10:25:29'),
(365, 2, '', '', 'JUAN ', 'ANTONIO CERON', '', '4424793455', '', '', '$2a$08$Qd5gFNPcWE5sR2vS9N05R.V.Q9qaoDjbVQSVMBzUeBJ.Xme.Sueiu', 'kcuAjlwG', NULL, NULL, 1, 0, '2024-11-20 10:53:23', '2024-11-20 10:53:23'),
(366, 2, '', '', 'LIVORIO', 'RODIGUEZ', '', '7264007695', '', '', '$2a$08$FJTBBvY08hDpJ4XsNnDmi.gJ6PyG29ixWSJg.3vO/Re8tsIKVQx6m', '7ERYB4h1', NULL, NULL, 1, 0, '2024-11-20 10:57:16', '2024-11-20 10:57:16'),
(367, 2, '', '', 'HERNAN ', 'GRIMALDO', '', '9407303014', '', '', '$2a$08$2a22mFhUX/Qv6agSjdMIO.Uff/FFOhvhlw/FKcWbNbWAUQlafRCAK', 'Wdfk6fzj', NULL, NULL, 1, 0, '2024-11-20 11:12:00', '2024-11-20 11:12:00'),
(368, 2, '', '', 'MOISES', 'MOLINA', 'SALINAS', '4681142621', '', '', '$2a$08$8vBCKfnl9WpJQYUq8ugzZ.hDGjSTmEldhEwRWK2vGBQ0HgawyyNqi', 'bgtxCR8O', NULL, NULL, 1, 0, '2024-11-20 11:15:18', '2024-11-20 11:15:18'),
(369, 2, '', '', 'TANIA', 'SANCHEZ', '', '4421230107', '', '', '$2a$08$pWI834p.gn8dgL1jU8e2c..XtQegjnjiuZ8F4454228UKBFT4DevK', '8yxkALAG', NULL, NULL, 1, 0, '2024-11-20 11:19:31', '2024-11-20 11:19:31'),
(370, 2, '', '', 'RENE', 'CORONILLA', '', '4681231176', '', '', '$2a$08$GyJpXplYeFn3RooH9ksYX.XkkVIDu1i3Wm3Je8lAq4UqThGfQc.m2', '79CHAY23', NULL, NULL, 1, 0, '2024-11-20 11:43:09', '2024-11-20 11:43:09'),
(371, 2, '', '', 'MISAEL ', 'MOCTEZUMA', '', '4181100460', '', '', '$2a$08$NeAGHo0ZHyRtyiX.OmNG2OnNGuTUidnlL13zu50vZt5MdN8J52I6m', 'pnFkiM6T', NULL, NULL, 1, 0, '2024-11-20 11:48:52', '2024-11-20 11:48:52'),
(372, 2, '', '', 'ERIK', ' RAMIRES', '', '4181712608', '', '', '$2a$08$3F3hq4TwubjRVHmgd49Q3.jm6VFKsToLDLIfGeP0rB7GCyo1AcUoG', 'BstijzZy', NULL, NULL, 1, 0, '2024-11-20 12:00:21', '2024-11-20 12:00:21'),
(373, 2, '', '', 'JONATHAN', 'MORENO', '', '4182676906', '', '', '$2a$08$wE69qplcBM3vEHAdi4WYMuw.B1EtiLKhu5.vPc9Um5kBNnaEb7Xoe', 'BDarU79N', NULL, NULL, 1, 0, '2024-11-20 12:02:15', '2024-11-20 12:02:15'),
(374, 2, '', '', 'JESUS', 'RODRIGUEZ', '', '5652726093', '', '', '$2a$08$wB5YTULwpyAkoxBSvACqP.QhrmWY7EINp3BjbLkSMglz2ALKQr1bG', 'c9wk7pBJ', NULL, NULL, 1, 0, '2024-11-20 12:04:11', '2024-11-20 12:04:11'),
(375, 2, '', '', 'JAVIER', 'HERNANDEZ', '', '4181780165', '', '', '$2a$08$TEc5GsOONYSPxUkpFL4ovOnmtsuZSMfoTLPNHt86EH/P1QpNjxj.e', '0GGeazqk', NULL, NULL, 1, 0, '2024-11-20 12:06:49', '2024-11-20 12:06:49'),
(376, 2, '', '', 'MANUEL', 'ARELLANO', '', '4681063399', '', '', '$2a$08$fOJ5ivQmyMaWwL.YOw0nR.dXrNCvErovw65tlLGomg5KF7BsMhwXy', '3TKL8g1o', NULL, NULL, 1, 0, '2024-11-20 12:11:05', '2024-11-20 12:11:05'),
(377, 2, '', '', 'ISMAEL', 'VILLEGAS', '', '4181837046', '', '', '$2a$08$i1H7bROBFQP8I/s4iJNs.u3sx50qbruU/JxnWCgy8nW0/IxFVL2Z.', 'wGPOdWAA', NULL, NULL, 1, 0, '2024-11-20 12:13:41', '2024-11-20 12:13:41'),
(378, 2, '', '', 'MARIANA ', 'ALVAREZ', '', '418151139', '', '', '$2a$08$TW8dll/bU2pqZvANPjzjw.9pgwfLT1T/apm86X.OrHAkSvr/zNxMS', 'LWQX7LUz', NULL, NULL, 1, 0, '2024-11-20 12:15:10', '2024-11-20 12:15:10'),
(379, 2, '', '', 'VELENTINA ', 'SUÑIGA', '', '4181294037', '', '', '$2a$08$MmnXUbFcpvsVNYiGcU0cn.OWlIkN2tD1/RkgKAbaF90TiiifJWB2C', 'ENKkBB0L', NULL, NULL, 1, 0, '2024-11-20 12:19:11', '2024-11-20 12:19:11'),
(380, 2, '', '', 'YESENIA', 'HUERTA', 'AGUILAR', '8442035028', '', '', '$2a$08$BRM07MM/NJvpT.FBgiuQK.7KkgK7sA3nmzPEGmn1P8YNTDQq/zfJS', 'O8uRW9BJ', NULL, NULL, 1, 0, '2024-11-20 12:22:28', '2024-11-20 12:22:28'),
(381, 2, '', '', 'RIGOBERTO ', 'EXIGIA', '', '4427124844', '', '', '$2a$08$TFJ5vbwKsrGKn6cttT6R.uhXAXYCumE8zeU/rGPxdx4TZmt8Bxg0G', '44byG3XF', NULL, NULL, 1, 0, '2024-11-20 12:25:40', '2024-11-20 12:25:40'),
(382, 2, '', '', 'MARTIN', 'MARTINEZ', '', '4182773452', '', '', '$2a$08$obtB3sHotp16fTy0W7fY1.uE4ihwKv3tnYOo8U8dJuyZETyhtcypC', 'ggBugJ6c', NULL, NULL, 1, 0, '2024-11-20 12:27:27', '2024-11-20 12:27:27'),
(383, 2, '', '', 'PAULINO', 'VILLEGAS', '', '4181780165', '', '', '$2a$08$hA93rYAG8jqiI/eLKjj.XeFQLG9KBHwYX9ryWO9ltaVuvi7p6ElQK', 'FG7DYNrX', NULL, NULL, 1, 0, '2024-11-20 12:33:34', '2024-11-20 12:33:34'),
(384, 2, '', '', 'ARTURO', 'SANCHEZ', '', '4181812051', '', '', '$2a$08$JgjUqBXsUcuPVwsh6x7eN.Jaemwf0GYaNnl0nw7CH.RGbBcvLvNPS', 'WIYcKC6I', NULL, NULL, 1, 0, '2024-11-20 12:36:49', '2024-11-20 12:36:49'),
(385, 2, '', '', 'ALBERTO', 'GRANADOS', '', '4181112063', '', '', '$2a$08$sDH32bbiZhmuqn4/WZhZKOauIpq2.Rl8KgCpjEUN8X16L1RAyDdTO', '7g2Stl3x', NULL, NULL, 1, 0, '2024-11-20 12:42:37', '2024-11-20 12:42:37'),
(386, 2, '', '', 'FAVIOLA', 'ZUÑIGA', '', '', '', '', '$2a$08$KY8UBKhigcn5jQX72fNmm.Y2Y5TFtXnR.AakXwm4Qiq6n1YxB2Ul2', 'WlPDsy4C', NULL, NULL, 1, 0, '2024-11-20 12:46:00', '2024-11-20 12:46:00'),
(387, 2, '', '', 'HERMINIO', 'LANDEROS', '', '', '', '', '$2a$08$wpBDpOhOhN5ZAEBkUNuhTOxnGWDGYbD4q3BG/cJHvI45JBMqaRt5K', 'fGASQ8iU', NULL, NULL, 1, 0, '2024-11-20 12:49:34', '2024-11-20 12:49:34'),
(388, 2, '', '', 'EMILIO ', 'MORENO', '', '4421040148', 'sensorio.comida.cafe@gmail.com', '', '$2a$08$OjZxhMCahLb7dJ4gJzQnm.K3yZK.0u3Tna0TsP/vmi28aiNEgbGDu', 'CKunJ4oy', NULL, NULL, 1, 0, '2024-11-30 14:01:44', '2025-02-10 11:38:41'),
(389, 2, '', '', 'VINO ', 'PREMIER', '', '9848012687', '', '', '$2a$08$6TYbe.DmpfbpB9T1drJx5uIs8LdQlKJeBfOLjV5JsPY11giteFbHK', 'yNKnsSzT', NULL, NULL, 1, 0, '2024-12-16 14:41:40', '2024-12-16 14:41:40'),
(390, 2, '', '', 'ANDRES', 'CRUZ', '', '4426134355', '', 'av. santa fe #144 fraccionamiento las lunas int. #46', '$2a$08$YhfT/lC7Bf7ig6LwBQBA/eDvdr5/Q40Eg.CS61F9kdgyvNPbOHWxa', 'UhywX1cm', NULL, NULL, 1, 0, '2025-01-14 13:05:36', '2025-01-14 13:05:36'),
(391, 2, '', '', 'PUERTA ', 'NAVARRA ', '', '4424851243', '', 'Fraccionamiento puerta Navarra, condominio la raona', '$2a$08$5yiznOBaIBqtg9nMsUG9geIQo80gIfNGn.wRmLTgGFcCeeIHVdpz.', 'IBxaBUcP', NULL, NULL, 1, 0, '2025-01-21 13:00:12', '2025-01-21 13:00:12'),
(392, 2, '', '', 'ZIBATA ', 'VALLE DE ORBA 14', '', '2226623707', '', 'Zibata valle de orba #14 ', '$2a$08$17dND0sCcu1Ot4gR72H/9.87zwL4e03G2Z0ls4A6/0MuMK.DAHngS', 'GMuygILe', NULL, NULL, 1, 0, '2025-01-21 13:01:52', '2025-01-21 13:01:52'),
(393, 2, '', '', 'VICENTE ', 'GIMENEZ', '', '4425927446', '', '', '$2a$08$UJ05K4QCWRQc7Ju2eqR/S.c6Y9cPZai9mMhfEXHRr25uUzUNjpmw6', 'IWMdHy8r', NULL, NULL, 1, 0, '2025-02-18 17:25:24', '2025-02-18 17:25:24'),
(394, 2, '', '', 'VICTOR ', 'CAZAS', '', '4272191261', '', '16 de Septiembre 40 Pedro escobedo', '$2a$08$vN2iKulVxFAUHWajmoROMeBt7HtJxe8.popKD8qxRVYas/Kn4ooJm', 'EbeDa2ri', NULL, NULL, 1, 0, '2025-02-19 09:31:05', '2025-02-19 09:31:05'),
(395, 2, '', '', 'MIGUEL', 'JARAMILLO', '', '4681372818', '', 'san luis de la paz ', '$2a$08$kDCKw25/g.ZyETfTVU2.OuSTPXX8qEZ8p9hm4uUVyAwC81bvNkTja', 'rgLSETSH', NULL, NULL, 1, 0, '2025-02-25 16:19:34', '2025-02-25 16:19:34'),
(396, 2, '', '', 'JOSE JULIO', 'HERNANDEZ', 'ORTIZ', '4142803068', '', '', '$2a$08$Trh4RzXKGBHG2yLdBDQkQeqFkVfhbCk1oNezfaoJmMBhqHO2toTXa', 'SE40Bmix', NULL, NULL, 1, 0, '2025-03-25 12:28:18', '2025-03-25 12:28:18'),
(397, 2, '', '', 'ARTEMIO', 'COSS', '', '', '', 'LOMAS DEL CAMPANARIO 1 CASA 87', '$2a$08$L0wdhfptanwq.x5R9A4luOVPTtM6/T9meUktkkZECvtEt.BkU6C8i', 'hGrslBDr', NULL, NULL, 1, 0, '2025-03-25 12:34:56', '2025-03-25 12:34:56'),
(398, 2, '', '', 'MIGUEL ALONZO', '', '', '4191033565', '', 'SAN JOSE ITURBIDE', '$2a$08$PH6XOFLXQq2rED.6vyF0Tu0ABlYJXurK3bezvLzSTAzIEL2GKVj8e', 'gKnc7I1F', NULL, NULL, 1, 0, '2025-04-14 18:42:08', '2025-04-14 18:43:05'),
(399, 2, '', '', 'UBALDO ', 'SANDOVAL', '', '4286879060', '', '', '$2a$08$a3UOXtAVlFUwEKvbJ1xswuzfHaXFO7j1IJfvVTmLhgVDWifMKD6EW', 'domKKBP3', NULL, NULL, 1, 0, '2025-04-17 10:36:56', '2025-04-17 10:36:56');

-- --------------------------------------------------------

--
-- Estructura de tabla para la tabla `contacto`
--

CREATE TABLE `contacto` (
  `id_contacto` int(11) NOT NULL,
  `nombre_contacto` varchar(255) NOT NULL,
  `telefono_contacto` varchar(100) NOT NULL,
  `email_contacto` varchar(100) NOT NULL
) ENGINE=InnoDB DEFAULT CHARSET=utf8mb4 COLLATE=utf8mb4_unicode_ci;

--
-- Volcado de datos para la tabla `contacto`
--

INSERT INTO `contacto` (`id_contacto`, `nombre_contacto`, `telefono_contacto`, `email_contacto`) VALUES
(1, 'Luis Miguel Monzón Garcia', '4425050045', 'ventas@ranchoelarenal.com.mx');

-- --------------------------------------------------------

--
-- Estructura de tabla para la tabla `contenido_almacen`
--

CREATE TABLE `contenido_almacen` (
  `contenidoID` int(11) NOT NULL,
  `productoID` int(11) NOT NULL,
  `almacenID` int(11) NOT NULL,
  `presentancionID` int(11) DEFAULT NULL,
  `contenidoCantidad` int(11) NOT NULL DEFAULT 0,
  `contenidoNotas` text DEFAULT NULL,
  `contenidoStatus` int(11) NOT NULL DEFAULT 1,
  `contenidoUsuarioRegistro` varchar(200) DEFAULT NULL,
  `contenidoUsuarioActualizacion` varchar(200) DEFAULT NULL,
  `contenidoFechaRegistro` timestamp NOT NULL DEFAULT current_timestamp(),
  `contenidoFechaActualizacion` timestamp NOT NULL DEFAULT current_timestamp() ON UPDATE current_timestamp()
) ENGINE=InnoDB DEFAULT CHARSET=utf8mb4 COLLATE=utf8mb4_unicode_ci;

--
-- Volcado de datos para la tabla `contenido_almacen`
--

INSERT INTO `contenido_almacen` (`contenidoID`, `productoID`, `almacenID`, `presentancionID`, `contenidoCantidad`, `contenidoNotas`, `contenidoStatus`, `contenidoUsuarioRegistro`, `contenidoUsuarioActualizacion`, `contenidoFechaRegistro`, `contenidoFechaActualizacion`) VALUES
(1, 10, 1, NULL, 4002, NULL, 1, NULL, NULL, '2022-03-25 09:28:42', '2025-04-29 13:34:56'),
(2, 10, 2, NULL, 478532, NULL, 1, NULL, NULL, '2022-03-25 09:28:58', '2025-04-25 10:10:56');

-- --------------------------------------------------------

--
-- Estructura de tabla para la tabla `detalles_movimientos`
--

CREATE TABLE `detalles_movimientos` (
  `detalleId` int(11) NOT NULL,
  `movimiento_id` int(11) NOT NULL,
  `productoId` int(11) DEFAULT NULL,
  `presentacionId` int(11) DEFAULT NULL,
  `detalleCantidad` int(11) NOT NULL,
  `detalleStatus` int(11) NOT NULL DEFAULT 1,
  `detalleNotas` text DEFAULT NULL,
  `detallesUsuarioRegistro` varchar(250) DEFAULT NULL,
  `detallesUsuarioActualizacion` varchar(250) DEFAULT NULL,
  `detallesFechaRegistro` timestamp NOT NULL DEFAULT current_timestamp(),
  `detallesFechaActualizacion` timestamp NOT NULL DEFAULT current_timestamp() ON UPDATE current_timestamp()
) ENGINE=InnoDB DEFAULT CHARSET=utf8mb4 COLLATE=utf8mb4_unicode_ci;

--
-- Volcado de datos para la tabla `detalles_movimientos`
--

INSERT INTO `detalles_movimientos` (`detalleId`, `movimiento_id`, `productoId`, `presentacionId`, `detalleCantidad`, `detalleStatus`, `detalleNotas`, `detallesUsuarioRegistro`, `detallesUsuarioActualizacion`, `detallesFechaRegistro`, `detallesFechaActualizacion`) VALUES
(1, 1, NULL, NULL, 1626, 1, NULL, NULL, NULL, '2022-03-25 09:48:38', '2022-03-25 09:48:38'),
(2, 2, NULL, NULL, 1626, 1, '', NULL, NULL, '2022-03-25 09:53:27', '2022-03-25 09:53:27'),
(3, 3, NULL, NULL, 437, 1, NULL, NULL, NULL, '2022-03-28 07:46:24', '2022-03-28 07:46:24'),
(4, 4, NULL, NULL, 7, 1, NULL, NULL, NULL, '2022-03-28 07:47:18', '2022-03-28 07:49:45'),
(5, 5, NULL, NULL, 437, 1, NULL, NULL, NULL, '2022-03-28 07:48:54', '2022-03-28 07:48:54'),
(6, 6, NULL, NULL, 8, 1, NULL, NULL, NULL, '2022-03-28 07:49:29', '2022-03-28 07:49:29'),
(7, 7, NULL, NULL, 430, 1, NULL, NULL, NULL, '2022-03-28 07:50:34', '2022-03-28 07:50:34'),
(8, 8, NULL, NULL, 13, 1, NULL, NULL, NULL, '2022-03-28 07:50:58', '2022-03-28 07:50:58'),
(9, 9, NULL, NULL, 395, 1, NULL, NULL, NULL, '2022-03-28 07:51:31', '2022-03-28 07:51:31'),
(10, 10, NULL, NULL, 9, 1, NULL, NULL, NULL, '2022-03-28 07:51:52', '2022-03-28 07:51:52'),
(11, 11, NULL, NULL, 488, 1, NULL, NULL, NULL, '2022-03-28 07:52:45', '2022-03-28 07:52:45'),
(12, 12, NULL, NULL, 14, 1, NULL, NULL, NULL, '2022-03-28 07:53:15', '2022-03-28 07:53:15'),
(13, 13, NULL, NULL, 458, 1, NULL, NULL, NULL, '2022-03-28 07:53:36', '2022-03-28 07:53:36'),
(14, 14, NULL, NULL, 7, 1, NULL, NULL, NULL, '2022-03-28 07:54:04', '2022-03-28 07:54:04'),
(15, 15, NULL, NULL, 2460, 1, '', NULL, NULL, '2022-03-28 11:46:19', '2022-03-28 11:46:19'),
(16, 16, NULL, NULL, 1626, 1, NULL, NULL, NULL, '2022-03-28 14:04:10', '2022-03-28 14:04:10'),
(17, 17, NULL, NULL, 720, 1, NULL, NULL, NULL, '2022-03-28 14:23:02', '2022-03-28 14:23:02'),
(18, 18, NULL, NULL, 490, 1, NULL, NULL, NULL, '2022-03-29 07:24:39', '2022-03-29 07:24:39'),
(19, 19, NULL, NULL, 7, 1, NULL, NULL, NULL, '2022-03-29 07:25:09', '2022-03-29 07:25:09'),
(20, 20, NULL, NULL, 454, 1, NULL, NULL, NULL, '2022-03-29 07:25:29', '2022-03-29 07:25:29'),
(21, 21, NULL, NULL, 5, 1, NULL, NULL, NULL, '2022-03-29 07:25:50', '2022-03-29 07:25:50'),
(22, 22, NULL, NULL, 30, 1, NULL, NULL, NULL, '2022-03-29 12:48:54', '2022-03-29 12:48:54'),
(23, 23, NULL, NULL, 360, 1, NULL, NULL, NULL, '2022-03-29 13:21:34', '2022-03-29 13:21:34'),
(24, 24, NULL, NULL, 511, 1, NULL, NULL, NULL, '2022-03-30 07:13:15', '2022-03-30 07:13:15'),
(25, 25, NULL, NULL, 8, 1, NULL, NULL, NULL, '2022-03-30 07:14:00', '2022-03-30 07:14:00'),
(26, 26, NULL, NULL, 437, 1, NULL, NULL, NULL, '2022-03-30 07:14:38', '2022-03-30 07:14:38'),
(27, 27, NULL, NULL, 7, 1, NULL, NULL, NULL, '2022-03-30 07:15:01', '2022-03-30 07:15:01'),
(28, 28, NULL, NULL, 1080, 1, NULL, NULL, NULL, '2022-03-30 16:12:38', '2022-03-30 16:12:38'),
(29, 29, NULL, NULL, 455, 1, NULL, NULL, NULL, '2022-03-31 13:07:32', '2022-03-31 13:07:32'),
(30, 30, NULL, NULL, 12, 1, NULL, NULL, NULL, '2022-03-31 13:08:12', '2022-03-31 13:08:12'),
(31, 31, NULL, NULL, 435, 1, NULL, NULL, NULL, '2022-03-31 13:09:26', '2022-03-31 13:09:26'),
(32, 32, NULL, NULL, 433, 1, NULL, NULL, NULL, '2022-04-01 10:54:56', '2022-04-01 10:54:56'),
(33, 33, NULL, NULL, 1, 1, NULL, NULL, NULL, '2022-04-01 10:55:19', '2022-04-01 10:55:19'),
(34, 34, NULL, NULL, 460, 1, NULL, NULL, NULL, '2022-04-01 10:55:40', '2022-04-01 10:55:40'),
(35, 35, NULL, NULL, 11, 1, NULL, NULL, NULL, '2022-04-01 10:56:05', '2022-04-01 10:56:05'),
(36, 36, NULL, NULL, 3721, 1, '', NULL, NULL, '2022-04-01 11:05:11', '2022-04-01 11:05:11'),
(37, 37, NULL, NULL, 2160, 1, NULL, NULL, NULL, '2022-04-01 16:34:04', '2022-04-01 16:34:04'),
(38, 38, NULL, NULL, 150, 1, NULL, NULL, NULL, '2022-04-02 12:28:26', '2022-04-02 12:28:26'),
(39, 39, NULL, NULL, 426, 1, NULL, NULL, NULL, '2022-04-02 12:50:23', '2022-04-02 12:50:23'),
(40, 40, NULL, NULL, 2, 1, NULL, NULL, NULL, '2022-04-02 12:50:51', '2022-04-02 12:50:51'),
(41, 41, NULL, NULL, 2, 1, NULL, NULL, NULL, '2022-04-02 12:50:53', '2022-04-02 12:50:53'),
(42, 42, NULL, NULL, 482, 1, NULL, NULL, NULL, '2022-04-02 12:51:19', '2022-04-02 12:51:19'),
(43, 43, NULL, NULL, 13, 1, NULL, NULL, NULL, '2022-04-02 12:51:54', '2022-04-02 12:51:54'),
(44, 44, NULL, NULL, 459, 1, NULL, NULL, NULL, '2022-04-02 18:50:27', '2022-04-02 18:52:29'),
(45, 45, NULL, NULL, 445, 1, NULL, NULL, NULL, '2022-04-02 18:51:51', '2022-04-02 18:51:51'),
(46, 46, NULL, NULL, 3, 1, NULL, NULL, NULL, '2022-04-02 18:54:13', '2022-04-02 18:55:31'),
(47, 47, NULL, NULL, 11, 1, NULL, NULL, NULL, '2022-04-02 18:55:01', '2022-04-02 18:55:01'),
(48, 48, NULL, NULL, 479, 1, NULL, NULL, NULL, '2022-04-03 19:45:45', '2022-04-03 19:45:45'),
(49, 49, NULL, NULL, 11, 1, NULL, NULL, NULL, '2022-04-03 19:47:37', '2022-04-03 19:47:37'),
(50, 50, NULL, NULL, 428, 1, NULL, NULL, NULL, '2022-04-03 19:48:41', '2022-04-03 19:48:41'),
(51, 51, NULL, NULL, 4, 1, NULL, NULL, NULL, '2022-04-03 19:50:46', '2022-04-03 19:50:46'),
(52, 52, NULL, NULL, 428, 1, NULL, NULL, NULL, '2022-04-04 12:01:03', '2022-04-04 12:01:03'),
(53, 53, NULL, NULL, 4, 1, NULL, NULL, NULL, '2022-04-04 12:01:40', '2022-04-04 12:01:40'),
(54, 54, NULL, NULL, 479, 1, NULL, NULL, NULL, '2022-04-04 12:04:59', '2022-04-04 12:04:59'),
(55, 55, NULL, NULL, 11, 1, NULL, NULL, NULL, '2022-04-04 12:05:22', '2022-04-04 12:05:22'),
(56, 56, NULL, NULL, 2520, 1, '', NULL, NULL, '2022-04-04 13:36:50', '2022-04-04 13:36:50'),
(57, 57, NULL, NULL, 439, 1, NULL, NULL, NULL, '2022-04-05 12:06:42', '2022-04-05 12:06:42'),
(58, 58, NULL, NULL, 419, 1, NULL, NULL, NULL, '2022-04-05 12:08:58', '2022-04-05 12:08:58'),
(59, 59, NULL, NULL, 8, 1, NULL, NULL, NULL, '2022-04-05 12:09:51', '2022-04-05 12:09:51'),
(60, 60, NULL, NULL, 2, 1, NULL, NULL, NULL, '2022-04-05 12:11:22', '2022-04-05 12:11:22'),
(61, 61, NULL, NULL, 464, 1, NULL, NULL, NULL, '2022-04-05 21:17:11', '2022-04-05 21:17:11'),
(62, 62, NULL, NULL, 435, 1, NULL, NULL, NULL, '2022-04-05 21:17:56', '2022-04-05 21:17:56'),
(63, 63, NULL, NULL, 9, 1, NULL, NULL, NULL, '2022-04-05 21:18:38', '2022-04-05 21:18:38'),
(64, 64, NULL, NULL, 1, 1, NULL, NULL, NULL, '2022-04-05 21:19:25', '2022-04-05 21:19:25'),
(65, 65, NULL, NULL, 1400, 1, NULL, NULL, NULL, '2022-04-06 17:00:53', '2022-04-06 17:00:53'),
(66, 66, NULL, NULL, 422, 1, NULL, NULL, NULL, '2022-04-06 19:30:54', '2022-04-06 19:30:54'),
(67, 67, NULL, NULL, 1, 1, NULL, NULL, NULL, '2022-04-06 19:31:33', '2022-04-06 19:31:33'),
(68, 68, NULL, NULL, 464, 1, NULL, NULL, NULL, '2022-04-06 19:32:09', '2022-04-06 19:32:09'),
(69, 69, NULL, NULL, 8, 1, NULL, NULL, NULL, '2022-04-06 19:32:44', '2022-04-06 19:32:44'),
(70, 70, NULL, NULL, 443, 1, NULL, NULL, NULL, '2022-04-07 18:19:47', '2022-04-07 18:19:47'),
(71, 71, NULL, NULL, 441, 1, NULL, NULL, NULL, '2022-04-07 18:20:28', '2022-04-07 18:20:28'),
(72, 72, NULL, NULL, 9, 1, NULL, NULL, NULL, '2022-04-07 18:21:38', '2022-04-07 18:21:38'),
(73, 73, NULL, NULL, 3644, 1, '', NULL, NULL, '2022-04-08 08:45:27', '2022-04-08 08:45:27'),
(74, 74, NULL, NULL, 1080, 1, NULL, NULL, NULL, '2022-04-08 15:29:19', '2022-04-08 15:29:19'),
(75, 75, NULL, NULL, 437, 1, NULL, NULL, NULL, '2022-04-08 20:12:32', '2022-04-08 20:12:32'),
(76, 76, NULL, NULL, 1, 1, NULL, NULL, NULL, '2022-04-08 20:13:14', '2022-04-08 20:13:14'),
(77, 77, NULL, NULL, 461, 1, NULL, NULL, NULL, '2022-04-08 20:13:52', '2022-04-08 20:13:52'),
(78, 78, NULL, NULL, 12, 1, NULL, NULL, NULL, '2022-04-08 20:14:32', '2022-04-08 20:14:32'),
(79, 79, NULL, NULL, 1440, 1, NULL, NULL, NULL, '2022-04-09 06:46:56', '2022-04-09 09:12:04'),
(80, 80, NULL, NULL, 425, 1, NULL, NULL, NULL, '2022-04-09 19:54:37', '2022-04-09 19:54:37'),
(81, 81, NULL, NULL, 2, 1, NULL, NULL, NULL, '2022-04-09 19:55:11', '2022-04-09 19:55:11'),
(82, 82, NULL, NULL, 447, 1, NULL, NULL, NULL, '2022-04-09 19:55:43', '2022-04-09 19:55:43'),
(83, 83, NULL, NULL, 10, 1, NULL, NULL, NULL, '2022-04-09 19:56:21', '2022-04-09 19:56:21'),
(84, 84, NULL, NULL, 422, 1, NULL, NULL, NULL, '2022-04-10 20:07:39', '2022-04-10 20:07:39'),
(85, 85, NULL, NULL, 2, 1, NULL, NULL, NULL, '2022-04-10 20:08:19', '2022-04-10 20:08:19'),
(86, 86, NULL, NULL, 472, 1, NULL, NULL, NULL, '2022-04-10 20:08:57', '2022-04-10 20:08:57'),
(87, 87, NULL, NULL, 14, 1, NULL, NULL, NULL, '2022-04-10 20:09:26', '2022-04-10 20:09:26'),
(88, 88, NULL, NULL, 2520, 1, '', NULL, NULL, '2022-04-11 13:16:20', '2022-04-13 11:15:12'),
(89, 89, NULL, NULL, 434, 1, NULL, NULL, NULL, '2022-04-11 20:48:23', '2022-04-11 20:48:23'),
(90, 90, NULL, NULL, 1, 1, NULL, NULL, NULL, '2022-04-11 20:48:52', '2022-04-11 20:48:52'),
(91, 91, NULL, NULL, 458, 1, NULL, NULL, NULL, '2022-04-11 20:49:23', '2022-04-11 20:49:23'),
(92, 92, NULL, NULL, 8, 1, NULL, NULL, NULL, '2022-04-11 20:49:52', '2022-04-11 20:49:52'),
(93, 93, NULL, NULL, 11, 1, NULL, NULL, NULL, '2022-04-11 20:57:18', '2022-04-11 20:57:18'),
(94, 94, NULL, NULL, 120, 1, NULL, NULL, NULL, '2022-04-13 08:06:08', '2022-04-13 08:06:08'),
(95, 95, NULL, NULL, 360, 1, NULL, NULL, NULL, '2022-04-13 09:39:54', '2022-04-13 09:39:54'),
(96, 96, NULL, NULL, 90, 1, NULL, NULL, NULL, '2022-04-13 09:40:55', '2022-04-13 09:40:55'),
(97, 97, NULL, NULL, 437, 1, NULL, NULL, NULL, '2022-04-13 09:44:26', '2022-04-13 09:44:26'),
(98, 98, NULL, NULL, 6, 1, NULL, NULL, NULL, '2022-04-13 09:45:30', '2022-04-13 09:45:30'),
(99, 99, NULL, NULL, 454, 1, NULL, NULL, NULL, '2022-04-13 09:46:08', '2022-04-13 09:46:08'),
(100, 100, NULL, NULL, 6, 1, NULL, NULL, NULL, '2022-04-13 09:46:39', '2022-04-13 09:46:39'),
(101, 101, NULL, NULL, 1800, 1, NULL, NULL, NULL, '2022-04-13 11:16:27', '2022-04-13 11:16:27'),
(102, 102, NULL, NULL, 430, 1, NULL, NULL, NULL, '2022-04-13 20:25:41', '2022-04-13 20:25:41'),
(103, 103, NULL, NULL, 6, 1, NULL, NULL, NULL, '2022-04-13 20:26:44', '2022-04-13 20:26:44'),
(104, 104, NULL, NULL, 472, 1, NULL, NULL, NULL, '2022-04-13 20:27:47', '2022-04-13 20:27:47'),
(105, 105, NULL, NULL, 10, 1, NULL, NULL, NULL, '2022-04-13 20:28:34', '2022-04-13 20:28:34'),
(106, 106, NULL, NULL, 151, 1, NULL, NULL, NULL, '2022-04-13 20:29:42', '2022-04-13 20:29:42'),
(107, 107, NULL, NULL, 151, 1, NULL, NULL, NULL, '2022-04-13 20:30:49', '2022-04-13 20:30:49'),
(108, 108, NULL, NULL, 60, 1, NULL, NULL, NULL, '2022-04-14 13:06:15', '2022-04-14 13:06:15'),
(109, 109, NULL, NULL, 413, 1, NULL, NULL, NULL, '2022-04-14 20:09:51', '2022-04-14 20:09:51'),
(110, 110, NULL, NULL, 3, 1, NULL, NULL, NULL, '2022-04-14 20:10:56', '2022-04-14 20:10:56'),
(111, 111, NULL, NULL, 496, 1, NULL, NULL, NULL, '2022-04-14 20:11:33', '2022-04-14 20:11:33'),
(112, 112, NULL, NULL, 7, 1, NULL, NULL, NULL, '2022-04-14 20:12:26', '2022-04-14 20:12:26'),
(113, 113, NULL, NULL, 425, 1, NULL, NULL, NULL, '2022-04-15 20:00:42', '2022-04-15 20:00:42'),
(114, 114, NULL, NULL, 5, 1, NULL, NULL, NULL, '2022-04-15 20:01:28', '2022-04-15 20:01:28'),
(115, 115, NULL, NULL, 8, 1, NULL, NULL, NULL, '2022-04-15 20:02:08', '2022-04-15 20:02:08'),
(116, 116, NULL, NULL, 511, 1, NULL, NULL, NULL, '2022-04-15 20:02:40', '2022-04-15 20:02:40'),
(117, 117, NULL, NULL, 7, 1, NULL, NULL, NULL, '2022-04-15 20:03:09', '2022-04-15 20:03:09'),
(118, 118, NULL, NULL, 3947, 1, '', NULL, NULL, '2022-04-16 09:21:31', '2022-04-16 09:21:31'),
(119, 119, NULL, NULL, 422, 1, NULL, NULL, NULL, '2022-04-16 17:06:44', '2022-04-16 17:06:44'),
(120, 120, NULL, NULL, 4, 1, NULL, NULL, NULL, '2022-04-16 17:07:09', '2022-04-16 17:07:09'),
(121, 121, NULL, NULL, 30, 1, NULL, NULL, NULL, '2022-04-16 17:07:36', '2022-04-16 17:07:36'),
(122, 122, NULL, NULL, 475, 1, NULL, NULL, NULL, '2022-04-17 10:30:22', '2022-04-17 10:30:22'),
(123, 123, NULL, NULL, 8, 1, NULL, NULL, NULL, '2022-04-17 10:30:52', '2022-04-17 10:30:52'),
(124, 124, NULL, NULL, 452, 1, NULL, NULL, NULL, '2022-04-17 21:20:25', '2022-04-17 21:20:25'),
(125, 125, NULL, NULL, 1, 1, NULL, NULL, NULL, '2022-04-17 21:20:55', '2022-04-17 21:20:55'),
(126, 126, NULL, NULL, 506, 1, NULL, NULL, NULL, '2022-04-17 21:21:31', '2022-04-17 21:21:31'),
(127, 127, NULL, NULL, 5, 1, NULL, NULL, NULL, '2022-04-17 21:21:59', '2022-04-17 21:21:59'),
(128, 128, NULL, NULL, 438, 1, NULL, NULL, NULL, '2022-04-18 14:54:35', '2022-04-18 14:54:35'),
(129, 129, NULL, NULL, 1, 1, NULL, NULL, NULL, '2022-04-18 14:55:14', '2022-04-18 14:55:14'),
(130, 130, NULL, NULL, 484, 1, NULL, NULL, NULL, '2022-04-18 18:47:52', '2022-04-18 18:47:52'),
(131, 131, NULL, NULL, 8, 1, NULL, NULL, NULL, '2022-04-18 18:48:35', '2022-04-18 18:48:35'),
(132, 132, NULL, NULL, 1800, 1, NULL, NULL, NULL, '2022-04-19 12:14:10', '2022-04-19 12:14:10'),
(133, 133, NULL, NULL, 5947, 1, NULL, NULL, NULL, '2022-04-19 12:19:58', '2022-04-19 12:19:58'),
(134, 134, NULL, NULL, 471, 1, NULL, NULL, NULL, '2022-04-19 20:25:04', '2022-04-19 20:25:04'),
(135, 135, NULL, NULL, 11, 1, NULL, NULL, NULL, '2022-04-19 20:25:31', '2022-04-19 20:25:31'),
(136, 136, NULL, NULL, 429, 1, NULL, NULL, NULL, '2022-04-20 07:31:02', '2022-04-20 07:31:02'),
(137, 137, NULL, NULL, 5, 1, NULL, NULL, NULL, '2022-04-20 07:31:30', '2022-04-20 07:31:30'),
(138, 138, NULL, NULL, 433, 1, NULL, NULL, NULL, '2022-04-20 18:49:23', '2022-04-20 18:49:23'),
(139, 139, NULL, NULL, 1, 1, NULL, NULL, NULL, '2022-04-20 18:49:50', '2022-04-20 18:49:50'),
(140, 140, NULL, NULL, 517, 1, NULL, NULL, NULL, '2022-04-20 18:50:37', '2022-04-20 18:50:37'),
(141, 141, NULL, NULL, 6, 1, NULL, NULL, NULL, '2022-04-20 18:51:01', '2022-04-20 18:51:01'),
(142, 142, NULL, NULL, 429, 1, NULL, NULL, NULL, '2022-04-21 20:07:30', '2022-04-21 20:07:30'),
(143, 143, NULL, NULL, 3, 1, NULL, NULL, NULL, '2022-04-21 20:07:54', '2022-04-21 20:07:54'),
(144, 144, NULL, NULL, 497, 1, NULL, NULL, NULL, '2022-04-21 20:08:24', '2022-04-21 20:08:24'),
(145, 145, NULL, NULL, 9, 1, NULL, NULL, NULL, '2022-04-21 20:08:57', '2022-04-21 20:08:57'),
(146, 146, NULL, NULL, 5461, 1, '', NULL, NULL, '2022-04-22 10:48:29', '2022-04-22 10:48:29'),
(147, 147, NULL, NULL, 2160, 1, NULL, NULL, NULL, '2022-04-22 17:20:30', '2022-04-22 17:20:30'),
(148, 148, NULL, NULL, 2160, 1, NULL, NULL, NULL, '2022-04-22 17:21:04', '2022-04-22 17:21:04'),
(149, 149, NULL, NULL, 429, 1, NULL, NULL, NULL, '2022-04-23 07:28:44', '2022-04-23 07:29:25'),
(150, 150, NULL, NULL, 2, 1, NULL, NULL, NULL, '2022-04-23 07:29:58', '2022-04-23 07:29:58'),
(151, 151, NULL, NULL, 494, 1, NULL, NULL, NULL, '2022-04-23 10:09:49', '2022-04-23 10:09:49'),
(152, 152, NULL, NULL, 13, 1, NULL, NULL, NULL, '2022-04-23 10:11:34', '2022-04-23 10:11:34'),
(153, 153, NULL, NULL, 384, 1, NULL, NULL, NULL, '2022-04-24 08:26:27', '2022-04-24 08:26:27'),
(154, 154, NULL, NULL, 3, 1, NULL, NULL, NULL, '2022-04-24 08:26:55', '2022-04-24 08:26:55'),
(155, 155, NULL, NULL, 461, 1, NULL, NULL, NULL, '2022-04-24 08:27:28', '2022-04-24 08:27:28'),
(156, 156, NULL, NULL, 11, 1, NULL, NULL, NULL, '2022-04-24 08:27:58', '2022-04-24 08:27:58'),
(157, 157, NULL, NULL, 435, 1, NULL, NULL, NULL, '2022-04-24 21:06:24', '2022-04-24 21:06:59'),
(158, 158, NULL, NULL, 2, 1, NULL, NULL, NULL, '2022-04-24 21:07:31', '2022-04-24 21:07:31'),
(159, 159, NULL, NULL, 531, 1, NULL, NULL, NULL, '2022-04-24 21:08:34', '2022-04-24 21:08:34'),
(160, 160, NULL, NULL, 9, 1, NULL, NULL, NULL, '2022-04-24 21:09:10', '2022-04-24 21:09:10'),
(161, 161, NULL, NULL, 570, 1, NULL, NULL, NULL, '2022-04-25 15:14:28', '2022-04-25 15:14:28'),
(162, 162, NULL, NULL, 417, 1, NULL, NULL, NULL, '2022-04-25 19:56:07', '2022-04-25 19:56:07'),
(163, 163, NULL, NULL, 7, 1, NULL, NULL, NULL, '2022-04-25 19:56:40', '2022-04-25 19:56:40'),
(164, 164, NULL, NULL, 535, 1, NULL, NULL, NULL, '2022-04-25 19:57:18', '2022-04-25 19:57:18'),
(165, 165, NULL, NULL, 8, 1, NULL, NULL, NULL, '2022-04-25 19:57:47', '2022-04-25 19:57:47'),
(166, 166, NULL, NULL, 3360, 1, '', NULL, NULL, '2022-04-26 09:22:21', '2022-04-26 09:22:21'),
(167, 167, NULL, NULL, 30, 1, NULL, NULL, NULL, '2022-04-26 13:37:05', '2022-04-26 13:37:05'),
(168, 168, NULL, NULL, 2160, 1, NULL, NULL, NULL, '2022-04-26 15:56:28', '2022-04-26 15:56:28'),
(169, 169, NULL, NULL, 414, 1, NULL, NULL, NULL, '2022-04-26 19:14:48', '2022-04-26 19:14:48'),
(170, 170, NULL, NULL, 2, 1, NULL, NULL, NULL, '2022-04-26 19:15:17', '2022-04-26 19:15:17'),
(171, 171, NULL, NULL, 471, 1, NULL, NULL, NULL, '2022-04-26 19:15:49', '2022-04-26 19:15:49'),
(172, 172, NULL, NULL, 5, 1, NULL, NULL, NULL, '2022-04-26 19:16:16', '2022-04-26 19:16:16'),
(173, 173, NULL, NULL, 30, 1, NULL, NULL, NULL, '2022-04-26 19:17:18', '2022-04-26 19:17:18'),
(174, 174, NULL, NULL, 392, 1, NULL, NULL, NULL, '2022-04-27 20:00:19', '2022-04-27 20:00:19'),
(175, 175, NULL, NULL, 4, 1, NULL, NULL, NULL, '2022-04-27 20:00:48', '2022-04-27 20:00:48'),
(176, 176, NULL, NULL, 482, 1, NULL, NULL, NULL, '2022-04-27 20:01:25', '2022-04-27 20:01:25'),
(177, 177, NULL, NULL, 7, 1, NULL, NULL, NULL, '2022-04-27 20:01:47', '2022-04-27 20:01:47'),
(178, 178, NULL, NULL, 2100, 1, NULL, NULL, NULL, '2022-04-28 13:37:20', '2022-04-28 13:37:20'),
(179, 179, NULL, NULL, 398, 1, NULL, NULL, NULL, '2022-04-28 19:32:55', '2022-04-28 19:32:55'),
(6493, 6493, NULL, NULL, 281, 1, NULL, NULL, NULL, '2025-04-08 13:05:34', '2025-04-08 13:05:34'),
(6494, 6494, NULL, NULL, 32, 1, NULL, NULL, NULL, '2025-04-08 13:05:52', '2025-04-08 13:05:52'),
(6495, 6495, NULL, NULL, 583, 1, NULL, NULL, NULL, '2025-04-08 13:09:56', '2025-04-08 13:09:56'),
(6496, 6496, NULL, NULL, 17, 1, NULL, NULL, NULL, '2025-04-08 13:10:13', '2025-04-08 13:10:13'),
(6497, 6497, NULL, NULL, 569, 1, NULL, NULL, NULL, '2025-04-09 14:28:32', '2025-04-09 14:28:32'),
(6498, 6498, NULL, NULL, 10, 1, NULL, NULL, NULL, '2025-04-09 14:29:04', '2025-04-09 14:29:04'),
(6499, 6499, NULL, NULL, 346, 1, NULL, NULL, NULL, '2025-04-09 14:29:22', '2025-04-09 14:29:22'),
(6500, 6500, NULL, NULL, 56, 1, NULL, NULL, NULL, '2025-04-09 14:29:51', '2025-04-09 14:29:51'),
(6501, 6501, NULL, NULL, 302, 1, NULL, NULL, NULL, '2025-04-10 13:46:19', '2025-04-10 13:46:19'),
(6502, 6502, NULL, NULL, 48, 1, NULL, NULL, NULL, '2025-04-10 13:46:54', '2025-04-10 13:46:54'),
(6503, 6503, NULL, NULL, 560, 1, NULL, NULL, NULL, '2025-04-10 14:05:01', '2025-04-10 14:05:01'),
(6504, 6504, NULL, NULL, 14, 1, NULL, NULL, NULL, '2025-04-10 14:05:38', '2025-04-10 14:05:38'),
(6505, 6505, NULL, NULL, 7, 1, NULL, NULL, NULL, '2025-04-10 14:20:00', '2025-04-10 14:20:00'),
(6506, 6506, NULL, NULL, 5917, 1, '', NULL, NULL, '2025-04-11 10:02:10', '2025-04-11 10:02:10'),
(6507, 6507, NULL, NULL, 567, 1, NULL, NULL, NULL, '2025-04-11 14:25:51', '2025-04-11 14:25:51'),
(6508, 6508, NULL, NULL, 25, 1, NULL, NULL, NULL, '2025-04-11 14:26:20', '2025-04-11 14:26:20'),
(6509, 6509, NULL, NULL, 319, 1, NULL, NULL, NULL, '2025-04-11 14:36:03', '2025-04-11 14:36:03'),
(6510, 6510, NULL, NULL, 62, 1, NULL, NULL, NULL, '2025-04-11 14:36:37', '2025-04-11 14:36:37'),
(6511, 6511, NULL, NULL, 578, 1, NULL, NULL, NULL, '2025-04-14 08:45:53', '2025-04-14 08:45:53'),
(6512, 6512, NULL, NULL, 25, 1, NULL, NULL, NULL, '2025-04-14 08:46:17', '2025-04-14 08:46:17'),
(6513, 6513, NULL, NULL, 295, 1, NULL, NULL, NULL, '2025-04-14 08:46:55', '2025-04-14 08:46:55'),
(6514, 6514, NULL, NULL, 83, 1, NULL, NULL, NULL, '2025-04-14 08:47:26', '2025-04-14 08:47:26'),
(6515, 6515, NULL, NULL, 574, 1, NULL, NULL, NULL, '2025-04-14 08:47:54', '2025-04-14 08:47:54'),
(6516, 6516, NULL, NULL, 35, 1, NULL, NULL, NULL, '2025-04-14 08:48:19', '2025-04-14 08:48:19'),
(6517, 6517, NULL, NULL, 305, 1, NULL, NULL, NULL, '2025-04-14 08:48:52', '2025-04-14 08:48:52'),
(6518, 6518, NULL, NULL, 65, 1, NULL, NULL, NULL, '2025-04-14 08:49:16', '2025-04-14 08:49:16'),
(6519, 6519, NULL, NULL, 576, 1, NULL, NULL, NULL, '2025-04-14 14:25:35', '2025-04-14 14:25:35'),
(6520, 6520, NULL, NULL, 22, 1, NULL, NULL, NULL, '2025-04-14 14:25:56', '2025-04-14 14:25:56'),
(6521, 6521, NULL, NULL, 291, 1, NULL, NULL, NULL, '2025-04-14 14:52:02', '2025-04-14 14:52:02'),
(6522, 6522, NULL, NULL, 40, 1, NULL, NULL, NULL, '2025-04-14 14:53:09', '2025-04-14 14:53:09'),
(6523, 6523, NULL, NULL, 568, 1, NULL, NULL, NULL, '2025-04-15 14:06:18', '2025-04-15 14:06:18'),
(6524, 6524, NULL, NULL, 26, 1, NULL, NULL, NULL, '2025-04-15 14:06:35', '2025-04-15 14:06:35'),
(6525, 6525, NULL, NULL, 291, 1, NULL, NULL, NULL, '2025-04-15 14:53:26', '2025-04-15 14:53:26'),
(6526, 6526, NULL, NULL, 53, 1, NULL, NULL, NULL, '2025-04-15 14:53:53', '2025-04-15 14:53:53'),
(6527, 6527, NULL, NULL, 298, 1, NULL, NULL, NULL, '2025-04-16 14:24:50', '2025-04-16 14:24:50'),
(6528, 6528, NULL, NULL, 52, 1, NULL, NULL, NULL, '2025-04-16 14:25:13', '2025-04-16 14:25:13'),
(6529, 6529, NULL, NULL, 558, 1, NULL, NULL, NULL, '2025-04-16 14:35:13', '2025-04-16 14:35:13'),
(6530, 6530, NULL, NULL, 14, 1, NULL, NULL, NULL, '2025-04-16 14:35:31', '2025-04-16 14:35:31'),
(6531, 6531, NULL, NULL, 276, 1, NULL, NULL, NULL, '2025-04-17 12:19:08', '2025-04-17 12:19:08'),
(6532, 6532, NULL, NULL, 30, 1, NULL, NULL, NULL, '2025-04-17 12:19:28', '2025-04-17 12:19:28'),
(6533, 6533, NULL, NULL, 566, 1, NULL, NULL, NULL, '2025-04-17 12:29:11', '2025-04-17 12:29:11'),
(6534, 6534, NULL, NULL, 15, 1, NULL, NULL, NULL, '2025-04-17 12:29:27', '2025-04-17 12:29:27'),
(6535, 6535, NULL, NULL, 566, 1, NULL, NULL, NULL, '2025-04-18 10:21:19', '2025-04-18 10:21:19'),
(6536, 6536, NULL, NULL, 16, 1, NULL, NULL, NULL, '2025-04-18 10:21:35', '2025-04-18 10:21:35'),
(6537, 6537, NULL, NULL, 269, 1, NULL, NULL, NULL, '2025-04-18 11:06:38', '2025-04-18 11:06:38'),
(6538, 6538, NULL, NULL, 20, 1, NULL, NULL, NULL, '2025-04-18 11:06:53', '2025-04-18 11:06:53'),
(6539, 6539, NULL, NULL, 20, 1, NULL, NULL, NULL, '2025-04-19 07:10:40', '2025-04-19 07:10:40'),
(6540, 6540, NULL, NULL, 4524, 1, '', NULL, NULL, '2025-04-19 07:49:48', '2025-04-19 07:49:48'),
(6541, 6541, NULL, NULL, 1770, 1, NULL, NULL, NULL, '2025-04-19 08:00:20', '2025-04-19 08:00:20'),
(6542, 6542, NULL, NULL, 571, 1, NULL, NULL, NULL, '2025-04-19 10:13:22', '2025-04-19 10:13:22'),
(6543, 6543, NULL, NULL, 24, 1, NULL, NULL, NULL, '2025-04-19 10:13:35', '2025-04-19 10:13:35'),
(6544, 6544, NULL, NULL, 270, 1, NULL, NULL, NULL, '2025-04-19 10:20:55', '2025-04-19 10:20:55'),
(6545, 6545, NULL, NULL, 34, 1, NULL, NULL, NULL, '2025-04-19 10:21:12', '2025-04-19 10:21:12'),
(6546, 6546, NULL, NULL, 621, 1, NULL, NULL, NULL, '2025-04-21 08:04:16', '2025-04-21 08:04:16'),
(6547, 6547, NULL, NULL, 37, 1, NULL, NULL, NULL, '2025-04-21 08:04:34', '2025-04-21 08:04:34'),
(6548, 6548, NULL, NULL, 320, 1, NULL, NULL, NULL, '2025-04-21 08:04:53', '2025-04-21 08:04:53'),
(6549, 6549, NULL, NULL, 65, 1, NULL, NULL, NULL, '2025-04-21 08:05:09', '2025-04-21 08:05:09'),
(6550, 6550, NULL, NULL, 580, 1, NULL, NULL, NULL, '2025-04-21 13:19:40', '2025-04-21 13:19:40'),
(6551, 6551, NULL, NULL, 14, 1, NULL, NULL, NULL, '2025-04-21 13:19:54', '2025-04-21 13:19:54'),
(6552, 6552, NULL, NULL, 293, 1, NULL, NULL, NULL, '2025-04-21 13:26:10', '2025-04-21 13:26:10'),
(6553, 6553, NULL, NULL, 24, 1, NULL, NULL, NULL, '2025-04-21 13:26:27', '2025-04-21 13:26:27'),
(6554, 6554, NULL, NULL, 288, 1, NULL, NULL, NULL, '2025-04-22 13:43:01', '2025-04-22 13:43:01'),
(6555, 6555, NULL, NULL, 27, 1, NULL, NULL, NULL, '2025-04-22 13:43:16', '2025-04-22 13:43:16'),
(6556, 6556, NULL, NULL, 585, 1, NULL, NULL, NULL, '2025-04-22 14:03:57', '2025-04-22 14:03:57'),
(6557, 6557, NULL, NULL, 17, 1, NULL, NULL, NULL, '2025-04-22 14:04:18', '2025-04-22 14:04:18'),
(6558, 6558, NULL, NULL, 278, 1, NULL, NULL, NULL, '2025-04-23 12:36:17', '2025-04-23 12:36:17'),
(6559, 6559, NULL, NULL, 17, 1, NULL, NULL, NULL, '2025-04-23 12:36:48', '2025-04-23 12:36:48'),
(6560, 6560, NULL, NULL, 577, 1, NULL, NULL, NULL, '2025-04-23 12:46:45', '2025-04-23 12:46:45'),
(6561, 6561, NULL, NULL, 17, 1, NULL, NULL, NULL, '2025-04-23 12:47:06', '2025-04-23 12:47:06'),
(6562, 6562, NULL, NULL, 290, 1, NULL, NULL, NULL, '2025-04-24 12:36:18', '2025-04-24 12:36:18'),
(6563, 6563, NULL, NULL, 23, 1, NULL, NULL, NULL, '2025-04-24 12:36:41', '2025-04-24 12:36:41'),
(6564, 6564, NULL, NULL, 567, 1, NULL, NULL, NULL, '2025-04-24 13:18:42', '2025-04-24 13:18:42'),
(6565, 6565, NULL, NULL, 21, 1, NULL, NULL, NULL, '2025-04-24 13:19:03', '2025-04-24 13:19:03'),
(6566, 6566, NULL, NULL, 3, 1, NULL, NULL, NULL, '2025-04-24 13:32:15', '2025-04-24 13:32:15'),
(6567, 6567, NULL, NULL, 6, 1, NULL, NULL, NULL, '2025-04-24 13:33:17', '2025-04-24 13:33:17'),
(6568, 6568, NULL, NULL, 4923, 1, '', NULL, NULL, '2025-04-25 10:10:56', '2025-04-25 10:10:56'),
(6569, 6569, NULL, NULL, 573, 1, NULL, NULL, NULL, '2025-04-25 14:01:58', '2025-04-25 14:01:58'),
(6570, 6570, NULL, NULL, 15, 1, NULL, NULL, NULL, '2025-04-25 14:02:15', '2025-04-25 14:02:15'),
(6571, 6571, NULL, NULL, 266, 1, NULL, NULL, NULL, '2025-04-25 14:37:28', '2025-04-25 14:37:28'),
(6572, 6572, NULL, NULL, 25, 1, NULL, NULL, NULL, '2025-04-25 14:37:47', '2025-04-25 14:37:47'),
(6573, 6573, NULL, NULL, 569, 1, NULL, NULL, NULL, '2025-04-26 10:47:23', '2025-04-26 10:47:23'),
(6574, 6574, NULL, NULL, 12, 1, NULL, NULL, NULL, '2025-04-26 10:47:38', '2025-04-26 10:47:38'),
(6575, 6575, NULL, NULL, 251, 1, NULL, NULL, NULL, '2025-04-26 12:18:03', '2025-04-26 12:18:03'),
(6576, 6576, NULL, NULL, 25, 1, NULL, NULL, NULL, '2025-04-26 12:18:24', '2025-04-26 12:18:24'),
(6577, 6577, NULL, NULL, 589, 1, NULL, NULL, NULL, '2025-04-28 09:03:43', '2025-04-28 09:03:43'),
(6578, 6578, NULL, NULL, 22, 1, NULL, NULL, NULL, '2025-04-28 09:04:18', '2025-04-28 09:04:18'),
(6579, 6579, NULL, NULL, 268, 1, NULL, NULL, NULL, '2025-04-28 09:04:44', '2025-04-28 09:04:44'),
(6580, 6580, NULL, NULL, 20, 1, NULL, NULL, NULL, '2025-04-28 09:05:05', '2025-04-28 09:05:05'),
(6581, 6581, NULL, NULL, 265, 1, NULL, NULL, NULL, '2025-04-28 14:11:36', '2025-04-28 14:11:36'),
(6582, 6582, NULL, NULL, 16, 1, NULL, NULL, NULL, '2025-04-28 14:11:58', '2025-04-28 14:11:58'),
(6583, 6583, NULL, NULL, 579, 1, NULL, NULL, NULL, '2025-04-28 14:50:56', '2025-04-28 14:50:56'),
(6584, 6584, NULL, NULL, 21, 1, NULL, NULL, NULL, '2025-04-28 14:51:17', '2025-04-28 14:51:17'),
(6585, 6585, NULL, NULL, 260, 1, NULL, NULL, NULL, '2025-04-29 12:48:25', '2025-04-29 12:48:25'),
(6586, 6586, NULL, NULL, 12, 1, NULL, NULL, NULL, '2025-04-29 12:48:48', '2025-04-29 12:48:48'),
(6587, 6587, NULL, NULL, 575, 1, NULL, NULL, NULL, '2025-04-29 13:34:34', '2025-04-29 13:34:34'),
(6588, 6588, NULL, NULL, 25, 1, NULL, NULL, NULL, '2025-04-29 13:34:56', '2025-04-29 13:34:56');

-- --------------------------------------------------------

--
-- Estructura de tabla para la tabla `direcciones`
--

CREATE TABLE `direcciones` (
  `id_direccion` int(11) NOT NULL,
  `id_cliente` int(11) NOT NULL,
  `cp` int(11) NOT NULL,
  `estado` varchar(100) NOT NULL,
  `municipio` varchar(100) NOT NULL,
  `colonia` varchar(100) NOT NULL,
  `calle` varchar(100) NOT NULL,
  `numero_exterior` varchar(50) DEFAULT NULL,
  `numero_interior` varchar(50) DEFAULT NULL,
  `calle1` varchar(100) DEFAULT NULL,
  `calle2` varchar(100) DEFAULT NULL,
  `indicaciones` varchar(100) DEFAULT NULL,
  `direccion_create` timestamp NOT NULL DEFAULT current_timestamp(),
  `direccion_update` timestamp NOT NULL DEFAULT current_timestamp() ON UPDATE current_timestamp(),
  `status` int(11) NOT NULL DEFAULT 1
) ENGINE=InnoDB DEFAULT CHARSET=utf8mb4 COLLATE=utf8mb4_unicode_ci;

-- --------------------------------------------------------

--
-- Estructura de tabla para la tabla `envios`
--

CREATE TABLE `envios` (
  `id_envio` int(11) NOT NULL,
  `estado` varchar(50) NOT NULL,
  `municipio` varchar(50) NOT NULL,
  `localidad` varchar(50) NOT NULL,
  `company` varchar(50) NOT NULL,
  `calle` varchar(100) NOT NULL,
  `cp` varchar(10) NOT NULL,
  `id_venta` int(11) NOT NULL,
  `envio_create` timestamp NOT NULL DEFAULT current_timestamp(),
  `envio_update` timestamp NOT NULL DEFAULT current_timestamp() ON UPDATE current_timestamp(),
  `status` int(11) NOT NULL
) ENGINE=InnoDB DEFAULT CHARSET=latin1 COLLATE=latin1_swedish_ci;

-- --------------------------------------------------------

--
-- Estructura de tabla para la tabla `evento`
--

CREATE TABLE `evento` (
  `id_evento` int(11) NOT NULL,
  `id_pedido` int(11) NOT NULL,
  `fecha_recordar` date NOT NULL,
  `fecha_posponer` date NOT NULL,
  `titulo` varchar(100) NOT NULL,
  `descripcion` text NOT NULL,
  `status` int(11) NOT NULL
) ENGINE=InnoDB DEFAULT CHARSET=utf8mb4 COLLATE=utf8mb4_unicode_ci;

-- --------------------------------------------------------

--
-- Estructura de tabla para la tabla `inventory_plants`
--

CREATE TABLE `inventory_plants` (
  `id` int(11) NOT NULL,
  `code` text NOT NULL,
  `img_qr` text NOT NULL,
  `url` text NOT NULL,
  `status` int(11) NOT NULL DEFAULT 1,
  `status_printing` int(11) NOT NULL DEFAULT 0,
  `url_qr` text NOT NULL,
  `specie` varchar(150) NOT NULL,
  `name` varchar(250) NOT NULL,
  `quantity` int(11) NOT NULL,
  `scan` int(11) NOT NULL DEFAULT 0
) ENGINE=InnoDB DEFAULT CHARSET=utf8mb4 COLLATE=utf8mb4_unicode_ci;

--
-- Volcado de datos para la tabla `inventory_plants`
--

INSERT INTO `inventory_plants` (`id`, `code`, `img_qr`, `url`, `status`, `status_printing`, `url_qr`, `specie`, `name`, `quantity`, `scan`) VALUES
(1, 'ECG0000', '1.png', 'https://en.wikipedia.org/wiki/Echinocactus_grusonii', 1, 1, 'https://ranchoelarenal.com.mx/dynamic_code/index.php/species/code/1', 'Echinocactus grusonnii', 'Biznaga', 23, 27),
(2, 'MMP0000', '2.png', 'https://en.wikipedia.org/wiki/Mammillaria_parkinsonii', 1, 1, 'https://ranchoelarenal.com.mx/dynamic_code/index.php/species/code/2', 'Mammillaria parkinsonii', 'Biznaga', 1, 1),
(3, 'FCH0000', '3.png', '', 1, 1, 'https://ranchoelarenal.com.mx/dynamic_code/index.php/species/code/3', 'Ferocactus histrix', 'Biznaga', 118, 0),
(4, 'ECH0000', '4.png', '', 1, 1, 'https://ranchoelarenal.com.mx/dynamic_code/index.php/species/code/4', 'Echinocactus horizonthalonius', 'Biznaga', 18, 0),
(5, 'MMH0000', '5.png', '', 1, 1, 'https://ranchoelarenal.com.mx/dynamic_code/index.php/species/code/5', 'Mammillaria herrerae', 'Biznaga', 1, 0),
(6, 'CGG0000', '6.png', '', 1, 1, 'https://ranchoelarenal.com.mx/dynamic_code/index.php/species/code/6', 'Carnegiea gigantea', 'Biznaga', 1, 0),
(7, 'MMG0000', '7.png', '', 1, 1, 'https://ranchoelarenal.com.mx/dynamic_code/index.php/species/code/7', 'Mammillaria grahamii', 'Biznaga', 2, 0),
(8, 'MGW0000', '8.png', '', 1, 1, 'https://ranchoelarenal.com.mx/dynamic_code/index.php/species/code/8', 'Mammillaria guelzowiana', 'Biznaga', 1, 0),
(9, 'ACG0000', '9.png', '', 1, 1, 'https://ranchoelarenal.com.mx/dynamic_code/index.php/species/code/9', ' Acanthocalycium glaucum', 'Biznaga', 20, 0),
(10, 'EPE0000', '10.png', '', 1, 1, 'https://ranchoelarenal.com.mx/dynamic_code/index.php/species/code/10', 'Echinopsis eyriesii', 'Biznaga', 20, 0),
(11, 'SCG0000', '11.png', '', 1, 1, 'https://ranchoelarenal.com.mx/dynamic_code/index.php/species/code/11', 'Sclerocactus glaucus', 'Biznaga', 11, 0),
(12, 'PDM0000', '12.png', '', 1, 1, 'https://ranchoelarenal.com.mx/dynamic_code/index.php/species/code/12', 'Parodia magnifica', 'Biznaga', 1, 0),
(13, 'MMD0000', '13.png', '', 1, 1, 'https://ranchoelarenal.com.mx/dynamic_code/index.php/species/code/13', 'Mammillaria decipiens', 'Biznaga', 2, 0),
(14, 'ECE0000', '14.png', '', 1, 1, 'https://ranchoelarenal.com.mx/dynamic_code/index.php/species/code/14', 'Echinocereus enneacanthus', 'Biznaga', 1, 0),
(15, 'MML0000', '15.png', '', 1, 1, 'https://ranchoelarenal.com.mx/dynamic_code/index.php/species/code/15', 'Mammillaria lasiacantha', 'Biznaga', 1, 0),
(16, 'MLL0000', '16.png', '', 1, 1, 'https://ranchoelarenal.com.mx/dynamic_code/index.php/species/code/16', 'Mammillaria longimamma', 'Biznaga', 1, 0),
(17, 'MLH0000', '17.png', '', 1, 1, 'https://ranchoelarenal.com.mx/dynamic_code/index.php/species/code/17', 'Mammillaria hahniana', 'Biznaga', 1, 0),
(18, 'PLG0000', '18.png', '', 1, 1, 'https://ranchoelarenal.com.mx/dynamic_code/index.php/species/code/18', 'Parodia leninghausii', 'Biznaga', 1, 0),
(19, 'ECT0000', '19.png', '', 1, 1, 'https://ranchoelarenal.com.mx/dynamic_code/index.php/species/code/19', 'Echinocactus texensis', 'Biznaga', 1, 0),
(20, 'MGS0000', '20.png', '', 1, 1, 'https://ranchoelarenal.com.mx/dynamic_code/index.php/species/code/20', 'Mammillaria geminispina', 'Biznaga', 1, 0),
(21, 'MGH0000', '21.png', '', 1, 1, 'https://ranchoelarenal.com.mx/dynamic_code/index.php/species/code/21', 'Mammillaria geminispina v. nobilis', 'Biznaga', 2, 0),
(22, 'MMV0000', '22.png', '', 1, 0, 'https://ranchoelarenal.com.mx/dynamic_code/index.php/species/code/22', 'Mammillaria viridiflora', 'Biznaga', 1, 0),
(23, 'EGH0000', '23.png', '', 1, 0, 'https://ranchoelarenal.com.mx/dynamic_code/index.php/species/code/23', 'Echinocactus grusonnii var. hildm', 'Biznaga', 23, 0),
(24, 'MRL0000', '24.png', '', 1, 0, 'https://ranchoelarenal.com.mx/dynamic_code/index.php/species/code/24', 'Mammillaria rekoi var. leptacantha', 'Biznaga', 1, 0),
(25, 'FCL0000', '25.png', '', 1, 0, 'https://ranchoelarenal.com.mx/dynamic_code/index.php/species/code/25', 'Ferocactus latispinus', 'Biznaga', 1, 0),
(26, 'MLV0000', '26.png', '', 1, 0, 'https://ranchoelarenal.com.mx/dynamic_code/index.php/species/code/26', 'Mammillaria vetula', 'Biznaga', 1, 0),
(27, 'MLG0000', '27.png', '', 1, 0, 'https://ranchoelarenal.com.mx/dynamic_code/index.php/species/code/27', 'Mammillaria geminispina', 'Biznaga', 2, 0),
(28, 'MMU0000', '28.png', '', 1, 0, 'https://ranchoelarenal.com.mx/dynamic_code/index.php/species/code/28', 'Mammillaria uncinata', 'Biznaga', 1, 0),
(29, 'PCC0000', '29.png', '', 1, 0, 'https://ranchoelarenal.com.mx/dynamic_code/index.php/species/code/29', 'Polaskia chichipe', 'Biznaga', 1, 0),
(30, 'MMM0000', '30.png', '', 1, 0, 'https://ranchoelarenal.com.mx/dynamic_code/index.php/species/code/30', 'Mammillaria magnimamma', 'Biznaga de chilitos', 1223, 2),
(31, 'FLP0000', '31.png', '', 1, 0, 'https://ranchoelarenal.com.mx/dynamic_code/index.php/species/code/31', 'Ferocactus latispinus', 'Biznaga de chilitos', 84, 0),
(32, 'OMM0000', '32.png', '', 1, 0, 'https://ranchoelarenal.com.mx/dynamic_code/index.php/species/code/32', 'Opuntia monacantha fma. monstruosa', 'Cáctus', 6, 0),
(33, 'ECS0000', '33.png', '', 1, 0, 'https://ranchoelarenal.com.mx/dynamic_code/index.php/species/code/33', 'Echinocactus stramineus', 'Cáctus', 1, 0),
(34, 'MMS0000', '34.png', '', 1, 0, 'https://ranchoelarenal.com.mx/dynamic_code/index.php/species/code/34', 'Mammillaria elongata', 'Cáctus', 5, 0),
(35, 'ADV0000', '35.png', '', 1, 0, 'https://ranchoelarenal.com.mx/dynamic_code/index.php/species/code/35', 'Austrocylindropuntia verschffeltii', 'Cáctus', 1, 0),
(36, 'EEC0000', '36.png', '', 1, 0, 'https://ranchoelarenal.com.mx/dynamic_code/index.php/species/code/36', 'Echinocereus enneacanthus', 'Cáctus', 7, 0),
(37, 'EGW0000', '37.png', '', 1, 0, 'https://ranchoelarenal.com.mx/dynamic_code/index.php/species/code/37', 'Euphorbia greenwayi', 'Cáctus', 1, 0),
(38, 'PSP0000', '38.png', '', 1, 0, 'https://ranchoelarenal.com.mx/dynamic_code/index.php/species/code/38', 'Peniocereus serpentinu', 'Cáctus', 22, 0),
(39, 'EEG0000', '39.png', '', 1, 0, 'https://ranchoelarenal.com.mx/dynamic_code/index.php/species/code/39', 'Echinocereus engelmannii', 'Cáctus', 3, 0),
(40, 'CRD0000', '40.png', '', 1, 0, 'https://ranchoelarenal.com.mx/dynamic_code/index.php/species/code/40', 'Cereus repandus', 'Cáctus', 3, 0),
(41, 'ETC0000', '41.png', '', 1, 0, 'https://ranchoelarenal.com.mx/dynamic_code/index.php/species/code/41', 'Echinocereus triglochidiatus fma. crestada', 'Cáctus', 5, 0),
(42, 'CPL0000', '42.png', '', 1, 0, 'https://ranchoelarenal.com.mx/dynamic_code/index.php/species/code/42', 'Cylindropuntia leptucaulis', 'Cáctus', 6, 0),
(43, 'OMC0000', '43.png', '', 1, 0, 'https://ranchoelarenal.com.mx/dynamic_code/index.php/species/code/43', 'Opuntia monacantha', 'Cáctus', 1, 0),
(44, 'CPF0000', '44.png', '', 1, 0, 'https://ranchoelarenal.com.mx/dynamic_code/index.php/species/code/44', 'Cylindropuntia fulgida', 'Cáctus', 1, 0),
(45, 'EGC0000', '45.png', '', 1, 0, 'https://ranchoelarenal.com.mx/dynamic_code/index.php/species/code/45', 'Euphoria grandicornis', 'Cáctus', 1, 0),
(46, 'EPG0000', '46.png', '', 1, 0, 'https://ranchoelarenal.com.mx/dynamic_code/index.php/species/code/46', 'Espostoa guentheri', 'Cáctus', 1, 0),
(47, 'SCF0000', '47.png', '', 1, 0, 'https://ranchoelarenal.com.mx/dynamic_code/index.php/species/code/47', 'Stenocereus fimbriatus', 'Cáctus', 1, 0),
(48, 'CRM0000', '48.png', '', 1, 0, 'https://ranchoelarenal.com.mx/dynamic_code/index.php/species/code/48', 'Cereus repandus fma. monstruosa', 'Cáctus', 1, 0),
(49, 'PPL0000', '49.png', '', 1, 0, 'https://ranchoelarenal.com.mx/dynamic_code/index.php/species/code/49', 'Pachypodium lamerei', 'Cáctus', 1, 0),
(50, 'CCH0000', '50.png', '', 1, 0, 'https://ranchoelarenal.com.mx/dynamic_code/index.php/species/code/50', ' Cleistocactus hyalacanthus', 'Cáctus', 1, 0),
(51, 'CCS0000', '51.png', '', 1, 0, 'https://ranchoelarenal.com.mx/dynamic_code/index.php/species/code/51', 'Cephalocereus senilis', 'Cáctus', 1, 0),
(52, 'OSL0000', '52.png', '', 1, 0, 'https://ranchoelarenal.com.mx/dynamic_code/index.php/species/code/52', 'Opuntia subulata', 'Cardón', 114, 0),
(53, 'CPI0000', '53.png', '', 1, 0, 'https://ranchoelarenal.com.mx/dynamic_code/index.php/species/code/53', 'Cylindropuntia imbricata', 'Cardón', 3000, 0),
(54, 'MCG0000', '54.png', '', 1, 0, 'https://ranchoelarenal.com.mx/dynamic_code/index.php/species/code/54', 'Myrtillocactus geometrizans', 'Garambullo', 1, 0),
(55, 'CDS0000', '55.png', '', 1, 0, 'https://ranchoelarenal.com.mx/dynamic_code/index.php/species/code/55', 'Cortaderia selloana', 'Hiervas de las pampas', 55, 0),
(56, 'ALG0000', '56.png', '', 1, 0, 'https://ranchoelarenal.com.mx/dynamic_code/index.php/species/code/56', 'Agave lechiguilla', 'Lechuguilla', 205, 0),
(57, 'APR0000', '57.png', '', 1, 0, 'https://ranchoelarenal.com.mx/dynamic_code/index.php/species/code/57', 'Agave parryi', 'Maguey', 61, 0),
(58, 'AAT0000', '58.png', '', 1, 0, 'https://ranchoelarenal.com.mx/dynamic_code/index.php/species/code/58', 'Agave attenuata', 'Maguey', 3, 0),
(59, 'AVV0000', '59.png', '', 1, 0, 'https://ranchoelarenal.com.mx/dynamic_code/index.php/species/code/59', 'Agave vivipara', 'Maguey', 7, 0),
(60, 'AAM0000', '60.png', '', 1, 0, 'https://ranchoelarenal.com.mx/dynamic_code/index.php/species/code/60', 'Agave americana var. Marginata ', 'Maguey Amarillo', 373, 0),
(61, 'ATL0000', '61.png', '', 1, 0, 'https://ranchoelarenal.com.mx/dynamic_code/index.php/species/code/61', 'Agave tequilana', 'Maguey tequilero', 1, 0),
(62, 'ASM0000', '62.png', '', 1, 0, 'https://ranchoelarenal.com.mx/dynamic_code/index.php/species/code/62', 'Agave salmiana', 'Maguey verde', 90, 0),
(63, 'OFS0000', '63.png', '', 1, 0, 'https://ranchoelarenal.com.mx/dynamic_code/index.php/species/code/63', 'Opuntia Ficusindica', 'Nopal', 76, 0),
(64, 'OST0000', '64.png', '', 1, 0, 'https://ranchoelarenal.com.mx/dynamic_code/index.php/species/code/64', 'Opuntia streptacntha', 'Nopal', 26, 0),
(65, 'OMG0000', '65.png', '', 1, 0, 'https://ranchoelarenal.com.mx/dynamic_code/index.php/species/code/65', 'Opuntia megacantha', 'Nopal', 75, 0),
(66, 'OTT0000', '66.png', '', 1, 0, 'https://ranchoelarenal.com.mx/dynamic_code/index.php/species/code/66', 'Opuntia tomentosa', 'Nopal', 1, 0),
(67, 'OJC0000', '67.png', '', 1, 0, 'https://ranchoelarenal.com.mx/dynamic_code/index.php/species/code/67', 'Opuntia joconostle', 'Nopal', 13, 0),
(68, 'OTC0000', '68.png', '', 1, 0, 'https://ranchoelarenal.com.mx/dynamic_code/index.php/species/code/68', ' Opuntia triacanta', 'Nopal', 6, 0),
(69, 'OEL0000', '69.png', '', 1, 0, 'https://ranchoelarenal.com.mx/dynamic_code/index.php/species/code/69', 'Opuntia engelmanni', 'Nopal', 2, 0),
(70, 'OME0000', '70.png', '', 1, 0, 'https://ranchoelarenal.com.mx/dynamic_code/index.php/species/code/70', 'Opuntia macrocentra', 'Nopal', 4, 0),
(71, 'OOC0000', '71.png', '', 1, 0, 'https://ranchoelarenal.com.mx/dynamic_code/index.php/species/code/71', 'Opuntia orencia', 'Nopal', 12, 0),
(72, 'OMD0000', '72.png', '', 1, 0, 'https://ranchoelarenal.com.mx/dynamic_code/index.php/species/code/72', 'Opuntia microdasys', 'Nopal', 2, 0),
(73, 'BPB0000', '73.png', '', 1, 0, 'https://ranchoelarenal.com.mx/dynamic_code/index.php/species/code/73', 'Brasiliopuntia brasiliensis', 'Nopal', 2, 0),
(74, 'APM0000', '74.png', '', 1, 0, 'https://ranchoelarenal.com.mx/dynamic_code/index.php/species/code/74', 'Astrophytum myriostigma', 'Órgano', 1, 0),
(75, 'EOG0000', '75.png', '', 1, 0, 'https://ranchoelarenal.com.mx/dynamic_code/index.php/species/code/75', 'Echinopsis oxygona', 'Órgano', 26, 0),
(76, 'EPM0000', '76.png', '', 1, 0, 'https://ranchoelarenal.com.mx/dynamic_code/index.php/species/code/76', 'Echinopsis multiplex', 'Órgano', 8, 0),
(77, 'CPV0000', '77.png', '', 1, 0, 'https://ranchoelarenal.com.mx/dynamic_code/index.php/species/code/77', 'Cereus peruvianus', 'Órgano chino', 6, 0),
(78, 'PMG0000', '78.png', '', 1, 0, 'https://ranchoelarenal.com.mx/dynamic_code/index.php/species/code/78', 'Pachycerus marginatus', 'Órgano común', 570, 0),
(79, 'YFX0000', '79.png', '', 1, 0, 'https://ranchoelarenal.com.mx/dynamic_code/index.php/species/code/79', 'Yucca faxoniana', 'Palma', 55, 0),
(80, 'DLT0000', '80.png', '', 1, 0, 'https://ranchoelarenal.com.mx/dynamic_code/index.php/species/code/80', 'Dasylirion texanum', 'Palmera enana', 30, 0),
(81, 'LPW0000', '81.png', '', 1, 0, 'https://ranchoelarenal.com.mx/dynamic_code/index.php/species/code/81', 'Lophophora williamsii', 'Peyote', 4, 0),
(82, 'SSL0000', '82.png', '', 1, 0, 'https://ranchoelarenal.com.mx/dynamic_code/index.php/species/code/82', 'Stenocereus stellatus', 'Pitayo', 7, 0),
(83, 'SCH0000', '83.png', '', 1, 0, 'https://ranchoelarenal.com.mx/dynamic_code/index.php/species/code/83', 'Selenicereus hamatus', 'Reina de la noche', 2, 0),
(84, 'AML0000', '84.png', '', 1, 0, 'https://ranchoelarenal.com.mx/dynamic_code/index.php/species/code/84', 'Aloe maculata', 'Sábila', 30, 0),
(85, 'AVR0000', '85.png', '', 1, 0, 'https://ranchoelarenal.com.mx/dynamic_code/index.php/species/code/85', 'Aloe vera', 'Sábila', 2, 0),
(86, 'AAS0000', '86.png', '', 1, 0, 'https://ranchoelarenal.com.mx/dynamic_code/index.php/species/code/86', 'Aloe arborescens', 'Sábila', 1, 0),
(87, 'BCS0000', '87.png', '', 1, 0, 'https://ranchoelarenal.com.mx/dynamic_code/index.php/species/code/87', ' Beaucarnea stricta', 'Soyate', 12, 0),
(88, 'EVE0000', '88.png', '', 1, 0, 'https://ranchoelarenal.com.mx/dynamic_code/index.php/species/code/88', 'Echeveria elegans', 'Suculenta', 2, 0),
(89, 'KCD0000', '89.png', '', 1, 0, 'https://ranchoelarenal.com.mx/dynamic_code/index.php/species/code/89', 'Kalanchoe daigremontiana', 'Suculenta', 11, 0),
(90, 'SPG0000', '90.png', '', 1, 0, 'https://ranchoelarenal.com.mx/dynamic_code/index.php/species/code/90', 'Stapelia gigantea', 'Suculenta', 1, 0),
(91, 'ECC0000', '91.png', '', 1, 0, 'https://ranchoelarenal.com.mx/dynamic_code/index.php/species/code/91', 'Echeveria colorata', 'Suculenta', 1, 0),
(92, 'CLT0000', '92.png', '', 1, 0, 'https://ranchoelarenal.com.mx/dynamic_code/index.php/species/code/92', 'Cylindropuntia leptucaulis', 'Suculenta', 1, 0),
(93, 'EAV0000', '93.png', '', 1, 0, 'https://ranchoelarenal.com.mx/dynamic_code/index.php/species/code/93', 'Echeveria agavoides', 'Suculenta', 6, 0),
(94, 'CSO0000', '94.png', '', 1, 0, 'https://ranchoelarenal.com.mx/dynamic_code/index.php/species/code/94', 'Crassula ovata', 'Suculenta', 1, 0),
(95, 'KCT0000', '95.png', '', 1, 0, 'https://ranchoelarenal.com.mx/dynamic_code/index.php/species/code/95', 'Kalanchoe tomentosa', 'Suculenta', 1, 0),
(96, 'KCB0000', '96.png', '', 1, 0, 'https://ranchoelarenal.com.mx/dynamic_code/index.php/species/code/96', 'Kalanchoe beharensis', 'Suculenta', 1, 0),
(97, 'YGO0000', '97.png', '', 1, 0, 'https://ranchoelarenal.com.mx/dynamic_code/index.php/species/code/97', 'Yucca gloriosa', 'Suculenta', 1, 0),
(98, 'ERY0000', '98.png', '', 1, 0, 'https://ranchoelarenal.com.mx/dynamic_code/index.php/species/code/98', 'Echeveria runyonii', 'Suculenta', 1, 0),
(99, 'KTS0000', '99.png', '', 1, 0, 'https://ranchoelarenal.com.mx/dynamic_code/index.php/species/code/99', 'Kalanchoe thyrsiflora', 'Suculenta', 2, 0),
(100, 'KNF0000', '100.png', '', 1, 0, 'https://ranchoelarenal.com.mx/dynamic_code/index.php/species/code/100', 'Kleinia neriifolia', 'Verol', 1, 0);

-- --------------------------------------------------------

--
-- Estructura de tabla para la tabla `modulos_app`
--

CREATE TABLE `modulos_app` (
  `moduloId` int(11) NOT NULL,
  `moduloNombre` varchar(150) NOT NULL,
  `moduloStatus` int(11) DEFAULT 1,
  `moduloFechaRegistro` timestamp NOT NULL DEFAULT current_timestamp(),
  `moduloFechaActualizacion` timestamp NOT NULL DEFAULT current_timestamp() ON UPDATE current_timestamp(),
  `moduloUsuarioRegistro` varchar(200) DEFAULT NULL,
  `moduloUsuarioActualizacion` varchar(200) DEFAULT NULL
) ENGINE=InnoDB DEFAULT CHARSET=utf8mb4 COLLATE=utf8mb4_unicode_ci;

--
-- Volcado de datos para la tabla `modulos_app`
--

INSERT INTO `modulos_app` (`moduloId`, `moduloNombre`, `moduloStatus`, `moduloFechaRegistro`, `moduloFechaActualizacion`, `moduloUsuarioRegistro`, `moduloUsuarioActualizacion`) VALUES
(1, 'Almacenes', 1, '2022-06-18 11:18:48', '2022-06-18 11:18:48', 'Admin   ', NULL),
(2, 'Entradas y salidas', 1, '2022-06-18 11:19:07', '2022-06-18 11:19:07', 'Admin   ', NULL),
(3, 'Traspasos', 1, '2022-06-18 11:19:21', '2022-06-18 11:19:21', 'Admin   ', NULL),
(4, 'Producción de huevo', 1, '2022-06-18 11:19:37', '2022-06-18 11:19:37', 'Admin   ', NULL),
(5, 'Ventas', 1, '2022-06-18 11:19:55', '2022-06-18 11:19:55', 'Admin   ', NULL),
(6, 'Reportes', 1, '2022-06-18 11:20:08', '2022-06-18 11:20:08', 'Admin   ', NULL);

-- --------------------------------------------------------

--
-- Estructura de tabla para la tabla `movimientos`
--

CREATE TABLE `movimientos` (
  `movimientoId` int(11) NOT NULL,
  `movimientoTipo` enum('Entrada','Salida','Traspaso') NOT NULL,
  `almacenId` int(11) DEFAULT NULL,
  `productoId` int(11) NOT NULL,
  `almacenOrigen` int(11) DEFAULT NULL,
  `almacenDestino` int(11) DEFAULT NULL,
  `movimientoCantidad` int(11) NOT NULL,
  `movimientoStatus` int(11) NOT NULL DEFAULT 1,
  `movimientoNotas` text DEFAULT NULL,
  `movimientoUsuarioRegistro` varchar(250) DEFAULT NULL,
  `movimientoUsuarioActualizacion` varchar(250) DEFAULT NULL,
  `movimientoFechaRegistro` timestamp NOT NULL DEFAULT current_timestamp(),
  `movimientoFechaActualizacion` timestamp NOT NULL DEFAULT current_timestamp() ON UPDATE current_timestamp(),
  `movimientoFecha` date NOT NULL
) ENGINE=InnoDB DEFAULT CHARSET=utf8mb4 COLLATE=utf8mb4_unicode_ci;

--
-- Volcado de datos para la tabla `movimientos`
--

INSERT INTO `movimientos` (`movimientoId`, `movimientoTipo`, `almacenId`, `productoId`, `almacenOrigen`, `almacenDestino`, `movimientoCantidad`, `movimientoStatus`, `movimientoNotas`, `movimientoUsuarioRegistro`, `movimientoUsuarioActualizacion`, `movimientoFechaRegistro`, `movimientoFechaActualizacion`, `movimientoFecha`) VALUES
(1, 'Entrada', 1, 10, NULL, NULL, 1626, 1, '1 gallinero 561pz\n3 gallinero 1065pz\n\n', 'Maria   ', NULL, '2022-03-25 09:48:38', '2022-03-25 15:54:51', '2022-03-24'),
(2, 'Traspaso', NULL, 10, 1, 2, 1626, 1, '', 'Maria   ', NULL, '2022-03-25 09:53:27', '2022-03-25 09:53:27', '2022-03-25'),
(3, 'Entrada', 1, 10, NULL, NULL, 437, 1, 'Gallinero 3', 'Maria   ', NULL, '2022-03-28 07:46:24', '2022-03-28 07:46:24', '2022-03-25'),
(4, 'Salida', 1, 10, NULL, NULL, 7, 1, 'huevo roto gallinero 3', 'Maria   ', 'Maria   ', '2022-03-28 07:47:18', '2022-03-28 07:49:45', '2022-03-25'),
(5, 'Entrada', 1, 10, NULL, NULL, 437, 1, 'Gallinero 1', 'Maria   ', NULL, '2022-03-28 07:48:54', '2022-03-28 07:48:54', '2022-03-25'),
(6, 'Salida', 1, 10, NULL, NULL, 8, 1, 'huevo roto gallinero 1', 'Maria   ', NULL, '2022-03-28 07:49:29', '2022-03-28 07:49:29', '2022-03-25'),
(7, 'Entrada', 1, 10, NULL, NULL, 430, 1, 'Gallinero 3', 'Maria   ', NULL, '2022-03-28 07:50:34', '2022-03-28 07:50:34', '2022-03-26'),
(8, 'Salida', 1, 10, NULL, NULL, 13, 1, 'Huevo roto Gallinero 3', 'Maria   ', NULL, '2022-03-28 07:50:58', '2022-03-28 07:50:58', '2022-03-26'),
(9, 'Entrada', 1, 10, NULL, NULL, 395, 1, 'Gallinero 1', 'Maria   ', NULL, '2022-03-28 07:51:31', '2022-03-28 07:51:31', '2022-03-26'),
(10, 'Salida', 1, 10, NULL, NULL, 9, 1, 'Huevo roto Gallinero 1', 'Maria   ', NULL, '2022-03-28 07:51:52', '2022-03-28 07:51:52', '2022-03-26'),
(11, 'Entrada', 1, 10, NULL, NULL, 488, 1, 'Gallinero 3', 'Maria   ', NULL, '2022-03-28 07:52:45', '2022-03-28 07:52:45', '2022-03-27'),
(12, 'Salida', 1, 10, NULL, NULL, 14, 1, 'Huevo rato Gallinero 3', 'Maria   ', NULL, '2022-03-28 07:53:15', '2022-03-28 07:53:15', '2022-03-27'),
(13, 'Entrada', 1, 10, NULL, NULL, 458, 1, 'Gallinero 1', 'Maria   ', NULL, '2022-03-28 07:53:36', '2022-03-28 07:53:36', '2022-03-27'),
(14, 'Salida', 1, 10, NULL, NULL, 7, 1, 'Huevo roto Gallinero 1', 'Maria   ', NULL, '2022-03-28 07:54:04', '2022-03-28 07:54:04', '2022-03-27'),
(15, 'Traspaso', NULL, 10, 1, 2, 2460, 1, '5 cajas \n12 conos ', 'Maria   ', NULL, '2022-03-28 11:46:19', '2022-03-28 11:46:19', '2022-03-28'),
(16, 'Salida', 2, 10, NULL, NULL, 1626, 1, 'Salida de 5 cajas(1800pz) del día 25 de marzo 2022 ', 'Admin', NULL, '2022-03-28 14:04:10', '2022-03-28 20:15:03', '2022-03-25'),
(17, 'Salida', 2, 10, NULL, NULL, 720, 1, 'destino para venta', 'Juana   ', NULL, '2022-03-28 14:23:02', '2022-03-28 14:23:02', '2022-03-28'),
(18, 'Entrada', 1, 10, NULL, NULL, 490, 1, 'Gallinero 3', 'Maria   ', NULL, '2022-03-29 07:24:39', '2022-03-29 07:24:39', '2022-03-28'),
(19, 'Salida', 1, 10, NULL, NULL, 7, 1, 'Huevo roto Gallinero 3', 'Maria   ', NULL, '2022-03-29 07:25:09', '2022-03-29 07:25:09', '2022-03-28'),
(20, 'Entrada', 1, 10, NULL, NULL, 454, 1, 'Gallinero 1', 'Maria   ', NULL, '2022-03-29 07:25:29', '2022-03-29 07:25:29', '2022-03-28'),
(21, 'Salida', 1, 10, NULL, NULL, 5, 1, 'Huevo roto Gallinero 1', 'Maria   ', NULL, '2022-03-29 07:25:50', '2022-03-29 07:25:50', '2022-03-28'),
(22, 'Salida', 1, 10, NULL, NULL, 30, 1, 'Venta 29/03/202\nMédico Ivan', 'Maria   ', NULL, '2022-03-29 12:48:54', '2022-03-29 12:48:54', '2022-03-29'),
(23, 'Salida', 2, 10, NULL, NULL, 360, 1, 'venta', 'Juana   ', NULL, '2022-03-29 13:21:34', '2022-03-29 13:21:34', '2022-03-29'),
(24, 'Entrada', 1, 10, NULL, NULL, 511, 1, 'Gallinero 3', 'Maria   ', NULL, '2022-03-30 07:13:15', '2022-03-30 07:13:15', '2022-03-29'),
(25, 'Salida', 1, 10, NULL, NULL, 8, 1, 'Huevo Roto Gallinero 3', 'Maria   ', NULL, '2022-03-30 07:14:00', '2022-03-30 07:14:00', '2022-03-29'),
(26, 'Entrada', 1, 10, NULL, NULL, 437, 1, 'Gallinero 1', 'Maria   ', NULL, '2022-03-30 07:14:38', '2022-03-30 07:14:38', '2022-03-29'),
(27, 'Salida', 1, 10, NULL, NULL, 7, 1, 'Huevo roto Gallinero 1', 'Maria   ', NULL, '2022-03-30 07:15:01', '2022-03-30 07:15:01', '2022-03-29'),
(28, 'Salida', 2, 10, NULL, NULL, 1080, 1, 'venta', 'Juana   ', NULL, '2022-03-30 16:12:38', '2022-03-30 16:12:38', '2022-03-30'),
(29, 'Entrada', 1, 10, NULL, NULL, 455, 1, 'Gallinero 3', 'Maria   ', NULL, '2022-03-31 13:07:32', '2022-03-31 13:07:32', '2022-03-30'),
(30, 'Salida', 1, 10, NULL, NULL, 12, 1, 'Huevo roto Gallinero 3', 'Maria   ', NULL, '2022-03-31 13:08:12', '2022-03-31 13:08:12', '2022-03-30'),
(31, 'Entrada', 1, 10, NULL, NULL, 435, 1, 'Gallinero 1', 'Maria   ', NULL, '2022-03-31 13:09:26', '2022-03-31 13:09:26', '2022-03-30'),
(32, 'Entrada', 1, 10, NULL, NULL, 433, 1, 'Gallinero 1', 'Maria   ', NULL, '2022-04-01 10:54:56', '2022-04-01 10:54:56', '2022-03-31'),
(33, 'Salida', 1, 10, NULL, NULL, 1, 1, 'Huevo roto Gallinero 1', 'Maria   ', NULL, '2022-04-01 10:55:19', '2022-04-01 10:55:19', '2022-03-31'),
(34, 'Entrada', 1, 10, NULL, NULL, 460, 1, 'Gallinero 3', 'Maria   ', NULL, '2022-04-01 10:55:40', '2022-04-01 10:55:40', '2022-03-31'),
(35, 'Salida', 1, 10, NULL, NULL, 11, 1, 'Huevo roto Gallinero 3', 'Maria   ', NULL, '2022-04-01 10:56:05', '2022-04-01 10:56:05', '2022-03-31'),
(36, 'Traspaso', NULL, 10, 1, 2, 3721, 1, 'Traspaso día 1 de Abril 2022', 'Maria   ', NULL, '2022-04-01 11:05:11', '2022-04-01 11:05:11', '2022-04-01'),
(37, 'Salida', 2, 10, NULL, NULL, 2160, 1, 'ventas', 'Juana   ', NULL, '2022-04-01 16:34:04', '2022-04-01 16:34:04', '2022-04-01'),
(38, 'Salida', 2, 10, NULL, NULL, 150, 1, 'ventas', 'Juana   ', NULL, '2022-04-02 12:28:26', '2022-04-02 12:28:26', '2022-04-02'),
(39, 'Entrada', 1, 10, NULL, NULL, 426, 1, 'Gallinero 1', 'Maria   ', NULL, '2022-04-02 12:50:23', '2022-04-02 12:50:23', '2022-04-01'),
(40, 'Salida', 1, 10, NULL, NULL, 2, 0, 'Huevo roto Gallinero 1', 'Maria   ', 'Maria   ', '2022-04-02 12:50:51', '2022-04-04 12:18:20', '2022-04-01'),
(41, 'Salida', 1, 10, NULL, NULL, 2, 1, 'Huevo roto Gallinero 1', 'Maria   ', NULL, '2022-04-02 12:50:53', '2022-04-02 12:50:53', '2022-04-01'),
(42, 'Entrada', 1, 10, NULL, NULL, 482, 1, 'Gallinero 3', 'Maria   ', NULL, '2022-04-02 12:51:19', '2022-04-02 12:51:19', '2022-04-01'),
(43, 'Salida', 1, 10, NULL, NULL, 13, 1, 'Huevo roto Gallinero 3', 'Maria   ', NULL, '2022-04-02 12:51:54', '2022-04-02 12:51:54', '2022-04-01'),
(44, 'Entrada', 1, 10, NULL, NULL, 459, 1, 'gallinero #3', 'Maria   ', 'Maria   ', '2022-04-02 18:50:27', '2022-04-02 18:52:29', '2022-04-02'),
(45, 'Entrada', 1, 10, NULL, NULL, 445, 1, 'gallinero #1', 'Maria   ', NULL, '2022-04-02 18:51:51', '2022-04-02 18:51:51', '2022-04-02'),
(46, 'Salida', 1, 10, NULL, NULL, 3, 1, 'huevo roto gallinero 1', 'Maria   ', 'Maria   ', '2022-04-02 18:54:13', '2022-04-02 18:55:31', '2022-04-02'),
(47, 'Salida', 1, 10, NULL, NULL, 11, 1, 'huevo roto gallinero #3', 'Maria   ', NULL, '2022-04-02 18:55:01', '2022-04-02 18:55:01', '2022-04-02'),
(48, 'Entrada', 1, 10, NULL, NULL, 479, 1, 'gallinero #3', 'Maria   ', NULL, '2022-04-03 19:45:45', '2022-04-03 19:45:45', '2022-04-03'),
(49, 'Salida', 1, 10, NULL, NULL, 11, 1, 'huevo roto gallinero #3 más 4 de cuarentena', 'Maria   ', NULL, '2022-04-03 19:47:37', '2022-04-03 19:47:37', '2022-04-03'),
(50, 'Entrada', 1, 10, NULL, NULL, 428, 1, 'gallinero #1', 'Maria   ', NULL, '2022-04-03 19:48:41', '2022-04-03 19:48:41', '2022-04-03'),
(51, 'Salida', 1, 10, NULL, NULL, 4, 1, 'huevo roto gallinero #1', 'Maria   ', NULL, '2022-04-03 19:50:46', '2022-04-03 19:50:46', '2022-04-03'),
(52, 'Entrada', 1, 10, NULL, NULL, 428, 0, 'Gallinero 1', 'Maria   ', 'Maria   ', '2022-04-04 12:01:03', '2022-04-04 12:05:58', '2022-04-03'),
(53, 'Salida', 1, 10, NULL, NULL, 4, 0, 'Huevo roto Gallinero 1', 'Maria   ', 'Maria   ', '2022-04-04 12:01:40', '2022-04-04 12:07:17', '2022-04-03'),
(54, 'Entrada', 1, 10, NULL, NULL, 479, 0, 'Gallinero 3', 'Maria   ', 'Maria   ', '2022-04-04 12:04:59', '2022-04-04 12:06:22', '2022-04-03'),
(55, 'Salida', 1, 10, NULL, NULL, 11, 0, 'Huevo roto Gallinero 3', 'Maria   ', 'Maria   ', '2022-04-04 12:05:22', '2022-04-04 12:06:18', '2022-04-03'),
(56, 'Traspaso', NULL, 10, 1, 2, 2520, 1, '6 cajas completas ', 'Maria   ', NULL, '2022-04-04 13:36:50', '2022-04-04 13:36:50', '2022-04-04'),
(57, 'Entrada', 1, 10, NULL, NULL, 439, 1, 'gallinero #1', 'Maria   ', NULL, '2022-04-05 12:06:42', '2022-04-05 12:06:42', '2022-04-04'),
(58, 'Entrada', 1, 10, NULL, NULL, 419, 1, 'gallinero #3', 'Maria   ', NULL, '2022-04-05 12:08:58', '2022-04-05 12:08:58', '2022-04-04'),
(59, 'Salida', 1, 10, NULL, NULL, 8, 1, 'huevo roto gallinero #3', 'Maria   ', NULL, '2022-04-05 12:09:51', '2022-04-05 12:09:51', '2022-04-04'),
(60, 'Salida', 1, 10, NULL, NULL, 2, 1, 'huevo roto gallinero#1', 'Maria   ', NULL, '2022-04-05 12:11:22', '2022-04-05 12:11:22', '2022-04-04'),
(61, 'Entrada', 1, 10, NULL, NULL, 464, 1, 'gallinero #3', 'Maria   ', NULL, '2022-04-05 21:17:11', '2022-04-05 21:17:11', '2022-04-05'),
(62, 'Entrada', 1, 10, NULL, NULL, 435, 1, 'gallinero #1', 'Maria   ', NULL, '2022-04-05 21:17:56', '2022-04-05 21:17:56', '2022-04-05'),
(63, 'Salida', 1, 10, NULL, NULL, 9, 1, 'huevo roto gallinero #3', 'Maria   ', NULL, '2022-04-05 21:18:38', '2022-04-05 21:18:38', '2022-04-05'),
(64, 'Salida', 1, 10, NULL, NULL, 1, 1, 'huevo roto gallinero #1', 'Maria   ', NULL, '2022-04-05 21:19:25', '2022-04-05 21:19:25', '2022-04-05'),
(65, 'Salida', 2, 10, NULL, NULL, 1400, 1, 'ventas', 'Juana   ', NULL, '2022-04-06 17:00:53', '2022-04-06 17:00:53', '2022-04-06'),
(66, 'Entrada', 1, 10, NULL, NULL, 422, 1, 'gallinero #1', 'Maria   ', NULL, '2022-04-06 19:30:54', '2022-04-06 19:30:54', '2022-04-06'),
(67, 'Salida', 1, 10, NULL, NULL, 1, 1, 'huevo roto gallinero #1', 'Maria   ', NULL, '2022-04-06 19:31:33', '2022-04-06 19:31:33', '2022-04-06'),
(68, 'Entrada', 1, 10, NULL, NULL, 464, 1, 'gallinero #3', 'Maria   ', NULL, '2022-04-06 19:32:09', '2022-04-06 19:32:09', '2022-04-06'),
(69, 'Salida', 1, 10, NULL, NULL, 8, 1, 'huevo roto gallinero#3', 'Maria   ', NULL, '2022-04-06 19:32:44', '2022-04-06 19:32:44', '2022-04-06'),
(70, 'Entrada', 1, 10, NULL, NULL, 443, 1, 'gallinero #1', 'Maria   ', NULL, '2022-04-07 18:19:47', '2022-04-07 18:19:47', '2022-04-07'),
(71, 'Entrada', 1, 10, NULL, NULL, 441, 1, 'gallinero #3', 'Maria   ', NULL, '2022-04-07 18:20:28', '2022-04-07 18:20:28', '2022-04-07'),
(72, 'Salida', 1, 10, NULL, NULL, 9, 1, 'huevo roto gallinero #3', 'Maria   ', NULL, '2022-04-07 18:21:38', '2022-04-07 18:21:38', '2022-04-07'),
(73, 'Traspaso', NULL, 10, 1, 2, 3644, 1, '8 cajas y 1 caja con charolas con huevo clasificado ', 'Maria   ', NULL, '2022-04-08 08:45:27', '2022-04-08 08:45:27', '2022-04-08'),
(74, 'Salida', 2, 10, NULL, NULL, 1080, 1, 'ventas', 'Juana   ', NULL, '2022-04-08 15:29:19', '2022-04-08 15:29:19', '2022-04-08'),
(75, 'Entrada', 1, 10, NULL, NULL, 437, 1, 'gallinero #1', 'Maria   ', NULL, '2022-04-08 20:12:32', '2022-04-08 20:12:32', '2022-04-08'),
(76, 'Salida', 1, 10, NULL, NULL, 1, 1, 'huevo roto gallinero #1', 'Maria   ', NULL, '2022-04-08 20:13:14', '2022-04-08 20:13:14', '2022-04-08'),
(77, 'Entrada', 1, 10, NULL, NULL, 461, 1, 'gallinero #3', 'Maria   ', NULL, '2022-04-08 20:13:52', '2022-04-08 20:13:52', '2022-04-08'),
(78, 'Salida', 1, 10, NULL, NULL, 12, 1, 'huevo roto gallinero #3', 'Maria   ', NULL, '2022-04-08 20:14:32', '2022-04-08 20:14:32', '2022-04-08'),
(79, 'Salida', 2, 10, NULL, NULL, 1440, 1, 'ventad', 'Juana   ', 'Juana   ', '2022-04-09 06:46:56', '2022-04-09 09:12:04', '2022-04-09'),
(80, 'Entrada', 1, 10, NULL, NULL, 425, 1, 'gallinero 1', 'Maria   ', NULL, '2022-04-09 19:54:37', '2022-04-09 19:54:37', '2022-04-09'),
(81, 'Salida', 1, 10, NULL, NULL, 2, 1, 'huevo roto gallinero 1', 'Maria   ', NULL, '2022-04-09 19:55:11', '2022-04-09 19:55:11', '2022-04-09'),
(82, 'Entrada', 1, 10, NULL, NULL, 447, 1, 'gallinero#3', 'Maria   ', NULL, '2022-04-09 19:55:43', '2022-04-09 19:55:43', '2022-04-09'),
(83, 'Salida', 1, 10, NULL, NULL, 10, 1, 'huevo roto gallinero#3', 'Maria   ', NULL, '2022-04-09 19:56:21', '2022-04-09 19:56:21', '2022-04-09'),
(84, 'Entrada', 1, 10, NULL, NULL, 422, 1, 'gallinero #1', 'Maria   ', NULL, '2022-04-10 20:07:39', '2022-04-10 20:07:39', '2022-04-10'),
(85, 'Salida', 1, 10, NULL, NULL, 2, 1, 'huevo roto gallinero #1', 'Maria   ', NULL, '2022-04-10 20:08:19', '2022-04-10 20:08:19', '2022-04-10'),
(86, 'Entrada', 1, 10, NULL, NULL, 472, 1, 'gallinero #3', 'Maria   ', NULL, '2022-04-10 20:08:57', '2022-04-10 20:08:57', '2022-04-10'),
(87, 'Salida', 1, 10, NULL, NULL, 14, 1, 'huevo roto gallinero#3', 'Maria   ', NULL, '2022-04-10 20:09:26', '2022-04-10 20:09:26', '2022-04-10'),
(88, 'Traspaso', NULL, 10, 1, 2, 2520, 1, '6 cajas completas ', 'Maria   ', 'Maria   ', '2022-04-11 13:16:20', '2022-04-13 11:15:12', '2022-04-11'),
(89, 'Entrada', 1, 10, NULL, NULL, 434, 1, 'gallinero 1', 'Maria   ', NULL, '2022-04-11 20:48:23', '2022-04-11 20:48:23', '2022-04-11'),
(90, 'Salida', 1, 10, NULL, NULL, 1, 1, 'huevo roto gallinero 1', 'Maria   ', NULL, '2022-04-11 20:48:52', '2022-04-11 20:48:52', '2022-04-11'),
(91, 'Entrada', 1, 10, NULL, NULL, 458, 1, 'gallinero 3', 'Maria   ', NULL, '2022-04-11 20:49:23', '2022-04-11 20:49:23', '2022-04-11'),
(92, 'Salida', 1, 10, NULL, NULL, 8, 1, 'huevo roto gallinero 3', 'Maria   ', NULL, '2022-04-11 20:49:52', '2022-04-11 20:49:52', '2022-04-11'),
(93, 'Entrada', 1, 10, NULL, NULL, 11, 1, '', 'Maria   ', NULL, '2022-04-11 20:57:18', '2022-04-11 20:57:18', '2022-04-11'),
(94, 'Salida', 1, 10, NULL, NULL, 120, 1, '4 charolas venta (dolores)', 'Maria   ', NULL, '2022-04-13 08:06:08', '2022-04-13 08:06:08', '2022-04-11'),
(95, 'Salida', 1, 10, NULL, NULL, 360, 1, 'venta (12 charolas) ', 'Maria   ', NULL, '2022-04-13 09:39:54', '2022-04-13 09:39:54', '2022-04-13'),
(96, 'Salida', 1, 10, NULL, NULL, 90, 1, 'venta (rancho R)', 'Maria   ', NULL, '2022-04-13 09:40:55', '2022-04-13 09:40:55', '2022-04-13'),
(97, 'Entrada', 1, 10, NULL, NULL, 437, 1, 'gallinero 1', 'Maria   ', NULL, '2022-04-13 09:44:26', '2022-04-13 09:44:26', '2022-04-12'),
(98, 'Salida', 1, 10, NULL, NULL, 6, 1, '4rotos y 2 de papel gallinero 1', 'Maria   ', NULL, '2022-04-13 09:45:30', '2022-04-13 09:45:30', '2022-04-12'),
(99, 'Entrada', 1, 10, NULL, NULL, 454, 1, 'gallinero #3', 'Maria   ', NULL, '2022-04-13 09:46:08', '2022-04-13 09:46:08', '2022-04-12'),
(100, 'Salida', 1, 10, NULL, NULL, 6, 1, 'huevo roto gallinero #3', 'Maria   ', NULL, '2022-04-13 09:46:39', '2022-04-13 09:46:39', '2022-04-12'),
(101, 'Salida', 2, 10, NULL, NULL, 1800, 1, 'ventas', 'Juana   ', NULL, '2022-04-13 11:16:27', '2022-04-13 11:16:27', '2022-04-12'),
(102, 'Entrada', 1, 10, NULL, NULL, 430, 1, 'gallinero #1', 'Carmen Rivera  ', NULL, '2022-04-13 20:25:41', '2022-04-13 20:25:41', '2022-04-13'),
(103, 'Salida', 1, 10, NULL, NULL, 6, 1, 'huevo  roto gallinero 1', 'Carmen Rivera  ', NULL, '2022-04-13 20:26:44', '2022-04-13 20:26:44', '2022-04-13'),
(104, 'Entrada', 1, 10, NULL, NULL, 472, 1, 'gallinero #3', 'Carmen Rivera  ', NULL, '2022-04-13 20:27:47', '2022-04-13 20:27:47', '2022-04-13'),
(105, 'Salida', 1, 10, NULL, NULL, 10, 1, 'huevo roto gallinero #3', 'Carmen Rivera  ', NULL, '2022-04-13 20:28:34', '2022-04-13 20:28:34', '2022-04-13'),
(106, 'Entrada', 1, 10, NULL, NULL, 151, 1, 'cuarentena', 'Carmen Rivera  ', NULL, '2022-04-13 20:29:42', '2022-04-13 20:29:42', '2022-04-13'),
(107, 'Salida', 1, 10, NULL, NULL, 151, 1, 'huevo de cuarentena ', 'Carmen Rivera  ', NULL, '2022-04-13 20:30:49', '2022-04-13 20:30:49', '2022-04-13'),
(108, 'Salida', 1, 10, NULL, NULL, 60, 1, 'venta rancho ', 'Carmen Rivera  ', NULL, '2022-04-14 13:06:15', '2022-04-14 13:06:15', '2022-04-14'),
(109, 'Entrada', 1, 10, NULL, NULL, 413, 1, 'gallinero #1', 'Carmen Rivera  ', NULL, '2022-04-14 20:09:51', '2022-04-14 20:09:51', '2022-04-14'),
(110, 'Salida', 1, 10, NULL, NULL, 3, 1, 'huevo roto gallinero  #1', 'Carmen Rivera  ', NULL, '2022-04-14 20:10:56', '2022-04-14 20:10:56', '2022-04-14'),
(111, 'Entrada', 1, 10, NULL, NULL, 496, 1, 'gallinero  #3', 'Carmen Rivera  ', NULL, '2022-04-14 20:11:33', '2022-04-14 20:11:33', '2022-04-14'),
(112, 'Salida', 1, 10, NULL, NULL, 7, 1, 'huevo  roto gallinero  #3', 'Carmen Rivera  ', NULL, '2022-04-14 20:12:26', '2022-04-14 20:12:26', '2022-04-14'),
(113, 'Entrada', 1, 10, NULL, NULL, 425, 1, 'gallinero #1', 'Carmen Rivera  ', NULL, '2022-04-15 20:00:42', '2022-04-15 20:00:42', '2022-04-15'),
(114, 'Salida', 1, 10, NULL, NULL, 5, 1, 'huevo roto gallinero #1', 'Carmen Rivera  ', NULL, '2022-04-15 20:01:28', '2022-04-15 20:01:28', '2022-04-15'),
(115, 'Salida', 1, 10, NULL, NULL, 8, 1, '', 'Carmen Rivera  ', NULL, '2022-04-15 20:02:08', '2022-04-15 20:02:08', '2022-04-15'),
(116, 'Entrada', 1, 10, NULL, NULL, 511, 1, 'gallinero #3', 'Carmen Rivera  ', NULL, '2022-04-15 20:02:40', '2022-04-15 20:02:40', '2022-04-15'),
(117, 'Salida', 1, 10, NULL, NULL, 7, 1, 'huevo roto gallinero #3', 'Carmen Rivera  ', NULL, '2022-04-15 20:03:09', '2022-04-15 20:03:09', '2022-04-15'),
(118, 'Traspaso', NULL, 10, 1, 2, 3947, 1, 'traspaso ', 'Maria   ', NULL, '2022-04-16 09:21:31', '2022-04-16 09:21:31', '2022-04-16'),
(119, 'Entrada', 1, 10, NULL, NULL, 422, 1, 'gallinero #1', 'Carmen Rivera  ', NULL, '2022-04-16 17:06:44', '2022-04-16 17:06:44', '2022-04-16'),
(120, 'Salida', 1, 10, NULL, NULL, 4, 1, 'huevo roto gallinero #1', 'Carmen Rivera  ', NULL, '2022-04-16 17:07:09', '2022-04-16 17:07:09', '2022-04-16'),
(121, 'Salida', 1, 10, NULL, NULL, 30, 1, 'venta ', 'Carmen Rivera  ', NULL, '2022-04-16 17:07:36', '2022-04-16 17:07:36', '2022-04-16'),
(122, 'Entrada', 1, 10, NULL, NULL, 475, 1, 'huevo de gallinero #3', 'Carmen Rivera  ', NULL, '2022-04-17 10:30:22', '2022-04-17 10:30:22', '2022-04-16'),
(123, 'Salida', 1, 10, NULL, NULL, 8, 1, 'huevo roto gallinero #3', 'Carmen Rivera  ', NULL, '2022-04-17 10:30:52', '2022-04-17 10:30:52', '2022-04-16'),
(124, 'Entrada', 1, 10, NULL, NULL, 452, 1, 'gallinero #1', 'Carmen Rivera  ', NULL, '2022-04-17 21:20:25', '2022-04-17 21:20:25', '2022-04-17'),
(125, 'Salida', 1, 10, NULL, NULL, 1, 1, 'huevo roto gallinero #1', 'Carmen Rivera  ', NULL, '2022-04-17 21:20:55', '2022-04-17 21:20:55', '2022-04-17'),
(126, 'Entrada', 1, 10, NULL, NULL, 506, 1, 'gallinero #3', 'Carmen Rivera  ', NULL, '2022-04-17 21:21:31', '2022-04-17 21:21:31', '2022-04-17'),
(127, 'Salida', 1, 10, NULL, NULL, 5, 1, 'huevo roto gallinero #3', 'Carmen Rivera  ', NULL, '2022-04-17 21:21:59', '2022-04-17 21:21:59', '2022-04-17'),
(128, 'Entrada', 1, 10, NULL, NULL, 438, 1, 'gallinero 1\n', 'Carmen Rivera  ', NULL, '2022-04-18 14:54:35', '2022-04-18 14:54:35', '2022-04-18'),
(129, 'Salida', 1, 10, NULL, NULL, 1, 1, 'huevo roto ,gallinero 1\n', 'Carmen Rivera  ', NULL, '2022-04-18 14:55:14', '2022-04-18 14:55:14', '2022-04-18'),
(130, 'Entrada', 1, 10, NULL, NULL, 484, 1, 'gallinero #3', 'Carmen Rivera  ', NULL, '2022-04-18 18:47:52', '2022-04-18 18:47:52', '2022-04-18'),
(131, 'Salida', 1, 10, NULL, NULL, 8, 1, 'huevo roto gallinero #3', 'Carmen Rivera  ', NULL, '2022-04-18 18:48:35', '2022-04-18 18:48:35', '2022-04-18'),
(132, 'Salida', 2, 10, NULL, NULL, 1800, 1, 'ventas', 'Juana   ', NULL, '2022-04-19 12:14:10', '2022-04-19 12:14:10', '2022-04-19'),
(133, 'Salida', 2, 10, NULL, NULL, 5947, 1, 'Ajuste de inventario ', 'Admin', NULL, '2022-04-19 12:19:58', '2022-04-19 19:13:48', '2022-04-19'),
(134, 'Entrada', 1, 10, NULL, NULL, 471, 1, 'gallinero #3', 'Carmen Rivera  ', NULL, '2022-04-19 20:25:04', '2022-04-19 20:25:04', '2022-04-19'),
(135, 'Salida', 1, 10, NULL, NULL, 11, 1, 'huevo roto gallinero #3', 'Carmen Rivera  ', NULL, '2022-04-19 20:25:31', '2022-04-19 20:25:31', '2022-04-19'),
(136, 'Entrada', 1, 10, NULL, NULL, 429, 1, 'gallinero #1', 'Carmen Rivera  ', NULL, '2022-04-20 07:31:02', '2022-04-20 07:31:02', '2022-04-19'),
(137, 'Salida', 1, 10, NULL, NULL, 5, 1, 'huevo roto gallinero #1', 'Carmen Rivera  ', NULL, '2022-04-20 07:31:30', '2022-04-20 07:31:30', '2022-04-19'),
(138, 'Entrada', 1, 10, NULL, NULL, 433, 1, 'gallinero #1', 'Carmen Rivera  ', NULL, '2022-04-20 18:49:23', '2022-04-20 18:49:23', '2022-04-20'),
(139, 'Salida', 1, 10, NULL, NULL, 1, 1, 'huevo roto gallinero #1', 'Carmen Rivera  ', NULL, '2022-04-20 18:49:50', '2022-04-20 18:49:50', '2022-04-20'),
(140, 'Entrada', 1, 10, NULL, NULL, 517, 1, 'gallinero #3', 'Carmen Rivera  ', NULL, '2022-04-20 18:50:37', '2022-04-20 18:50:37', '2022-04-20'),
(141, 'Salida', 1, 10, NULL, NULL, 6, 1, 'huevo roto gallinero #3', 'Carmen Rivera  ', NULL, '2022-04-20 18:51:01', '2022-04-20 18:51:01', '2022-04-20'),
(142, 'Entrada', 1, 10, NULL, NULL, 429, 1, 'gallinero #1', 'Carmen Rivera  ', NULL, '2022-04-21 20:07:30', '2022-04-21 20:07:30', '2022-04-21'),
(143, 'Salida', 1, 10, NULL, NULL, 3, 1, 'huevo roto gallinero #1', 'Carmen Rivera  ', NULL, '2022-04-21 20:07:54', '2022-04-21 20:07:54', '2022-04-21'),
(144, 'Entrada', 1, 10, NULL, NULL, 497, 1, 'gallinero #3', 'Carmen Rivera  ', NULL, '2022-04-21 20:08:24', '2022-04-21 20:08:24', '2022-04-21'),
(145, 'Salida', 1, 10, NULL, NULL, 9, 1, 'huevo roto gallinero #3', 'Carmen Rivera  ', NULL, '2022-04-21 20:08:57', '2022-04-21 20:08:57', '2022-04-21'),
(146, 'Traspaso', NULL, 10, 1, 2, 5461, 1, '12 cajas completas y 421 pz', 'Maria   ', NULL, '2022-04-22 10:48:29', '2022-04-22 10:48:29', '2022-04-22'),
(147, 'Salida', 2, 10, NULL, NULL, 2160, 1, 'ventas\n', 'Juana   ', NULL, '2022-04-22 17:20:30', '2022-04-22 17:20:30', '2022-04-23'),
(148, 'Salida', 2, 10, NULL, NULL, 2160, 1, 'ventas\n', 'Juana   ', NULL, '2022-04-22 17:21:04', '2022-04-22 17:21:04', '2022-04-23'),
(149, 'Entrada', 1, 10, NULL, NULL, 429, 1, 'gallinero 1\n', 'Carmen Rivera  ', 'Carmen Rivera  ', '2022-04-23 07:28:44', '2022-04-23 07:29:25', '2022-04-22'),
(150, 'Salida', 1, 10, NULL, NULL, 2, 1, 'huevo roto de gallinero 1', 'Carmen Rivera  ', NULL, '2022-04-23 07:29:58', '2022-04-23 07:29:58', '2022-04-22'),
(151, 'Entrada', 1, 10, NULL, NULL, 494, 1, 'gallinero 3', 'Carmen Rivera  ', NULL, '2022-04-23 10:09:49', '2022-04-23 10:09:49', '2022-04-22'),
(152, 'Salida', 1, 10, NULL, NULL, 13, 1, 'huevo roto de gallinero 3 ', 'Carmen Rivera  ', NULL, '2022-04-23 10:11:34', '2022-04-23 10:11:34', '2022-04-22'),
(6551, 'Salida', 1, 10, NULL, NULL, 14, 1, 'gallinero 3', 'Verónica v  ', NULL, '2025-04-21 13:19:54', '2025-04-21 13:19:54', '2025-04-21'),
(6552, 'Entrada', 1, 10, NULL, NULL, 293, 1, 'gallinero 2', 'Verónica v  ', NULL, '2025-04-21 13:26:10', '2025-04-21 13:26:10', '2025-04-21');
INSERT INTO `movimientos` (`movimientoId`, `movimientoTipo`, `almacenId`, `productoId`, `almacenOrigen`, `almacenDestino`, `movimientoCantidad`, `movimientoStatus`, `movimientoNotas`, `movimientoUsuarioRegistro`, `movimientoUsuarioActualizacion`, `movimientoFechaRegistro`, `movimientoFechaActualizacion`, `movimientoFecha`) VALUES
(6553, 'Salida', 1, 10, NULL, NULL, 24, 1, 'gallinero 2', 'Verónica v  ', NULL, '2025-04-21 13:26:27', '2025-04-21 13:26:27', '2025-04-21'),
(6554, 'Entrada', 1, 10, NULL, NULL, 288, 1, 'gallinero 2', 'Verónica v  ', NULL, '2025-04-22 13:43:01', '2025-04-22 13:43:01', '2025-04-22'),
(6555, 'Salida', 1, 10, NULL, NULL, 27, 1, 'gallinero 2', 'Verónica v  ', NULL, '2025-04-22 13:43:16', '2025-04-22 13:43:16', '2025-04-22'),
(6556, 'Entrada', 1, 10, NULL, NULL, 585, 1, 'gallinero 3', 'Verónica v  ', NULL, '2025-04-22 14:03:57', '2025-04-22 14:03:57', '2025-04-22'),
(6557, 'Salida', 1, 10, NULL, NULL, 17, 1, 'gallinero 3', 'Verónica v  ', NULL, '2025-04-22 14:04:18', '2025-04-22 14:04:18', '2025-04-22'),
(6558, 'Entrada', 1, 10, NULL, NULL, 278, 1, 'gallinero 2', 'Verónica v  ', NULL, '2025-04-23 12:36:17', '2025-04-23 12:36:17', '2025-04-23'),
(6559, 'Salida', 1, 10, NULL, NULL, 17, 1, 'gallinero 2', 'Verónica v  ', NULL, '2025-04-23 12:36:48', '2025-04-23 12:36:48', '2025-04-23'),
(6560, 'Entrada', 1, 10, NULL, NULL, 577, 1, 'gallinero 3', 'Verónica v  ', NULL, '2025-04-23 12:46:45', '2025-04-23 12:46:45', '2025-04-23'),
(6561, 'Salida', 1, 10, NULL, NULL, 17, 1, 'gallinero 3', 'Verónica v  ', NULL, '2025-04-23 12:47:06', '2025-04-23 12:47:06', '2025-04-23'),
(6562, 'Entrada', 1, 10, NULL, NULL, 290, 1, 'gallinero 2', 'Verónica v  ', NULL, '2025-04-24 12:36:18', '2025-04-24 12:36:18', '2025-04-24'),
(6563, 'Salida', 1, 10, NULL, NULL, 23, 1, 'gallinero 2', 'Verónica v  ', NULL, '2025-04-24 12:36:41', '2025-04-24 12:36:41', '2025-04-24'),
(6564, 'Entrada', 1, 10, NULL, NULL, 567, 1, 'gallinero 3', 'Verónica v  ', NULL, '2025-04-24 13:18:42', '2025-04-24 13:18:42', '2025-04-24'),
(6565, 'Salida', 1, 10, NULL, NULL, 21, 1, 'gallinero 3', 'Verónica v  ', NULL, '2025-04-24 13:19:03', '2025-04-24 13:19:03', '2025-04-24'),
(6566, 'Salida', 1, 10, NULL, NULL, 3, 1, 'gallinero 2', 'Verónica v  ', NULL, '2025-04-24 13:32:15', '2025-04-24 13:32:15', '2025-04-24'),
(6567, 'Entrada', 1, 10, NULL, NULL, 6, 1, 'complemento de huevo ', 'Verónica v  ', NULL, '2025-04-24 13:33:17', '2025-04-24 13:33:17', '2025-04-24'),
(6568, 'Traspaso', NULL, 10, 1, 2, 4923, 1, 'traspaso ', 'Maria   ', NULL, '2025-04-25 10:10:56', '2025-04-25 10:10:56', '2025-04-25'),
(6569, 'Entrada', 1, 10, NULL, NULL, 573, 1, 'gallinero 3', 'Verónica v  ', NULL, '2025-04-25 14:01:58', '2025-04-25 14:01:58', '2025-04-25'),
(6570, 'Salida', 1, 10, NULL, NULL, 15, 1, 'gallinero 3', 'Verónica v  ', NULL, '2025-04-25 14:02:15', '2025-04-25 14:02:15', '2025-04-25'),
(6571, 'Entrada', 1, 10, NULL, NULL, 266, 1, 'gallinero 2', 'Verónica v  ', NULL, '2025-04-25 14:37:28', '2025-04-25 14:37:28', '2025-04-25'),
(6572, 'Salida', 1, 10, NULL, NULL, 25, 1, 'gallinero 2', 'Verónica v  ', NULL, '2025-04-25 14:37:47', '2025-04-25 14:37:47', '2025-04-25'),
(6573, 'Entrada', 1, 10, NULL, NULL, 569, 1, 'gallinero 3', 'Verónica v  ', NULL, '2025-04-26 10:47:23', '2025-04-26 10:47:23', '2025-04-26'),
(6574, 'Salida', 1, 10, NULL, NULL, 12, 1, 'gallinero 3', 'Verónica v  ', NULL, '2025-04-26 10:47:38', '2025-04-26 10:47:38', '2025-04-26'),
(6575, 'Entrada', 1, 10, NULL, NULL, 251, 1, 'gallinero 2', 'Verónica v  ', NULL, '2025-04-26 12:18:03', '2025-04-26 12:18:03', '2025-04-26'),
(6576, 'Salida', 1, 10, NULL, NULL, 25, 1, 'gallinero 2', 'Verónica v  ', NULL, '2025-04-26 12:18:24', '2025-04-26 12:18:24', '2025-04-26'),
(6577, 'Entrada', 1, 10, NULL, NULL, 589, 1, 'gallinero 3', 'Verónica v  ', NULL, '2025-04-28 09:03:43', '2025-04-28 09:03:43', '2025-04-27'),
(6578, 'Salida', 1, 10, NULL, NULL, 22, 1, 'gallinero 3', 'Verónica v  ', NULL, '2025-04-28 09:04:18', '2025-04-28 09:04:18', '2025-04-27'),
(6579, 'Entrada', 1, 10, NULL, NULL, 268, 1, 'gallinero 2', 'Verónica v  ', NULL, '2025-04-28 09:04:44', '2025-04-28 09:04:44', '2025-04-27'),
(6580, 'Salida', 1, 10, NULL, NULL, 20, 1, 'gallinero 2', 'Verónica v  ', NULL, '2025-04-28 09:05:05', '2025-04-28 09:05:05', '2025-04-27'),
(6581, 'Entrada', 1, 10, NULL, NULL, 265, 1, 'gallinero 2', 'Verónica v  ', NULL, '2025-04-28 14:11:36', '2025-04-28 14:11:36', '2025-04-28'),
(6582, 'Salida', 1, 10, NULL, NULL, 16, 1, 'gallinero 2', 'Verónica v  ', NULL, '2025-04-28 14:11:58', '2025-04-28 14:11:58', '2025-04-28'),
(6583, 'Entrada', 1, 10, NULL, NULL, 579, 1, 'gallinero 3', 'Verónica v  ', NULL, '2025-04-28 14:50:56', '2025-04-28 14:50:56', '2025-04-28'),
(6584, 'Salida', 1, 10, NULL, NULL, 21, 1, 'gallinero 3', 'Verónica v  ', NULL, '2025-04-28 14:51:17', '2025-04-28 14:51:17', '2025-04-28'),
(6585, 'Entrada', 1, 10, NULL, NULL, 260, 1, 'gallinero 2', 'Verónica v  ', NULL, '2025-04-29 12:48:25', '2025-04-29 12:48:25', '2025-04-29'),
(6586, 'Salida', 1, 10, NULL, NULL, 12, 1, 'gallinero 2', 'Verónica v  ', NULL, '2025-04-29 12:48:48', '2025-04-29 12:48:48', '2025-04-29'),
(6587, 'Entrada', 1, 10, NULL, NULL, 575, 1, 'gallinero 3', 'Verónica v  ', NULL, '2025-04-29 13:34:34', '2025-04-29 13:34:34', '2025-04-29'),
(6588, 'Salida', 1, 10, NULL, NULL, 25, 1, 'gallinero 3', 'Verónica v  ', NULL, '2025-04-29 13:34:56', '2025-04-29 13:34:56', '2025-04-29');

-- --------------------------------------------------------

--
-- Estructura de tabla para la tabla `pagos`
--

CREATE TABLE `pagos` (
  `id_pago` int(11) NOT NULL,
  `metodo` varchar(50) NOT NULL,
  `id_venta` int(11) NOT NULL,
  `folio` varchar(50) NOT NULL,
  `pago_create` timestamp NOT NULL DEFAULT current_timestamp(),
  `pago_update` timestamp NOT NULL DEFAULT current_timestamp() ON UPDATE current_timestamp(),
  `status` int(11) NOT NULL
) ENGINE=InnoDB DEFAULT CHARSET=utf8mb4 COLLATE=utf8mb4_unicode_ci;

--
-- Volcado de datos para la tabla `pagos`
--

INSERT INTO `pagos` (`id_pago`, `metodo`, `id_venta`, `folio`, `pago_create`, `pago_update`, `status`) VALUES
(1, 'Efectivo', 1, '158001267', '2020-12-07 17:58:29', '2020-12-07 17:58:29', 0);

-- --------------------------------------------------------

--
-- Estructura de tabla para la tabla `permisos`
--

CREATE TABLE `permisos` (
  `permisoId` int(11) NOT NULL,
  `permisoCodigo` varchar(150) NOT NULL,
  `permisoNombre` varchar(150) NOT NULL,
  `permisoStatus` int(11) DEFAULT 1,
  `moduloId` int(11) DEFAULT NULL,
  `permisoFechaRegistro` timestamp NOT NULL DEFAULT current_timestamp(),
  `permisoFechaActualizacion` timestamp NOT NULL DEFAULT current_timestamp() ON UPDATE current_timestamp(),
  `permisoUsuarioRegistro` varchar(200) DEFAULT NULL,
  `permisoUsuarioActualizacion` varchar(200) DEFAULT NULL
) ENGINE=InnoDB DEFAULT CHARSET=utf8mb4 COLLATE=utf8mb4_unicode_ci;

--
-- Volcado de datos para la tabla `permisos`
--

INSERT INTO `permisos` (`permisoId`, `permisoCodigo`, `permisoNombre`, `permisoStatus`, `moduloId`, `permisoFechaRegistro`, `permisoFechaActualizacion`, `permisoUsuarioRegistro`, `permisoUsuarioActualizacion`) VALUES
(1, 'read_warehouse', 'Ver', 1, 1, '2022-06-18 11:21:13', '2022-06-18 11:21:13', '', NULL),
(2, 'create_warehouse', 'Crear', 1, 1, '2022-06-18 11:21:35', '2022-06-18 11:21:35', '', NULL),
(3, 'edit_warehouse', 'Editar', 1, 1, '2022-06-18 11:22:06', '2022-06-18 11:22:06', '', NULL),
(4, 'delete_warehouse', 'Eliminar', 1, 1, '2022-06-18 11:22:38', '2022-06-18 11:22:38', '', NULL),
(5, 'read_transaction', 'Ver', 1, 2, '2022-06-18 11:23:11', '2022-06-18 11:23:11', '', NULL),
(6, 'create_transaction', 'Crear', 1, 2, '2022-06-18 11:23:46', '2022-06-18 11:23:46', '', NULL),
(7, 'edit_transaction', 'Editar', 1, 2, '2022-06-18 11:24:28', '2022-06-18 11:24:28', '', NULL),
(8, 'delete_transaction', 'Eliminar', 1, 2, '2022-06-18 11:25:21', '2022-06-18 11:25:21', '', NULL),
(9, 'read_transfer', 'Ver', 1, 3, '2022-06-18 11:25:58', '2022-06-18 11:25:58', '', NULL),
(10, 'create_transfer', 'Crear', 1, 3, '2022-06-18 11:26:26', '2022-06-18 11:26:26', '', NULL),
(11, 'edit_transfer', 'Editar', 1, 3, '2022-06-18 11:27:11', '2022-06-18 11:27:11', '', NULL),
(12, 'delete_transfer', 'Eliminar', 1, 3, '2022-06-18 11:27:42', '2022-06-18 11:27:42', '', NULL),
(13, 'read_production', 'Ver', 1, 4, '2022-06-18 11:28:36', '2022-06-18 11:28:36', '', NULL),
(14, 'create_production', 'Crear', 1, 4, '2022-06-18 11:28:59', '2022-06-18 11:28:59', '', NULL),
(15, 'delete_production', 'Eliminar', 1, 4, '2022-06-18 11:32:06', '2022-06-18 11:32:06', '', NULL),
(16, 'view_production', 'Ver detalles', 1, 4, '2022-06-18 11:33:41', '2022-06-18 11:33:41', '', NULL),
(17, 'read_sales', 'Ver', 1, 5, '2022-06-18 11:35:09', '2022-06-18 11:35:09', '', NULL),
(18, 'create_sales', 'Crear', 1, 5, '2022-06-18 11:35:50', '2022-06-18 11:35:50', '', NULL),
(19, 'edit_sales', 'Editar', 1, 5, '2022-06-18 11:36:35', '2022-06-18 11:36:35', '', NULL),
(20, 'delete_sales', 'Eliminar', 1, 5, '2022-06-18 11:38:05', '2022-06-18 11:38:05', '', NULL),
(21, 'download_receipt_sales', 'Descargar recibos pdf', 1, 5, '2022-06-18 11:38:46', '2022-06-18 11:38:46', '', NULL),
(22, 'view_sales', 'Ver detalles', 1, 5, '2022-06-18 11:39:22', '2022-06-18 11:39:22', '', NULL),
(23, 'create_reports', 'Generar', 1, 6, '2022-06-18 11:39:46', '2022-06-18 11:39:46', '', NULL),
(24, 'edit_production', 'Editar', 1, 4, '2022-06-18 11:41:02', '2022-06-18 11:41:02', '', NULL);

-- --------------------------------------------------------

--
-- Estructura de tabla para la tabla `precios_mercado`
--

CREATE TABLE `precios_mercado` (
  `idPrecioMercado` int(11) NOT NULL,
  `productoId` int(11) NOT NULL,
  `fecha` date NOT NULL,
  `precio` float NOT NULL
) ENGINE=InnoDB DEFAULT CHARSET=utf8mb4 COLLATE=utf8mb4_unicode_ci;

--
-- Volcado de datos para la tabla `precios_mercado`
--

INSERT INTO `precios_mercado` (`idPrecioMercado`, `productoId`, `fecha`, `precio`) VALUES
(1, 8, '2022-04-20', 65),
(3, 8, '2022-05-20', 75),
(4, 8, '2022-06-15', 90),
(5, 10, '2022-07-08', 90),
(6, 10, '2022-08-22', 90),
(7, 10, '2022-09-15', 85),
(8, 10, '2022-10-28', 90),
(9, 10, '2022-11-02', 90),
(10, 10, '2022-12-30', 95),
(11, 10, '2023-01-01', 95),
(12, 10, '2023-02-23', 95),
(13, 10, '2023-03-02', 105),
(14, 10, '2023-04-05', 105),
(15, 10, '2023-05-13', 105),
(16, 10, '2023-06-15', 105),
(17, 10, '2023-07-23', 105),
(18, 10, '2023-08-26', 105),
(19, 10, '2022-09-03', 105),
(20, 10, '2023-10-14', 105),
(21, 10, '2023-11-22', 110),
(22, 10, '2023-12-15', 110);

-- --------------------------------------------------------

--
-- Estructura de tabla para la tabla `presentaciones`
--

CREATE TABLE `presentaciones` (
  `presentacionID` int(11) NOT NULL,
  `presentacionNombre` varchar(250) NOT NULL,
  `presentacionCantidad` int(11) NOT NULL,
  `presentacionStatus` int(11) NOT NULL DEFAULT 1
) ENGINE=InnoDB DEFAULT CHARSET=utf8mb4 COLLATE=utf8mb4_unicode_ci;

-- --------------------------------------------------------

--
-- Estructura de tabla para la tabla `productos`
--

CREATE TABLE `productos` (
  `id_producto` int(11) NOT NULL,
  `nombre_producto` varchar(300) NOT NULL,
  `descripcion` text DEFAULT NULL,
  `precio` decimal(6,2) NOT NULL,
  `imagen` varchar(200) DEFAULT NULL,
  `inventario` int(11) DEFAULT NULL,
  `id_categoria` int(11) NOT NULL,
  `peso` varchar(100) DEFAULT NULL,
  `raza` varchar(100) DEFAULT NULL,
  `productos_create` timestamp NOT NULL DEFAULT current_timestamp(),
  `productos_update` timestamp NOT NULL DEFAULT current_timestamp() ON UPDATE current_timestamp(),
  `status` int(11) NOT NULL DEFAULT 1
) ENGINE=InnoDB DEFAULT CHARSET=latin1 COLLATE=latin1_swedish_ci;

--
-- Volcado de datos para la tabla `productos`
--

INSERT INTO `productos` (`id_producto`, `nombre_producto`, `descripcion`, `precio`, `imagen`, `inventario`, `id_categoria`, `peso`, `raza`, `productos_create`, `productos_update`, `status`) VALUES
(7, 'Borrego', '', 70.00, '1697150140.png', 1000, 5, NULL, 'Otro', '2021-01-11 20:47:06', '2024-07-31 18:37:03', 1),
(8, 'Mojarra', '', 85.00, '1697149927.png', 1000, 6, NULL, 'Tilapia Africana', '2021-01-11 20:51:41', '2024-07-31 18:37:13', 1),
(10, 'Huevo', 'venta por casillero o caja', 120.00, '1697149771.png', 10000000, 17, NULL, 'Orgánico', '2021-10-19 14:45:55', '2024-07-31 18:36:31', 1),
(11, 'forrage', '', 120.00, '1697149576.png', 1000, 19, NULL, 'Organico', '2023-10-12 17:25:34', '2023-10-12 17:26:16', 1),
(12, 'Miel', 'nectar de flor de mezquite', 160.00, '1697151035.png', 1000, 20, NULL, 'organico', '2023-10-12 17:50:21', '2023-10-12 17:50:35', 1);

-- --------------------------------------------------------

--
-- Estructura de tabla para la tabla `productos_venta`
--

CREATE TABLE `productos_venta` (
  `id_producto_venta` int(11) NOT NULL,
  `id_venta` int(11) NOT NULL,
  `arete` int(11) DEFAULT NULL,
  `grapa` int(11) DEFAULT NULL,
  `presentacion` int(11) DEFAULT NULL,
  `corral` varchar(250) DEFAULT NULL,
  `id_producto` int(11) NOT NULL,
  `cantidad` double NOT NULL,
  `descuento` int(11) NOT NULL DEFAULT 0,
  `tipo` varchar(30) NOT NULL COMMENT 'kg=kilogramo, ud=unidad',
  `precio` decimal(9,2) NOT NULL,
  `tamaño` int(11) DEFAULT NULL COMMENT '1 chico, 2 mediano, 3 grande',
  `subtotal` decimal(9,2) DEFAULT NULL,
  `productoVenta_create` timestamp NOT NULL DEFAULT current_timestamp() ON UPDATE current_timestamp(),
  `productoVenta_update` timestamp NOT NULL DEFAULT current_timestamp(),
  `status` int(11) NOT NULL DEFAULT 1
) ENGINE=InnoDB DEFAULT CHARSET=latin1 COLLATE=latin1_swedish_ci;

--
-- Volcado de datos para la tabla `productos_venta`
--

INSERT INTO `productos_venta` (`id_producto_venta`, `id_venta`, `arete`, `grapa`, `presentacion`, `corral`, `id_producto`, `cantidad`, `descuento`, `tipo`, `precio`, `tamaño`, `subtotal`, `productoVenta_create`, `productoVenta_update`, `status`) VALUES
(1, 1, 0, 0, NULL, NULL, 8, 4, 0, 'kg', 50.00, 0, 200.00, '2021-01-30 18:24:14', '2021-01-30 18:24:14', 1),
(2, 2, 0, 0, NULL, NULL, 8, 5, 0, 'kg', 50.00, 0, 250.00, '2021-01-30 18:42:37', '2021-01-30 18:42:37', 1),
(3, 3, 0, 0, NULL, NULL, 8, 10, 0, 'kg', 50.00, 0, 500.00, '2021-01-30 18:43:09', '2021-01-30 18:43:09', 1),
(4, 4, 0, 0, NULL, NULL, 8, 20, 0, 'kg', 50.00, 0, 1000.00, '2021-01-30 18:44:17', '2021-01-30 18:44:17', 1),
(5, 5, 0, 0, NULL, NULL, 8, 5, 0, 'kg', 50.00, 0, 250.00, '2021-01-30 18:44:51', '2021-01-30 18:44:51', 1),
(6, 6, 0, 0, NULL, NULL, 8, 10, 0, 'kg', 50.00, 0, 500.00, '2021-01-30 18:45:19', '2021-01-30 18:45:19', 1),
(7, 7, 0, 0, NULL, NULL, 8, 6, 0, 'kg', 50.00, 0, 300.00, '2021-01-30 18:45:53', '2021-01-30 18:45:53', 1),
(8, 8, 0, 0, NULL, NULL, 8, 20, 0, 'kg', 50.00, 0, 1000.00, '2021-01-30 18:47:22', '2021-01-30 18:47:22', 1),
(9, 9, 0, 0, NULL, NULL, 8, 4, 0, 'kg', 50.00, 0, 200.00, '2021-01-30 18:49:26', '2021-01-30 18:49:26', 1),
(10, 10, 0, 0, NULL, NULL, 8, 16, 0, 'kg', 50.00, 0, 800.00, '2021-01-30 18:50:10', '2021-01-30 18:50:10', 1),
(11, 11, 0, 0, NULL, NULL, 8, 4, 0, 'kg', 50.00, 0, 200.00, '2021-01-30 18:50:45', '2021-01-30 18:50:45', 1),
(20, 17, 0, 747, NULL, NULL, 7, 80, 0, 'kg', 26.00, 0, 2080.00, '2021-05-05 16:32:39', '2021-02-06 18:10:43', 1),
(21, 18, 1, 1, NULL, NULL, 8, 15, 0, 'kg', 50.00, 0, 750.00, '2021-02-08 15:33:23', '2021-02-08 15:33:23', 1),
(22, 18, 15001267, 515, NULL, NULL, 7, 50, 0, 'kg', 40.00, 0, 750.00, '2021-02-08 15:33:23', '2021-02-08 15:33:23', 1),
(23, 19, 0, 0, NULL, NULL, 8, 4, 0, 'kg', 50.00, 0, 200.00, '2021-02-08 15:42:58', '2021-02-08 15:42:58', 1),
(24, 19, 0, 0, NULL, NULL, 8, 3, 0, 'kg', 50.00, 0, 150.00, '2021-02-08 15:42:58', '2021-02-08 15:42:58', 1),
(25, 19, 0, 0, NULL, NULL, 8, 2, 0, 'kg', 100.00, 0, 100.00, '2021-02-08 15:46:11', '2021-02-08 15:42:58', 1),
(26, 20, 0, 795, NULL, NULL, 7, 41, 0, 'kg', 40.00, 0, 1640.00, '2021-02-09 16:15:46', '2021-02-09 16:15:46', 1),
(27, 20, 0, 859, NULL, NULL, 7, 40, 0, 'kg', 40.00, 0, 1640.00, '2021-02-09 16:15:46', '2021-02-09 16:15:46', 1),
(28, 20, 0, 209, NULL, NULL, 7, 46, 0, 'kg', 40.00, 0, 1640.00, '2021-02-09 16:15:46', '2021-02-09 16:15:46', 1),
(29, 20, 0, 157, NULL, NULL, 7, 37, 0, 'kg', 40.00, 0, 1640.00, '2021-02-09 16:15:46', '2021-02-09 16:15:46', 1),
(30, 20, 0, 509, NULL, NULL, 7, 43, 0, 'kg', 40.00, 0, 1640.00, '2021-02-09 16:15:46', '2021-02-09 16:15:46', 1),
(31, 20, 0, 82, NULL, NULL, 7, 35, 0, 'kg', 40.00, 0, 1640.00, '2021-02-09 16:15:46', '2021-02-09 16:15:46', 1),
(32, 20, 0, 86, NULL, NULL, 7, 39, 0, 'kg', 40.00, 0, 1640.00, '2021-02-09 16:15:46', '2021-02-09 16:15:46', 1),
(33, 20, 0, 276, NULL, NULL, 7, 42, 0, 'kg', 40.00, 0, 1640.00, '2021-02-09 16:15:46', '2021-02-09 16:15:46', 1),
(34, 20, 0, 326, NULL, NULL, 7, 42, 0, 'kg', 40.00, 0, 1640.00, '2021-02-09 16:15:46', '2021-02-09 16:15:46', 1),
(35, 20, 0, 218, NULL, NULL, 7, 39, 0, 'kg', 40.00, 0, 1640.00, '2021-02-09 16:15:46', '2021-02-09 16:15:46', 1),
(36, 20, 0, 397, NULL, NULL, 7, 38, 0, 'kg', 40.00, 0, 1640.00, '2021-02-09 16:15:46', '2021-02-09 16:15:46', 1),
(37, 20, 0, 399, NULL, NULL, 7, 34, 0, 'kg', 40.00, 0, 1640.00, '2021-02-09 16:15:46', '2021-02-09 16:15:46', 1),
(38, 20, 0, 411, NULL, NULL, 7, 37, 0, 'kg', 40.00, 0, 1640.00, '2021-02-09 16:15:46', '2021-02-09 16:15:46', 1),
(39, 20, 0, 74, NULL, NULL, 7, 36, 0, 'kg', 40.00, 0, 1640.00, '2021-02-09 16:15:46', '2021-02-09 16:15:46', 1),
(40, 20, 0, 315, NULL, NULL, 7, 41, 0, 'kg', 40.00, 0, 1640.00, '2021-02-09 16:15:46', '2021-02-09 16:15:46', 1),
(41, 20, 0, 408, NULL, NULL, 7, 40, 0, 'kg', 40.00, 0, 1640.00, '2021-02-09 16:15:46', '2021-02-09 16:15:46', 1),
(42, 20, 0, 156, NULL, NULL, 7, 38, 0, 'kg', 40.00, 0, 1640.00, '2021-02-09 16:15:46', '2021-02-09 16:15:46', 1),
(43, 20, 0, 231, NULL, NULL, 7, 38, 0, 'kg', 40.00, 0, 1640.00, '2021-02-09 16:15:46', '2021-02-09 16:15:46', 1),
(44, 20, 0, 296, NULL, NULL, 7, 42, 0, 'kg', 40.00, 0, 1640.00, '2021-02-09 16:15:46', '2021-02-09 16:15:46', 1),
(45, 20, 0, 273, NULL, NULL, 7, 35, 0, 'kg', 40.00, 0, 1640.00, '2021-02-09 16:15:46', '2021-02-09 16:15:46', 1),
(46, 20, 0, 285, NULL, NULL, 7, 39, 0, 'kg', 40.00, 0, 1640.00, '2021-02-09 16:15:46', '2021-02-09 16:15:46', 1),
(47, 20, 0, 477, NULL, NULL, 7, 42, 0, 'kg', 40.00, 0, 1640.00, '2021-02-09 16:15:46', '2021-02-09 16:15:46', 1),
(48, 20, 0, 220, NULL, NULL, 7, 38, 0, 'kg', 40.00, 0, 1640.00, '2021-02-09 16:15:46', '2021-02-09 16:15:46', 1),
(49, 20, 0, 338, NULL, NULL, 7, 39, 0, 'kg', 40.00, 0, 1640.00, '2021-02-09 16:15:46', '2021-02-09 16:15:46', 1),
(50, 20, 0, 434, NULL, NULL, 7, 36, 0, 'kg', 40.00, 0, 1640.00, '2021-02-09 16:15:46', '2021-02-09 16:15:46', 1),
(51, 20, 0, 288, NULL, NULL, 7, 42, 0, 'kg', 40.00, 0, 1640.00, '2021-02-09 16:15:46', '2021-02-09 16:15:46', 1),
(52, 20, 0, 446, NULL, NULL, 7, 39, 0, 'kg', 40.00, 0, 1640.00, '2021-02-09 16:15:46', '2021-02-09 16:15:46', 1),
(53, 20, 0, 894, NULL, NULL, 7, 40, 0, 'kg', 40.00, 0, 1640.00, '2021-02-09 16:15:46', '2021-02-09 16:15:46', 1),
(54, 20, 0, 812, NULL, NULL, 7, 35, 0, 'kg', 40.00, 0, 1640.00, '2021-02-09 16:15:46', '2021-02-09 16:15:46', 1),
(55, 20, 0, 178, NULL, NULL, 7, 40, 0, 'kg', 40.00, 0, 1640.00, '2021-02-09 16:15:46', '2021-02-09 16:15:46', 1),
(56, 20, 0, 461, NULL, NULL, 7, 42, 0, 'kg', 40.00, 0, 1640.00, '2021-02-09 16:15:46', '2021-02-09 16:15:46', 1),
(57, 20, 0, 456, NULL, NULL, 7, 36, 0, 'kg', 40.00, 0, 1640.00, '2021-02-09 16:15:46', '2021-02-09 16:15:46', 1),
(58, 20, 0, 0, NULL, NULL, 7, 34, 0, 'kg', 40.00, 0, 1640.00, '2021-02-09 16:15:46', '2021-02-09 16:15:46', 1),
(59, 20, 0, 468, NULL, NULL, 7, 41, 0, 'kg', 40.00, 0, 1640.00, '2021-02-09 16:15:46', '2021-02-09 16:15:46', 1),
(60, 20, 0, 486, NULL, NULL, 7, 37, 0, 'kg', 40.00, 0, 1640.00, '2021-02-09 16:15:46', '2021-02-09 16:15:46', 1),
(61, 20, 0, 747, NULL, NULL, 9, 80, 0, 'kg', 26.00, 0, 1640.00, '2021-02-09 16:15:46', '2021-02-09 16:15:46', 1),
(62, 21, 795, 0, NULL, NULL, 7, 41, 0, 'kg', 40.00, 0, 1640.00, '2021-02-09 18:06:52', '2021-02-09 18:06:52', 1),
(63, 21, 859, 0, NULL, NULL, 7, 40, 0, 'kg', 40.00, 0, 1600.00, '2021-02-09 18:06:52', '2021-02-09 18:06:52', 1),
(64, 21, 209, 0, NULL, NULL, 7, 46, 0, 'kg', 40.00, 0, 1840.00, '2021-02-09 18:06:52', '2021-02-09 18:06:52', 1),
(65, 21, 157, 0, NULL, NULL, 7, 37, 0, 'kg', 40.00, 0, 1480.00, '2021-02-09 18:06:52', '2021-02-09 18:06:52', 1),
(66, 21, 509, 0, NULL, NULL, 7, 43, 0, 'kg', 40.00, 0, 1720.00, '2021-02-09 18:06:52', '2021-02-09 18:06:52', 1),
(67, 21, 82, 0, NULL, NULL, 7, 35, 0, 'kg', 40.00, 0, 1400.00, '2021-02-09 18:06:52', '2021-02-09 18:06:52', 1),
(68, 21, 86, 0, NULL, NULL, 7, 39, 0, 'kg', 40.00, 0, 1560.00, '2021-02-09 18:06:52', '2021-02-09 18:06:52', 1),
(69, 21, 276, 0, NULL, NULL, 7, 42, 0, 'kg', 40.00, 0, 1680.00, '2021-02-09 18:06:52', '2021-02-09 18:06:52', 1),
(70, 21, 326, 0, NULL, NULL, 7, 42, 0, 'kg', 40.00, 0, 1680.00, '2021-02-09 18:06:52', '2021-02-09 18:06:52', 1),
(71, 21, 218, 0, NULL, NULL, 7, 39, 0, 'kg', 40.00, 0, 1560.00, '2021-02-09 18:06:52', '2021-02-09 18:06:52', 1),
(72, 21, 397, 0, NULL, NULL, 7, 38, 0, 'kg', 40.00, 0, 1520.00, '2021-02-09 18:06:52', '2021-02-09 18:06:52', 1),
(73, 21, 399, 0, NULL, NULL, 7, 34, 0, 'kg', 40.00, 0, 1360.00, '2021-02-09 18:06:52', '2021-02-09 18:06:52', 1),
(74, 21, 411, 0, NULL, NULL, 7, 37, 0, 'kg', 40.00, 0, 1480.00, '2021-02-09 18:06:52', '2021-02-09 18:06:52', 1),
(75, 21, 74, 0, NULL, NULL, 7, 36, 0, 'kg', 40.00, 0, 1440.00, '2021-02-09 18:06:52', '2021-02-09 18:06:52', 1),
(76, 21, 315, 0, NULL, NULL, 7, 41, 0, 'kg', 40.00, 0, 1640.00, '2021-02-09 18:06:52', '2021-02-09 18:06:52', 1),
(77, 21, 408, 0, NULL, NULL, 7, 40, 0, 'kg', 40.00, 0, 1600.00, '2021-02-09 18:06:52', '2021-02-09 18:06:52', 1),
(78, 21, 156, 0, NULL, NULL, 7, 38, 0, 'kg', 40.00, 0, 1520.00, '2021-02-09 18:06:52', '2021-02-09 18:06:52', 1),
(79, 21, 231, 0, NULL, NULL, 7, 38, 0, 'kg', 40.00, 0, 1520.00, '2021-02-09 18:06:52', '2021-02-09 18:06:52', 1),
(80, 21, 296, 0, NULL, NULL, 7, 42, 0, 'kg', 40.00, 0, 1680.00, '2021-02-09 18:06:52', '2021-02-09 18:06:52', 1),
(81, 21, 273, 0, NULL, NULL, 7, 35, 0, 'kg', 40.00, 0, 1400.00, '2021-02-09 18:06:52', '2021-02-09 18:06:52', 1),
(82, 21, 285, 0, NULL, NULL, 7, 39, 0, 'kg', 40.00, 0, 1560.00, '2021-02-09 18:06:52', '2021-02-09 18:06:52', 1),
(83, 21, 477, 0, NULL, NULL, 7, 42, 0, 'kg', 40.00, 0, 1680.00, '2021-02-09 18:06:52', '2021-02-09 18:06:52', 1),
(84, 21, 220, 0, NULL, NULL, 7, 38, 0, 'kg', 40.00, 0, 1520.00, '2021-02-09 18:06:52', '2021-02-09 18:06:52', 1),
(85, 21, 338, 0, NULL, NULL, 7, 39, 0, 'kg', 40.00, 0, 1560.00, '2021-02-09 18:06:52', '2021-02-09 18:06:52', 1),
(86, 21, 434, 0, NULL, NULL, 7, 36, 0, 'kg', 40.00, 0, 1440.00, '2021-02-09 18:06:52', '2021-02-09 18:06:52', 1),
(87, 21, 288, 0, NULL, NULL, 7, 42, 0, 'kg', 40.00, 0, 1680.00, '2021-02-09 18:06:52', '2021-02-09 18:06:52', 1),
(88, 21, 446, 0, NULL, NULL, 7, 39, 0, 'kg', 40.00, 0, 1560.00, '2021-02-09 18:06:52', '2021-02-09 18:06:52', 1),
(89, 21, 894, 0, NULL, NULL, 7, 40, 0, 'kg', 40.00, 0, 1600.00, '2021-02-09 18:06:52', '2021-02-09 18:06:52', 1),
(90, 21, 812, 0, NULL, NULL, 7, 35, 0, 'kg', 40.00, 0, 1400.00, '2021-02-09 18:06:52', '2021-02-09 18:06:52', 1),
(91, 21, 178, 0, NULL, NULL, 7, 40, 0, 'kg', 40.00, 0, 1600.00, '2021-02-09 18:06:52', '2021-02-09 18:06:52', 1),
(92, 21, 461, 0, NULL, NULL, 7, 42, 0, 'kg', 40.00, 0, 1680.00, '2021-02-09 18:06:52', '2021-02-09 18:06:52', 1),
(93, 21, 456, 0, NULL, NULL, 7, 36, 0, 'kg', 40.00, 0, 1440.00, '2021-02-09 18:06:52', '2021-02-09 18:06:52', 1),
(94, 21, 0, 0, NULL, NULL, 7, 34, 0, 'kg', 40.00, 0, 1360.00, '2021-02-09 18:06:52', '2021-02-09 18:06:52', 1),
(95, 21, 468, 0, NULL, NULL, 7, 41, 0, 'kg', 40.00, 0, 1640.00, '2021-02-09 18:06:52', '2021-02-09 18:06:52', 1),
(96, 21, 486, 0, NULL, NULL, 7, 37, 0, 'kg', 40.00, 0, 1480.00, '2021-02-09 18:06:52', '2021-02-09 18:06:52', 1),
(97, 21, 747, 0, NULL, NULL, 9, 80, 0, 'kg', 26.00, 0, 2080.00, '2021-02-09 18:06:52', '2021-02-09 18:06:52', 1),
(98, 22, 0, 0, NULL, NULL, 8, 4, 0, 'kg', 50.00, 0, 200.00, '2021-02-19 22:43:37', '2021-02-19 22:43:37', 1),
(99, 23, 0, 0, NULL, NULL, 8, 3, 0, 'kg', 50.00, 0, 150.00, '2021-02-19 22:48:49', '2021-02-19 22:48:49', 1),
(100, 24, 0, 0, NULL, NULL, 8, 15, 0, 'kg', 50.00, 0, 750.00, '2021-02-19 22:49:34', '2021-02-19 22:49:34', 1),
(101, 25, 0, 0, NULL, NULL, 7, 2, 0, 'kg', 50.00, 0, 100.00, '2021-02-19 22:50:12', '2021-02-19 22:50:12', 1),
(102, 26, 0, 0, NULL, NULL, 8, 16, 0, 'kg', 50.00, 0, 800.00, '2021-02-19 22:52:35', '2021-02-19 22:52:35', 1),
(103, 27, 0, 0, NULL, NULL, 8, 16, 0, 'kg', 50.00, 0, 800.00, '2021-02-19 22:53:13', '2021-02-19 22:53:13', 1),
(104, 28, 0, 0, NULL, NULL, 8, 14, 0, 'kg', 50.00, 0, 700.00, '2021-02-19 22:54:54', '2021-02-19 22:54:54', 1),
(105, 29, 0, 0, NULL, NULL, 8, 5, 0, 'kg', 50.00, 0, 250.00, '2021-02-19 22:59:30', '2021-02-19 22:59:30', 1),
(106, 30, 0, 0, NULL, NULL, 8, 6, 0, 'kg', 50.00, 0, 300.00, '2021-02-19 23:00:12', '2021-02-19 23:00:12', 1),
(107, 31, 0, 0, NULL, NULL, 8, 4, 0, 'kg', 50.00, 0, 200.00, '2021-02-19 23:01:18', '2021-02-19 23:01:18', 1),
(108, 32, 0, 0, NULL, NULL, 8, 18, 0, 'kg', 50.00, 0, 900.00, '2021-02-19 23:02:01', '2021-02-19 23:02:01', 1),
(109, 33, 0, 0, NULL, NULL, 8, 4, 0, 'kg', 50.00, 0, 200.00, '2021-02-19 23:21:19', '2021-02-19 23:21:19', 1),
(110, 34, 0, 0, NULL, NULL, 8, 24, 0, 'kg', 50.00, 0, 1200.00, '2021-02-19 23:22:04', '2021-02-19 23:22:04', 1),
(111, 35, 0, 0, NULL, NULL, 8, 2, 0, 'kg', 50.00, 0, 100.00, '2021-02-19 23:23:13', '2021-02-19 23:23:13', 1),
(112, 36, 0, 0, NULL, NULL, 8, 5, 0, 'kg', 50.00, 0, 250.00, '2021-02-19 23:24:40', '2021-02-19 23:24:40', 1),
(113, 37, 0, 0, NULL, NULL, 8, 30, 0, 'kg', 50.00, 0, 1500.00, '2021-02-19 23:26:36', '2021-02-19 23:26:36', 1),
(114, 38, 0, 0, NULL, NULL, 8, 14, 0, 'kg', 50.00, 0, 700.00, '2021-02-19 23:27:35', '2021-02-19 23:27:35', 1),
(116, 40, 0, 0, NULL, NULL, 8, 5.5, 0, 'kg', 50.00, 0, 275.00, '2021-02-19 23:40:12', '2021-02-19 23:40:12', 1),
(117, 41, 0, 0, NULL, NULL, 8, 5, 0, 'kg', 50.00, 0, 250.00, '2021-02-19 23:50:43', '2021-02-19 23:50:43', 1),
(118, 42, 0, 0, NULL, NULL, 8, 5, 0, 'kg', 50.00, 0, 250.00, '2021-02-19 23:51:30', '2021-02-19 23:51:30', 1),
(119, 43, 0, 0, NULL, NULL, 8, 7, 0, 'kg', 50.00, 0, 350.00, '2021-02-19 23:52:16', '2021-02-19 23:52:16', 1),
(120, 44, 0, 0, NULL, NULL, 8, 4, 0, 'kg', 50.00, 0, 200.00, '2021-02-23 17:05:23', '2021-02-23 17:05:23', 1),
(121, 45, 0, 0, NULL, NULL, 8, 21, 0, 'kg', 50.00, 0, 1050.00, '2021-03-03 20:39:35', '2021-03-03 20:39:35', 1),
(122, 46, 0, 0, NULL, NULL, 8, 4, 0, 'kg', 50.00, 0, 200.00, '2021-03-03 20:42:52', '2021-03-03 20:42:52', 1),
(123, 47, 0, 0, NULL, NULL, 8, 9, 0, 'kg', 50.00, 0, 450.00, '2021-03-03 22:45:08', '2021-03-03 22:45:08', 1),
(124, 48, 0, 0, NULL, NULL, 8, 11, 0, 'kg', 50.00, 0, 550.00, '2021-03-03 22:45:45', '2021-03-03 22:45:45', 1),
(125, 49, 0, 0, NULL, NULL, 8, 40, 0, 'kg', 50.00, 0, 2000.00, '2021-03-03 22:46:45', '2021-03-03 22:46:45', 1),
(126, 50, 0, 0, NULL, NULL, 8, 3, 0, 'kg', 50.00, 0, 150.00, '2021-03-03 22:47:23', '2021-03-03 22:47:23', 1),
(127, 51, 0, 0, NULL, NULL, 8, 2, 0, 'kg', 50.00, 0, 100.00, '2021-03-03 22:48:14', '2021-03-03 22:48:14', 1),
(128, 52, 0, 0, NULL, NULL, 8, 11, 0, 'kg', 50.00, 0, 550.00, '2021-03-03 22:48:50', '2021-03-03 22:48:50', 1),
(129, 53, 0, 0, NULL, NULL, 8, 5, 0, 'kg', 50.00, 0, 250.00, '2021-03-03 22:49:17', '2021-03-03 22:49:17', 1),
(130, 54, 0, 0, NULL, NULL, 8, 3, 0, 'kg', 50.00, 0, 150.00, '2021-03-03 22:51:42', '2021-03-03 22:51:42', 1),
(131, 55, 0, 0, NULL, NULL, 8, 3, 0, 'kg', 50.00, 0, 150.00, '2021-03-03 22:52:19', '2021-03-03 22:52:19', 1),
(132, 56, 0, 0, NULL, NULL, 8, 3, 0, 'kg', 50.00, 0, 150.00, '2021-03-03 22:54:31', '2021-03-03 22:54:31', 1),
(133, 57, 0, 0, NULL, NULL, 8, 40, 0, 'kg', 50.00, 0, 2000.00, '2021-03-03 22:55:22', '2021-03-03 22:55:22', 1),
(134, 58, 0, 0, NULL, NULL, 8, 14, 0, 'kg', 50.00, 0, 700.00, '2021-03-03 22:56:06', '2021-03-03 22:56:06', 1),
(135, 59, 0, 0, NULL, NULL, 8, 7, 0, 'kg', 50.00, 0, 350.00, '2021-03-03 22:57:34', '2021-03-03 22:57:34', 1),
(136, 60, 0, 0, NULL, NULL, 8, 3, 0, 'kg', 50.00, 0, 150.00, '2021-03-03 22:58:29', '2021-03-03 22:58:29', 1),
(137, 61, 0, 491, NULL, NULL, 9, 37, 0, 'kg', 43.00, 0, 1591.00, '2021-03-03 23:12:34', '2021-03-03 23:12:34', 1),
(138, 61, 0, 239, NULL, NULL, 7, 39, 0, 'kg', 43.00, 0, 1677.00, '2021-03-03 23:12:34', '2021-03-03 23:12:34', 1),
(139, 61, 0, 361, NULL, NULL, 7, 36, 0, 'kg', 43.00, 0, 1548.00, '2021-03-03 23:12:34', '2021-03-03 23:12:34', 1),
(140, 61, 0, 0, NULL, NULL, 7, 42, 0, 'kg', 43.00, 0, 1806.00, '2021-03-03 23:12:34', '2021-03-03 23:12:34', 1),
(141, 61, 0, 483, NULL, NULL, 7, 42, 0, 'kg', 1806.00, 0, 1806.00, '2021-03-03 23:19:02', '2021-03-03 23:12:34', 1),
(142, 61, 0, 492, NULL, NULL, 7, 48, 0, 'kg', 43.00, 0, 2064.00, '2021-03-03 23:12:34', '2021-03-03 23:12:34', 1),
(143, 61, 0, 463, NULL, NULL, 7, 40, 0, 'kg', 43.00, 0, 1720.00, '2021-03-03 23:12:34', '2021-03-03 23:12:34', 1),
(144, 61, 0, 445, NULL, NULL, 7, 35, 0, 'kg', 43.00, 0, 1505.00, '2021-03-03 23:12:34', '2021-03-03 23:12:34', 1),
(145, 61, 0, 467, NULL, NULL, 7, 46, 0, 'kg', 43.00, 0, 1978.00, '2021-03-03 23:12:34', '2021-03-03 23:12:34', 1),
(146, 61, 0, 480, NULL, NULL, 7, 40, 0, 'kg', 43.00, 0, 1720.00, '2021-03-03 23:12:34', '2021-03-03 23:12:34', 1),
(147, 61, 0, 478, NULL, NULL, 7, 40, 0, 'kg', 43.00, 0, 1720.00, '2021-03-03 23:12:34', '2021-03-03 23:12:34', 1),
(148, 61, 0, 283, NULL, NULL, 7, 36, 0, 'kg', 43.00, 0, 1548.00, '2021-03-03 23:12:34', '2021-03-03 23:12:34', 1),
(149, 61, 0, 516, NULL, NULL, 7, 39, 0, 'kg', 43.00, 0, 1677.00, '2021-03-03 23:12:34', '2021-03-03 23:12:34', 1),
(150, 61, 0, 317, NULL, NULL, 7, 39, 0, 'kg', 43.00, 0, 1677.00, '2021-03-03 23:12:34', '2021-03-03 23:12:34', 1),
(151, 61, 0, 487, NULL, NULL, 7, 41, 0, 'kg', 43.00, 0, 1763.00, '2021-03-03 23:12:34', '2021-03-03 23:12:34', 1),
(152, 61, 0, 476, NULL, NULL, 7, 42, 0, 'kg', 43.00, 0, 1806.00, '2021-03-03 23:12:34', '2021-03-03 23:12:34', 1),
(153, 61, 0, 229, NULL, NULL, 7, 39, 0, 'kg', 43.00, 0, 1677.00, '2021-03-03 23:12:34', '2021-03-03 23:12:34', 1),
(154, 61, 0, 502, NULL, NULL, 7, 40, 0, 'kg', 43.00, 0, 1720.00, '2021-03-03 23:12:34', '2021-03-03 23:12:34', 1),
(155, 61, 0, 327, NULL, NULL, 7, 36, 0, 'kg', 43.00, 0, 1548.00, '2021-03-03 23:12:34', '2021-03-03 23:12:34', 1),
(156, 61, 0, 470, NULL, NULL, 7, 36, 0, 'kg', 43.00, 0, 1548.00, '2021-03-03 23:12:34', '2021-03-03 23:12:34', 1),
(157, 61, 0, 371, NULL, NULL, 7, 40, 0, 'kg', 43.00, 0, 1720.00, '2021-03-03 23:12:34', '2021-03-03 23:12:34', 1),
(158, 61, 0, 496, NULL, NULL, 7, 37, 0, 'kg', 43.00, 0, 1591.00, '2021-03-03 23:12:34', '2021-03-03 23:12:34', 1),
(159, 61, 0, 430, NULL, NULL, 7, 38, 0, 'kg', 43.00, 0, 1634.00, '2021-03-03 23:12:34', '2021-03-03 23:12:34', 1),
(160, 61, 0, 469, NULL, NULL, 7, 38, 0, 'kg', 43.00, 0, 1634.00, '2021-03-03 23:12:34', '2021-03-03 23:12:34', 1),
(161, 61, 0, 431, NULL, NULL, 7, 38, 0, 'kg', 43.00, 0, 1634.00, '2021-03-03 23:12:34', '2021-03-03 23:12:34', 1),
(162, 61, 0, 333, NULL, NULL, 7, 36, 0, 'kg', 43.00, 0, 1548.00, '2021-03-03 23:12:34', '2021-03-03 23:12:34', 1),
(163, 62, 0, 0, NULL, NULL, 8, 6, 0, 'kg', 50.00, 0, 300.00, '2021-03-23 23:12:20', '2021-03-23 23:12:20', 1),
(164, 63, 0, 0, NULL, NULL, 8, 3, 0, 'kg', 50.00, 0, 150.00, '2021-03-23 23:12:49', '2021-03-23 23:12:49', 1),
(165, 64, 0, 0, NULL, NULL, 8, 1, 0, 'kg', 50.00, 0, 50.00, '2021-03-23 23:14:04', '2021-03-23 23:14:04', 1),
(166, 65, 0, 0, NULL, NULL, 8, 5, 0, 'kg', 50.00, 0, 250.00, '2021-03-23 23:14:42', '2021-03-23 23:14:42', 1),
(167, 66, 0, 0, NULL, NULL, 8, 20, 0, 'kg', 50.00, 0, 1000.00, '2021-03-23 23:15:36', '2021-03-23 23:15:36', 1),
(168, 67, 0, 0, NULL, NULL, 8, 25, 0, 'kg', 50.00, 0, 1250.00, '2021-03-23 23:18:14', '2021-03-23 23:18:14', 1),
(169, 68, 0, 0, NULL, NULL, 8, 10, 0, 'kg', 50.00, 0, 500.00, '2021-03-23 23:18:41', '2021-03-23 23:18:41', 1),
(170, 69, 0, 0, NULL, NULL, 8, 10, 0, 'kg', 50.00, 0, 500.00, '2021-03-23 23:19:23', '2021-03-23 23:19:23', 1),
(171, 70, 0, 0, NULL, NULL, 8, 10, 0, 'kg', 50.00, 0, 500.00, '2021-03-23 23:20:26', '2021-03-23 23:20:26', 1),
(172, 71, 0, 0, NULL, NULL, 8, 3, 0, 'kg', 50.00, 0, 150.00, '2021-03-23 23:20:57', '2021-03-23 23:20:57', 1),
(173, 72, 0, 0, NULL, NULL, 8, 60, 0, 'kg', 50.00, 0, 3000.00, '2021-03-23 23:23:21', '2021-03-23 23:23:21', 1),
(174, 73, 0, 0, NULL, NULL, 8, 15, 0, 'kg', 50.00, 0, 750.00, '2021-03-23 23:26:15', '2021-03-23 23:26:15', 1),
(175, 74, 0, 0, NULL, NULL, 8, 8.7, 0, 'kg', 50.00, 0, 435.00, '2021-03-23 23:26:55', '2021-03-23 23:26:55', 1),
(176, 75, 0, 0, NULL, NULL, 8, 6, 0, 'kg', 50.00, 0, 300.00, '2021-03-23 23:29:14', '2021-03-23 23:29:14', 1),
(177, 76, 0, 0, NULL, NULL, 8, 4, 0, 'kg', 50.00, 0, 200.00, '2021-03-23 23:30:11', '2021-03-23 23:30:11', 1),
(178, 77, 0, 0, NULL, NULL, 8, 3, 0, 'kg', 50.00, 0, 150.00, '2021-03-23 23:31:09', '2021-03-23 23:31:09', 1),
(179, 78, 0, 0, NULL, NULL, 8, 5, 0, 'kg', 50.00, 0, 250.00, '2021-03-23 23:31:55', '2021-03-23 23:31:55', 1),
(180, 79, 0, 0, NULL, NULL, 8, 5, 0, 'kg', 50.00, 0, 250.00, '2021-03-23 23:32:30', '2021-03-23 23:32:30', 1),
(181, 80, 0, 0, NULL, NULL, 8, 10, 0, 'kg', 50.00, 0, 500.00, '2021-03-23 23:35:35', '2021-03-23 23:35:35', 1),
(182, 81, 0, 0, NULL, NULL, 8, 2, 0, 'kg', 50.00, 0, 100.00, '2021-03-23 23:59:38', '2021-03-23 23:59:38', 1),
(183, 82, 0, 0, NULL, NULL, 8, 10, 0, 'kg', 50.00, 0, 500.00, '2021-03-24 00:01:58', '2021-03-24 00:01:58', 1),
(184, 83, 0, 0, NULL, NULL, 8, 10, 0, 'kg', 50.00, 0, 500.00, '2021-03-24 00:03:29', '2021-03-24 00:03:29', 1),
(185, 84, 0, 0, NULL, NULL, 8, 6, 0, 'kg', 50.00, 0, 300.00, '2021-03-24 00:04:12', '2021-03-24 00:04:12', 1),
(186, 85, 0, 0, NULL, NULL, 8, 3, 0, 'kg', 50.00, 0, 150.00, '2021-03-24 00:05:02', '2021-03-24 00:05:02', 1),
(187, 86, 0, 0, NULL, NULL, 8, 5, 0, 'kg', 50.00, 0, 250.00, '2021-03-24 00:06:48', '2021-03-24 00:06:48', 1),
(188, 87, 0, 0, NULL, NULL, 8, 2, 0, 'kg', 50.00, 0, 100.00, '2021-03-24 00:07:18', '2021-03-24 00:07:18', 1),
(189, 88, 0, 0, NULL, NULL, 8, 60, 0, 'kg', 50.00, 0, 3000.00, '2021-03-24 00:07:48', '2021-03-24 00:07:48', 1),
(190, 89, 0, 0, NULL, NULL, 8, 24, 0, 'kg', 50.00, 0, 1200.00, '2021-03-24 00:08:34', '2021-03-24 00:08:34', 1),
(191, 90, 0, 0, NULL, NULL, 8, 5, 0, 'kg', 50.00, 0, 250.00, '2021-03-24 00:09:09', '2021-03-24 00:09:09', 1),
(192, 91, 0, 0, NULL, NULL, 8, 1000, 0, 'kg', 53.00, 0, 53000.00, '2021-03-24 00:09:33', '2021-03-24 00:09:33', 1),
(193, 92, 0, 0, NULL, NULL, 8, 30, 0, 'kg', 50.00, 0, 1500.00, '2021-03-30 20:47:56', '2021-03-30 20:47:56', 1),
(194, 93, 0, 0, NULL, NULL, 8, 20, 0, 'kg', 50.00, 0, 1000.00, '2021-03-30 20:51:09', '2021-03-30 20:51:09', 1),
(195, 94, 0, 0, NULL, NULL, 8, 8, 0, 'kg', 50.00, 0, 400.00, '2021-03-30 20:51:33', '2021-03-30 20:51:33', 1),
(196, 95, 0, 0, NULL, NULL, 8, 10, 0, 'kg', 50.00, 0, 500.00, '2021-03-30 20:52:09', '2021-03-30 20:52:09', 1),
(197, 96, 0, 0, NULL, NULL, 8, 8, 0, 'kg', 50.00, 0, 400.00, '2021-03-30 20:55:06', '2021-03-30 20:55:06', 1),
(198, 97, 0, 0, NULL, NULL, 8, 4, 0, 'kg', 50.00, 0, 200.00, '2021-03-30 20:56:52', '2021-03-30 20:56:52', 1),
(199, 98, 0, 0, NULL, NULL, 8, 44, 0, 'kg', 50.00, 0, 2200.00, '2021-03-30 20:57:29', '2021-03-30 20:57:29', 1),
(200, 99, 0, 0, NULL, NULL, 8, 4, 0, 'kg', 50.00, 0, 200.00, '2021-03-30 20:58:03', '2021-03-30 20:58:03', 1),
(201, 100, 0, 0, NULL, NULL, 8, 2, 0, 'kg', 50.00, 0, 100.00, '2021-03-30 20:58:36', '2021-03-30 20:58:36', 1),
(202, 101, 0, 0, NULL, NULL, 8, 10, 0, 'kg', 50.00, 0, 500.00, '2021-03-30 21:00:23', '2021-03-30 21:00:23', 1),
(203, 102, 0, 0, NULL, NULL, 8, 8, 0, 'kg', 50.00, 0, 400.00, '2021-03-30 21:01:57', '2021-03-30 21:01:57', 1),
(204, 103, 0, 0, NULL, NULL, 8, 7, 0, 'kg', 50.00, 0, 350.00, '2021-03-30 21:03:47', '2021-03-30 21:03:47', 1),
(205, 104, 0, 0, NULL, NULL, 8, 6, 0, 'kg', 50.00, 0, 300.00, '2021-03-30 21:04:25', '2021-03-30 21:04:25', 1),
(206, 105, 0, 0, NULL, NULL, 8, 7, 0, 'kg', 50.00, 0, 350.00, '2021-04-09 22:04:18', '2021-04-09 22:04:18', 1),
(207, 106, 0, 0, NULL, NULL, 8, 8, 0, 'kg', 50.00, 0, 400.00, '2021-04-09 22:08:19', '2021-04-09 22:08:19', 1),
(208, 107, 0, 0, NULL, NULL, 8, 5, 0, 'kg', 50.00, 0, 250.00, '2021-04-09 22:18:48', '2021-04-09 22:18:48', 1),
(219, 118, 0, 0, NULL, NULL, 8, 30, 0, 'kg', 50.00, 0, 1500.00, '2021-05-04 19:06:45', '2021-05-04 19:06:45', 1),
(221, 120, 0, 0, NULL, NULL, 8, 8, 0, 'kg', 50.00, 0, 400.00, '2021-05-04 19:12:31', '2021-05-04 19:12:31', 1),
(224, 123, 0, 0, NULL, NULL, 8, 8, 0, 'kg', 50.00, 0, 400.00, '2021-05-04 19:38:12', '2021-05-04 19:38:12', 1),
(225, 124, 0, 0, NULL, NULL, 8, 2, 0, 'kg', 50.00, 0, 100.00, '2021-05-04 19:46:36', '2021-05-04 19:46:36', 1),
(226, 125, 0, 0, NULL, NULL, 8, 20, 0, 'kg', 50.00, 0, 1000.00, '2021-05-04 19:57:05', '2021-05-04 19:57:05', 1),
(227, 126, 0, 0, NULL, NULL, 8, 40, 0, 'kg', 50.00, 0, 2000.00, '2021-05-04 20:03:26', '2021-05-04 20:03:26', 1),
(228, 127, 0, 0, NULL, NULL, 8, 20, 0, 'kg', 50.00, 0, 1000.00, '2021-05-04 20:05:25', '2021-05-04 20:05:25', 1),
(229, 128, 0, 0, NULL, NULL, 8, 58, 0, 'kg', 50.00, 0, 2900.00, '2021-05-04 20:08:27', '2021-05-04 20:08:27', 1),
(230, 129, 0, 0, NULL, NULL, 8, 12, 0, 'kg', 50.00, 0, 600.00, '2021-05-04 20:17:57', '2021-05-04 20:17:57', 1),
(231, 130, 0, 0, NULL, NULL, 8, 7, 0, 'kg', 50.00, 0, 350.00, '2021-05-04 20:22:00', '2021-05-04 20:22:00', 1),
(232, 131, 0, 0, NULL, NULL, 8, 13, 0, 'kg', 50.00, 0, 650.00, '2021-05-04 20:24:49', '2021-05-04 20:24:49', 1),
(233, 132, 0, 0, NULL, NULL, 8, 20, 0, 'kg', 50.00, 0, 1000.00, '2021-05-04 20:26:11', '2021-05-04 20:26:11', 1),
(234, 133, 0, 0, NULL, NULL, 8, 11, 0, 'kg', 50.00, 0, 550.00, '2021-05-04 20:34:24', '2021-05-04 20:34:24', 1),
(235, 134, 0, 0, NULL, NULL, 8, 30, 0, 'kg', 50.00, 0, 1500.00, '2021-05-04 20:44:54', '2021-05-04 20:44:54', 1),
(236, 135, 0, 0, NULL, NULL, 8, 10, 0, 'kg', 50.00, 0, 500.00, '2021-05-04 20:50:04', '2021-05-04 20:50:04', 1),
(237, 136, 0, 0, NULL, NULL, 8, 6, 0, 'kg', 50.00, 0, 300.00, '2021-05-04 20:54:07', '2021-05-04 20:54:07', 1),
(238, 137, 0, 0, NULL, NULL, 8, 7, 0, 'kg', 50.00, 0, 350.00, '2021-05-04 20:54:54', '2021-05-04 20:54:54', 1),
(239, 138, 0, 0, NULL, NULL, 8, 10, 0, 'kg', 50.00, 0, 500.00, '2021-05-04 20:57:49', '2021-05-04 20:57:49', 1),
(240, 139, 0, 0, NULL, NULL, 8, 25, 0, 'kg', 50.00, 0, 1250.00, '2021-05-04 21:04:12', '2021-05-04 21:04:12', 1),
(241, 140, 0, 0, NULL, NULL, 8, 7, 0, 'kg', 50.00, 0, 350.00, '2021-05-04 21:07:12', '2021-05-04 21:07:12', 1),
(242, 141, 0, 0, NULL, NULL, 8, 6, 0, 'kg', 50.00, 0, 300.00, '2021-05-04 21:07:44', '2021-05-04 21:07:44', 1),
(243, 142, 0, 0, NULL, NULL, 8, 5, 0, 'kg', 50.00, 0, 250.00, '2021-05-04 21:10:45', '2021-05-04 21:10:45', 1),
(244, 143, 0, 0, NULL, NULL, 8, 4, 0, 'kg', 50.00, 0, 200.00, '2021-05-04 21:11:19', '2021-05-04 21:11:19', 1),
(245, 144, 0, 0, NULL, NULL, 8, 7, 0, 'kg', 50.00, 0, 350.00, '2021-05-04 21:14:22', '2021-05-04 21:14:22', 1),
(246, 145, 0, 0, NULL, NULL, 8, 4, 0, 'kg', 50.00, 0, 200.00, '2021-05-04 21:16:15', '2021-05-04 21:16:15', 1),
(247, 146, 0, 0, NULL, NULL, 8, 10, 0, 'kg', 50.00, 0, 500.00, '2021-05-04 21:18:50', '2021-05-04 21:18:50', 1),
(248, 147, 0, 0, NULL, NULL, 8, 6, 0, 'kg', 50.00, 0, 300.00, '2021-05-04 21:22:08', '2021-05-04 21:22:08', 1),
(249, 148, 0, 0, NULL, NULL, 8, 6, 0, 'kg', 50.00, 0, 300.00, '2021-05-04 21:27:34', '2021-05-04 21:27:34', 1),
(250, 149, 0, 0, NULL, NULL, 8, 8, 0, 'kg', 50.00, 0, 400.00, '2021-05-04 21:28:29', '2021-05-04 21:28:29', 1),
(251, 150, 0, 0, NULL, NULL, 8, 5, 0, 'kg', 50.00, 0, 250.00, '2021-05-04 21:29:07', '2021-05-04 21:29:07', 1),
(252, 151, 0, 0, NULL, NULL, 8, 5, 0, 'kg', 50.00, 0, 250.00, '2021-05-04 21:29:58', '2021-05-04 21:29:58', 1),
(253, 152, 0, 0, NULL, NULL, 8, 10, 0, 'kg', 50.00, 0, 500.00, '2021-05-04 21:33:34', '2021-05-04 21:33:34', 1),
(254, 153, 0, 0, NULL, NULL, 8, 3, 0, 'kg', 50.00, 0, 150.00, '2021-05-04 21:40:48', '2021-05-04 21:40:48', 1),
(255, 154, 0, 0, NULL, NULL, 8, 9, 0, 'kg', 50.00, 0, 450.00, '2021-05-04 21:45:16', '2021-05-04 21:45:16', 1),
(256, 155, 0, 0, NULL, NULL, 8, 9, 0, 'kg', 50.00, 0, 450.00, '2021-05-04 21:46:09', '2021-05-04 21:46:09', 1),
(257, 156, 0, 0, NULL, NULL, 8, 4, 0, 'kg', 50.00, 0, 200.00, '2021-05-04 21:48:23', '2021-05-04 21:48:23', 1),
(258, 157, 0, 0, NULL, NULL, 8, 4, 0, 'kg', 50.00, 0, 200.00, '2021-05-04 21:50:07', '2021-05-04 21:50:07', 1),
(259, 158, 0, 0, NULL, NULL, 8, 5, 0, 'kg', 50.00, 0, 250.00, '2021-05-04 21:51:17', '2021-05-04 21:51:17', 1),
(260, 159, 0, 0, NULL, NULL, 8, 30, 0, 'kg', 50.00, 0, 1500.00, '2021-05-04 21:52:03', '2021-05-04 21:52:03', 1),
(261, 160, 0, 0, NULL, NULL, 8, 14, 0, 'kg', 50.00, 0, 700.00, '2021-05-04 21:52:45', '2021-05-04 21:52:45', 1),
(262, 161, 0, 0, NULL, NULL, 8, 6.5, 0, 'kg', 50.00, 0, 325.00, '2021-05-04 21:53:45', '2021-05-04 21:53:45', 1),
(263, 162, 0, 0, NULL, NULL, 8, 4, 0, 'kg', 50.00, 0, 200.00, '2021-05-04 21:55:11', '2021-05-04 21:55:11', 1),
(264, 163, 0, 0, NULL, NULL, 8, 4, 0, 'kg', 50.00, 0, 200.00, '2021-05-04 21:58:10', '2021-05-04 21:58:10', 1),
(265, 164, 0, 0, NULL, NULL, 8, 10, 0, 'kg', 50.00, 0, 500.00, '2021-05-04 22:00:26', '2021-05-04 22:00:26', 1),
(266, 165, 0, 0, NULL, NULL, 8, 12, 0, 'kg', 50.00, 0, 600.00, '2021-05-04 22:02:18', '2021-05-04 22:02:18', 1),
(267, 166, 0, 0, NULL, NULL, 8, 6, 0, 'kg', 50.00, 0, 300.00, '2021-05-04 22:06:25', '2021-05-04 22:06:25', 1),
(4796, 2034, 0, 0, 30, NULL, 10, 3, 0, 'kg', 135.00, 0, 405.00, '2025-04-16 16:31:11', '2025-04-16 16:31:11', 1),
(4798, 2036, 0, 0, 30, NULL, 10, 8, 0, 'kg', 135.00, 0, 1080.00, '2025-04-21 12:14:58', '2025-04-21 12:14:58', 1),
(4799, 2037, 0, 0, 0, NULL, 8, 15, 0, 'kg', 90.00, 0, 1350.00, '2025-04-23 12:09:53', '2025-04-23 12:09:53', 1),
(4800, 2038, 0, 0, 0, NULL, 8, 15, 0, 'kg', 90.00, 0, 1350.00, '2025-04-23 12:11:32', '2025-04-23 12:11:32', 1),
(4801, 2039, 0, 0, 30, NULL, 10, 12, 0, 'kg', 100.00, 0, 1200.00, '2025-04-23 12:16:59', '2025-04-23 12:16:59', 1),
(4802, 2040, 0, 0, 30, NULL, 10, 1, 0, 'kg', 135.00, 0, 135.00, '2025-04-23 15:01:57', '2025-04-23 15:01:57', 1),
(4803, 2040, 0, 0, 30, NULL, 10, 1, 0, 'kg', 135.00, 0, 135.00, '2025-04-23 15:01:57', '2025-04-23 15:01:57', 1),
(4804, 2040, 0, 0, 30, NULL, 10, 1, 0, 'kg', 135.00, 0, 135.00, '2025-04-23 15:01:57', '2025-04-23 15:01:57', 1),
(4805, 2040, 0, 0, 30, NULL, 10, 1, 0, 'kg', 135.00, 0, 135.00, '2025-04-23 15:01:57', '2025-04-23 15:01:57', 1),
(4806, 2041, 0, 0, 30, NULL, 10, 12, 0, 'kg', 105.00, 0, 1260.00, '2025-04-23 15:02:59', '2025-04-23 15:02:59', 1),
(4807, 2041, 0, 0, 0, NULL, 10, 12, 0, 'kg', 105.00, 0, 1260.00, '2025-04-23 15:02:59', '2025-04-23 15:02:59', 1),
(4808, 2042, 0, 0, 30, NULL, 10, 12, 0, 'kg', 100.00, 0, 1200.00, '2025-04-23 15:05:33', '2025-04-23 15:05:33', 1),
(4809, 2042, 0, 0, 30, NULL, 10, 12, 0, 'kg', 100.00, 0, 1200.00, '2025-04-23 15:05:33', '2025-04-23 15:05:33', 1),
(4810, 2042, 0, 0, 30, NULL, 10, 12, 0, 'kg', 100.00, 0, 1200.00, '2025-04-23 15:05:33', '2025-04-23 15:05:33', 1),
(4811, 2043, 0, 0, 30, NULL, 10, 12, 0, 'kg', 100.00, 0, 1200.00, '2025-04-23 15:28:57', '2025-04-23 15:28:57', 1),
(4812, 2044, 0, 0, 30, NULL, 10, 1, 0, 'kg', 135.00, 0, 135.00, '2025-04-23 15:32:05', '2025-04-23 15:32:05', 1),
(4813, 2044, 0, 0, 24, NULL, 10, 1, 0, 'kg', 90.00, 0, 90.00, '2025-04-23 15:32:05', '2025-04-23 15:32:05', 1),
(4814, 2044, 0, 0, 24, NULL, 10, 1, 0, 'kg', 90.00, 0, 90.00, '2025-04-23 15:32:05', '2025-04-23 15:32:05', 1),
(4815, 2044, 0, 0, 12, NULL, 10, 1, 0, 'kg', 54.00, 0, 54.00, '2025-04-23 15:32:05', '2025-04-23 15:32:05', 1),
(4816, 2045, 0, 0, 12, NULL, 10, 1, 0, 'kg', 54.00, 0, 54.00, '2025-04-25 14:41:04', '2025-04-25 14:41:04', 1),
(4817, 2045, 0, 0, 30, NULL, 10, 1, 0, 'kg', 135.00, 0, 135.00, '2025-04-25 14:41:04', '2025-04-25 14:41:04', 1),
(4818, 2046, 0, 0, 30, NULL, 10, 7, 0, 'kg', 135.00, 0, 945.00, '2025-04-28 10:21:27', '2025-04-28 10:21:27', 1),
(4819, 2047, 0, 0, 30, NULL, 10, 12, 0, 'kg', 100.00, 0, 1200.00, '2025-04-29 15:18:36', '2025-04-29 15:18:36', 1);

-- --------------------------------------------------------

--
-- Estructura de tabla para la tabla `raza`
--

CREATE TABLE `raza` (
  `id_raza` int(11) NOT NULL,
  `nombre_raza` varchar(100) NOT NULL,
  `comentarios` varchar(100) NOT NULL,
  `descripcion` text DEFAULT NULL,
  `raza_create` timestamp NOT NULL DEFAULT current_timestamp(),
  `raza_update` datetime NOT NULL DEFAULT current_timestamp() ON UPDATE current_timestamp(),
  `status` int(11) NOT NULL
) ENGINE=InnoDB DEFAULT CHARSET=utf8mb4 COLLATE=utf8mb4_unicode_ci;

--
-- Volcado de datos para la tabla `raza`
--

INSERT INTO `raza` (`id_raza`, `nombre_raza`, `comentarios`, `descripcion`, `raza_create`, `raza_update`, `status`) VALUES
(1, 'Katahdin', '', 'Nada', '2020-12-07 16:15:39', '2020-12-07 17:19:53', 0),
(2, 'Charollais', '', 'Nada', '2020-12-07 16:16:13', '2020-12-07 16:16:13', 0),
(3, 'Black Belly', '', 'Nada', '2020-12-07 16:17:04', '2020-12-07 16:17:04', 0),
(4, 'Tilapia Africana', '', '---', '2020-12-07 16:17:36', '2020-12-07 16:17:36', 0),
(5, 'Kathadin', '', '---', '2020-12-07 16:18:11', '2021-01-19 20:53:33', 0),
(9, 'Kathadin', 'Lana', NULL, '2020-12-21 16:27:07', '2020-12-21 16:27:07', 0);

-- --------------------------------------------------------

--
-- Estructura de tabla para la tabla `tkeys`
--

CREATE TABLE `tkeys` (
  `id` int(11) NOT NULL,
  `user_id` int(11) NOT NULL,
  `ckey` varchar(40) NOT NULL,
  `level` int(2) NOT NULL,
  `ignore_limits` tinyint(1) NOT NULL DEFAULT 0,
  `is_private_key` tinyint(1) NOT NULL DEFAULT 0,
  `ip_addresses` text DEFAULT NULL,
  `date_created` int(11) NOT NULL
) ENGINE=InnoDB DEFAULT CHARSET=utf8mb3 COLLATE=utf8mb3_general_ci;

--
-- Volcado de datos para la tabla `tkeys`
--

INSERT INTO `tkeys` (`id`, `user_id`, `ckey`, `level`, `ignore_limits`, `is_private_key`, `ip_addresses`, `date_created`) VALUES
(1, 1, 'REARNL', 1, 0, 0, NULL, 123456789);

-- --------------------------------------------------------

--
-- Estructura de tabla para la tabla `usuario`
--

CREATE TABLE `usuario` (
  `id_usuario` int(11) NOT NULL,
  `nombre_usuario` varchar(200) NOT NULL,
  `apellido_paterno` varchar(250) DEFAULT NULL,
  `apellido_materno` varchar(250) DEFAULT NULL,
  `telefono_usuario` varchar(200) NOT NULL,
  `email` varchar(200) NOT NULL,
  `password` varchar(355) NOT NULL,
  `img_perfil` varchar(300) NOT NULL,
  `nivel` varchar(50) NOT NULL,
  `usuarios_create` timestamp NOT NULL DEFAULT current_timestamp() ON UPDATE current_timestamp(),
  `usuarios_update` timestamp NOT NULL DEFAULT current_timestamp(),
  `status` int(11) NOT NULL
) ENGINE=InnoDB DEFAULT CHARSET=latin1 COLLATE=latin1_swedish_ci;

--
-- Volcado de datos para la tabla `usuario`
--

INSERT INTO `usuario` (`id_usuario`, `nombre_usuario`, `apellido_paterno`, `apellido_materno`, `telefono_usuario`, `email`, `password`, `img_perfil`, `nivel`, `usuarios_create`, `usuarios_update`, `status`) VALUES
(1, 'Luis Miguel', 'Monzón', 'Garcia', '4425050045', 'ventas@ranchoelarenal.com.mx', '$2y$08$yUvg49ARIGpL2IFYPi4a/u8wOUozCYyNajJO.5L.3XX/GJHa9Tnl2', '', '0', '2022-04-29 15:32:59', '2021-06-01 10:07:11', 1),
(2, 'Gustavo', 'Morales', NULL, '', 'gustavo@ranchoelarenal.com.mx', '$2y$08$px9rp86i/2V/EAkRD/Uwguux1vQXA0KnUNE6JZ0GUDt/tzlQEz.N.', '', '1', '2021-07-28 19:28:35', '2021-07-28 19:28:35', 1),
(3, 'Joaquin', 'Rincon', NULL, '', 'joaquin@ranchoelarenal.com.mx', '$2a$08$T.8hK9p4ZS81hMEXCn9CvuTXBNec1WMoBgJThY5NLr.uVtmZxIxiS', '', '0', '2022-03-14 23:27:34', '2022-03-14 23:27:34', 1),
(4, 'Juana', NULL, NULL, '', 'juana@ranchoelarenal.com.mx', '$2a$08$6MlqdcxpY2ametULk.9rLePGjohRCGlC6Cq/6lomUjibZWG9enkHC', '', '0', '2022-04-29 15:33:15', '2022-03-14 23:27:34', 1),
(5, 'Gabriela', '', NULL, '', 'gabriela@ranchoelarenal.com.mx', '$2a$08$0jPgHn7OFUH/FlpwzriqsePSkeJ51s2P8sAR13DELu/Qs4icCOLFK', '', '1', '2022-03-15 00:02:55', '2022-03-14 23:27:49', 1),
(6, 'Maria', NULL, NULL, '', 'maria@ranchoelarenal.com.mx', '$2a$08$Cew3e4icQoZ/9FAmfY/GbetC8gJP5xK4lNPbAgeOUxLlfRJ7YJ37.', '', '1', '2022-03-15 00:06:31', '2022-03-14 23:27:49', 1),
(7, 'Carmen', 'Rivera', NULL, '', 'carmen@ranchoelarenal.com.mx', '$2a$08$9zJEuMOWWVp8idBnp/72teZhKYsRGLIyF9oLjhZnDl4HMayqxst.K', '', '1', '2022-04-13 17:02:08', '2022-04-13 17:01:47', 1),
(8, 'Alan', NULL, NULL, '', 'alanv@ranchoelarenal.com.mx', '$2a$08$yyIxWm6nrKMMRLRwTFbpUeTsPKrErU.ebb8EfYZf/AHhF.tGgj0Su', '', '1', '2022-04-13 17:04:36', '2022-04-13 17:04:36', 1),
(9, 'Admin', NULL, NULL, '', 'admin@ranchoelarenal.com.mx', '$2a$08$jagVD9YZWbAzz0pstxJrQOYvO1.1wu1a593k6FbXbun1W5BUoLklG', '', '0', '2022-04-19 19:15:55', '2022-04-19 19:15:55', 1),
(10, 'José', 'Guía', 'Mata', '4421000000', 'jguia@ranchoelarenal.com.mx', '$2a$08$I8kgmT61Mk14EBKosEpyBu.74/KEf2G3Fq0kV4Yb2n8hpl3pZ521.', '1', '1', '2023-09-05 19:16:25', '2022-09-01 15:54:23', 1),
(11, 'Verónica', 'v', NULL, '4421010155', 'veronica@ranchoelarenal.com', '$2a$08$39ePHLMHcERD11wayxsvn.Tqn/i0hEzy4rFMUK4JNZJwe2OQQbc2y', '1', '1', '2024-03-26 21:02:43', '2024-03-26 20:59:46', 1);

-- --------------------------------------------------------

--
-- Estructura de tabla para la tabla `usuarios_permisos`
--

CREATE TABLE `usuarios_permisos` (
  `usuarioPermisoId` int(11) NOT NULL,
  `permisoId` int(11) DEFAULT NULL,
  `usuarioID` int(11) DEFAULT NULL,
  `permisoFechaRegistro` timestamp NOT NULL DEFAULT current_timestamp(),
  `permisoFechaActualizacion` timestamp NOT NULL DEFAULT current_timestamp() ON UPDATE current_timestamp(),
  `permisoUsuarioRegistro` varchar(200) DEFAULT NULL,
  `permisoUsuarioActualizacion` varchar(200) DEFAULT NULL
) ENGINE=InnoDB DEFAULT CHARSET=utf8mb4 COLLATE=utf8mb4_unicode_ci;

--
-- Volcado de datos para la tabla `usuarios_permisos`
--

INSERT INTO `usuarios_permisos` (`usuarioPermisoId`, `permisoId`, `usuarioID`, `permisoFechaRegistro`, `permisoFechaActualizacion`, `permisoUsuarioRegistro`, `permisoUsuarioActualizacion`) VALUES
(1, 1, 1, '2022-06-18 11:41:47', '2022-06-18 11:41:47', 'Admin   ', NULL),
(2, 2, 1, '2022-06-18 11:41:47', '2022-06-18 11:41:47', 'Admin   ', NULL),
(3, 3, 1, '2022-06-18 11:41:47', '2022-06-18 11:41:47', 'Admin   ', NULL),
(4, 4, 1, '2022-06-18 11:41:47', '2022-06-18 11:41:47', 'Admin   ', NULL),
(5, 5, 1, '2022-06-18 11:41:47', '2022-06-18 11:41:47', 'Admin   ', NULL),
(6, 6, 1, '2022-06-18 11:41:47', '2022-06-18 11:41:47', 'Admin   ', NULL),
(7, 7, 1, '2022-06-18 11:41:47', '2022-06-18 11:41:47', 'Admin   ', NULL),
(8, 8, 1, '2022-06-18 11:41:47', '2022-06-18 11:41:47', 'Admin   ', NULL),
(9, 9, 1, '2022-06-18 11:41:47', '2022-06-18 11:41:47', 'Admin   ', NULL),
(10, 10, 1, '2022-06-18 11:41:47', '2022-06-18 11:41:47', 'Admin   ', NULL),
(11, 11, 1, '2022-06-18 11:41:47', '2022-06-18 11:41:47', 'Admin   ', NULL),
(12, 12, 1, '2022-06-18 11:41:47', '2022-06-18 11:41:47', 'Admin   ', NULL),
(13, 13, 1, '2022-06-18 11:41:47', '2022-06-18 11:41:47', 'Admin   ', NULL),
(14, 17, 1, '2022-06-18 11:41:47', '2022-06-18 11:41:47', 'Admin   ', NULL),
(15, 18, 1, '2022-06-18 11:41:47', '2022-06-18 11:41:47', 'Admin   ', NULL),
(16, 19, 1, '2022-06-18 11:41:47', '2022-06-18 11:41:47', 'Admin   ', NULL),
(17, 20, 1, '2022-06-18 11:41:47', '2022-06-18 11:41:47', 'Admin   ', NULL),
(18, 21, 1, '2022-06-18 11:41:47', '2022-06-18 11:41:47', 'Admin   ', NULL),
(19, 22, 1, '2022-06-18 11:41:47', '2022-06-18 11:41:47', 'Admin   ', NULL),
(20, 23, 1, '2022-06-18 11:41:47', '2022-06-18 11:41:47', 'Admin   ', NULL),
(21, 1, 3, '2022-06-18 11:42:00', '2022-06-18 11:42:00', 'Admin   ', NULL),
(22, 2, 3, '2022-06-18 11:42:00', '2022-06-18 11:42:00', 'Admin   ', NULL),
(23, 3, 3, '2022-06-18 11:42:00', '2022-06-18 11:42:00', 'Admin   ', NULL),
(24, 4, 3, '2022-06-18 11:42:00', '2022-06-18 11:42:00', 'Admin   ', NULL),
(25, 5, 3, '2022-06-18 11:42:00', '2022-06-18 11:42:00', 'Admin   ', NULL),
(26, 6, 3, '2022-06-18 11:42:00', '2022-06-18 11:42:00', 'Admin   ', NULL),
(27, 7, 3, '2022-06-18 11:42:00', '2022-06-18 11:42:00', 'Admin   ', NULL),
(28, 8, 3, '2022-06-18 11:42:00', '2022-06-18 11:42:00', 'Admin   ', NULL),
(29, 9, 3, '2022-06-18 11:42:00', '2022-06-18 11:42:00', 'Admin   ', NULL),
(30, 10, 3, '2022-06-18 11:42:00', '2022-06-18 11:42:00', 'Admin   ', NULL),
(31, 11, 3, '2022-06-18 11:42:00', '2022-06-18 11:42:00', 'Admin   ', NULL),
(32, 12, 3, '2022-06-18 11:42:00', '2022-06-18 11:42:00', 'Admin   ', NULL),
(33, 13, 3, '2022-06-18 11:42:00', '2022-06-18 11:42:00', 'Admin   ', NULL),
(34, 14, 3, '2022-06-18 11:42:00', '2022-06-18 11:42:00', 'Admin   ', NULL),
(35, 15, 3, '2022-06-18 11:42:00', '2022-06-18 11:42:00', 'Admin   ', NULL),
(36, 16, 3, '2022-06-18 11:42:00', '2022-06-18 11:42:00', 'Admin   ', NULL),
(37, 24, 3, '2022-06-18 11:42:00', '2022-06-18 11:42:00', 'Admin   ', NULL),
(38, 17, 3, '2022-06-18 11:42:00', '2022-06-18 11:42:00', 'Admin   ', NULL),
(39, 18, 3, '2022-06-18 11:42:00', '2022-06-18 11:42:00', 'Admin   ', NULL),
(40, 19, 3, '2022-06-18 11:42:00', '2022-06-18 11:42:00', 'Admin   ', NULL),
(41, 20, 3, '2022-06-18 11:42:00', '2022-06-18 11:42:00', 'Admin   ', NULL),
(42, 21, 3, '2022-06-18 11:42:00', '2022-06-18 11:42:00', 'Admin   ', NULL),
(43, 22, 3, '2022-06-18 11:42:00', '2022-06-18 11:42:00', 'Admin   ', NULL),
(44, 23, 3, '2022-06-18 11:42:00', '2022-06-18 11:42:00', 'Admin   ', NULL),
(45, 1, 4, '2022-06-18 11:42:38', '2022-06-18 11:42:38', 'Admin   ', NULL),
(46, 2, 4, '2022-06-18 11:42:38', '2022-06-18 11:42:38', 'Admin   ', NULL),
(47, 3, 4, '2022-06-18 11:42:38', '2022-06-18 11:42:38', 'Admin   ', NULL),
(48, 4, 4, '2022-06-18 11:42:38', '2022-06-18 11:42:38', 'Admin   ', NULL),
(49, 5, 4, '2022-06-18 11:42:38', '2022-06-18 11:42:38', 'Admin   ', NULL),
(50, 6, 4, '2022-06-18 11:42:38', '2022-06-18 11:42:38', 'Admin   ', NULL),
(51, 7, 4, '2022-06-18 11:42:38', '2022-06-18 11:42:38', 'Admin   ', NULL),
(52, 8, 4, '2022-06-18 11:42:38', '2022-06-18 11:42:38', 'Admin   ', NULL),
(53, 9, 4, '2022-06-18 11:42:38', '2022-06-18 11:42:38', 'Admin   ', NULL),
(57, 23, 4, '2022-06-18 11:42:38', '2022-06-18 11:42:38', 'Admin   ', NULL),
(58, 1, 5, '2022-06-18 11:43:08', '2022-06-18 11:43:08', 'Admin   ', NULL),
(59, 2, 5, '2022-06-18 11:43:08', '2022-06-18 11:43:08', 'Admin   ', NULL),
(60, 3, 5, '2022-06-18 11:43:08', '2022-06-18 11:43:08', 'Admin   ', NULL),
(61, 4, 5, '2022-06-18 11:43:08', '2022-06-18 11:43:08', 'Admin   ', NULL),
(62, 5, 5, '2022-06-18 11:43:08', '2022-06-18 11:43:08', 'Admin   ', NULL),
(63, 6, 5, '2022-06-18 11:43:08', '2022-06-18 11:43:08', 'Admin   ', NULL),
(64, 7, 5, '2022-06-18 11:43:08', '2022-06-18 11:43:08', 'Admin   ', NULL),
(65, 8, 5, '2022-06-18 11:43:08', '2022-06-18 11:43:08', 'Admin   ', NULL),
(66, 9, 5, '2022-06-18 11:43:08', '2022-06-18 11:43:08', 'Admin   ', NULL),
(67, 10, 5, '2022-06-18 11:43:08', '2022-06-18 11:43:08', 'Admin   ', NULL),
(68, 11, 5, '2022-06-18 11:43:08', '2022-06-18 11:43:08', 'Admin   ', NULL),
(69, 12, 5, '2022-06-18 11:43:08', '2022-06-18 11:43:08', 'Admin   ', NULL),
(70, 13, 5, '2022-06-18 11:43:08', '2022-06-18 11:43:08', 'Admin   ', NULL),
(71, 17, 5, '2022-06-18 11:43:08', '2022-06-18 11:43:08', 'Admin   ', NULL),
(72, 23, 5, '2022-06-18 11:43:08', '2022-06-18 11:43:08', 'Admin   ', NULL),
(73, 1, 6, '2022-06-18 11:44:12', '2022-06-18 11:44:12', 'Admin   ', NULL),
(74, 2, 6, '2022-06-18 11:44:12', '2022-06-18 11:44:12', 'Admin   ', NULL),
(75, 3, 6, '2022-06-18 11:44:12', '2022-06-18 11:44:12', 'Admin   ', NULL),
(76, 4, 6, '2022-06-18 11:44:12', '2022-06-18 11:44:12', 'Admin   ', NULL),
(77, 5, 6, '2022-06-18 11:44:12', '2022-06-18 11:44:12', 'Admin   ', NULL),
(78, 6, 6, '2022-06-18 11:44:12', '2022-06-18 11:44:12', 'Admin   ', NULL),
(79, 7, 6, '2022-06-18 11:44:12', '2022-06-18 11:44:12', 'Admin   ', NULL),
(80, 8, 6, '2022-06-18 11:44:12', '2022-06-18 11:44:12', 'Admin   ', NULL),
(81, 9, 6, '2022-06-18 11:44:12', '2022-06-18 11:44:12', 'Admin   ', NULL),
(82, 10, 6, '2022-06-18 11:44:12', '2022-06-18 11:44:12', 'Admin   ', NULL),
(83, 11, 6, '2022-06-18 11:44:12', '2022-06-18 11:44:12', 'Admin   ', NULL),
(84, 12, 6, '2022-06-18 11:44:12', '2022-06-18 11:44:12', 'Admin   ', NULL),
(85, 13, 6, '2022-06-18 11:44:12', '2022-06-18 11:44:12', 'Admin   ', NULL),
(86, 16, 6, '2022-06-18 11:44:12', '2022-06-18 11:44:12', 'Admin   ', NULL),
(87, 17, 6, '2022-06-18 11:44:12', '2022-06-18 11:44:12', 'Admin   ', NULL),
(88, 21, 6, '2022-06-18 11:44:12', '2022-06-18 11:44:12', 'Admin   ', NULL),
(89, 22, 6, '2022-06-18 11:44:12', '2022-06-18 11:44:12', 'Admin   ', NULL),
(90, 23, 6, '2022-06-18 11:44:12', '2022-06-18 11:44:12', 'Admin   ', NULL),
(91, 16, 5, '2022-06-18 11:45:28', '2022-06-18 11:45:28', NULL, 'Admin   '),
(92, 21, 5, '2022-06-18 11:45:28', '2022-06-18 11:45:28', NULL, 'Admin   '),
(93, 22, 5, '2022-06-18 11:45:28', '2022-06-18 11:45:28', NULL, 'Admin   '),
(94, 1, 7, '2022-06-18 11:46:17', '2022-06-18 11:46:17', 'Admin   ', NULL),
(95, 2, 7, '2022-06-18 11:46:17', '2022-06-18 11:46:17', 'Admin   ', NULL),
(96, 3, 7, '2022-06-18 11:46:17', '2022-06-18 11:46:17', 'Admin   ', NULL),
(97, 4, 7, '2022-06-18 11:46:17', '2022-06-18 11:46:17', 'Admin   ', NULL),
(98, 5, 7, '2022-06-18 11:46:17', '2022-06-18 11:46:17', 'Admin   ', NULL),
(99, 6, 7, '2022-06-18 11:46:17', '2022-06-18 11:46:17', 'Admin   ', NULL),
(100, 7, 7, '2022-06-18 11:46:17', '2022-06-18 11:46:17', 'Admin   ', NULL),
(101, 8, 7, '2022-06-18 11:46:17', '2022-06-18 11:46:17', 'Admin   ', NULL),
(102, 9, 7, '2022-06-18 11:46:17', '2022-06-18 11:46:17', 'Admin   ', NULL),
(106, 13, 7, '2022-06-18 11:46:17', '2022-06-18 11:46:17', 'Admin   ', NULL),
(107, 16, 7, '2022-06-18 11:46:17', '2022-06-18 11:46:17', 'Admin   ', NULL),
(108, 17, 7, '2022-06-18 11:46:17', '2022-06-18 11:46:17', 'Admin   ', NULL),
(109, 21, 7, '2022-06-18 11:46:17', '2022-06-18 11:46:17', 'Admin   ', NULL),
(110, 22, 7, '2022-06-18 11:46:17', '2022-06-18 11:46:17', 'Admin   ', NULL),
(111, 23, 7, '2022-06-18 11:46:17', '2022-06-18 11:46:17', 'Admin   ', NULL),
(112, 1, 9, '2022-06-18 11:46:34', '2022-06-18 11:46:34', 'Admin   ', NULL),
(113, 2, 9, '2022-06-18 11:46:34', '2022-06-18 11:46:34', 'Admin   ', NULL),
(114, 3, 9, '2022-06-18 11:46:34', '2022-06-18 11:46:34', 'Admin   ', NULL),
(115, 4, 9, '2022-06-18 11:46:34', '2022-06-18 11:46:34', 'Admin   ', NULL),
(116, 5, 9, '2022-06-18 11:46:34', '2022-06-18 11:46:34', 'Admin   ', NULL),
(117, 6, 9, '2022-06-18 11:46:34', '2022-06-18 11:46:34', 'Admin   ', NULL),
(118, 7, 9, '2022-06-18 11:46:34', '2022-06-18 11:46:34', 'Admin   ', NULL),
(119, 8, 9, '2022-06-18 11:46:34', '2022-06-18 11:46:34', 'Admin   ', NULL),
(120, 9, 9, '2022-06-18 11:46:34', '2022-06-18 11:46:34', 'Admin   ', NULL),
(121, 10, 9, '2022-06-18 11:46:34', '2022-06-18 11:46:34', 'Admin   ', NULL),
(122, 11, 9, '2022-06-18 11:46:34', '2022-06-18 11:46:34', 'Admin   ', NULL),
(123, 12, 9, '2022-06-18 11:46:34', '2022-06-18 11:46:34', 'Admin   ', NULL),
(124, 13, 9, '2022-06-18 11:46:34', '2022-06-18 11:46:34', 'Admin   ', NULL),
(125, 14, 9, '2022-06-18 11:46:34', '2022-06-18 11:46:34', 'Admin   ', NULL),
(126, 15, 9, '2022-06-18 11:46:34', '2022-06-18 11:46:34', 'Admin   ', NULL),
(127, 16, 9, '2022-06-18 11:46:34', '2022-06-18 11:46:34', 'Admin   ', NULL),
(128, 24, 9, '2022-06-18 11:46:34', '2022-06-18 11:46:34', 'Admin   ', NULL),
(129, 17, 9, '2022-06-18 11:46:34', '2022-06-18 11:46:34', 'Admin   ', NULL),
(130, 18, 9, '2022-06-18 11:46:34', '2022-06-18 11:46:34', 'Admin   ', NULL),
(131, 19, 9, '2022-06-18 11:46:34', '2022-06-18 11:46:34', 'Admin   ', NULL),
(132, 20, 9, '2022-06-18 11:46:34', '2022-06-18 11:46:34', 'Admin   ', NULL),
(133, 21, 9, '2022-06-18 11:46:34', '2022-06-18 11:46:34', 'Admin   ', NULL),
(134, 22, 9, '2022-06-18 11:46:34', '2022-06-18 11:46:34', 'Admin   ', NULL),
(135, 23, 9, '2022-06-18 11:46:34', '2022-06-18 11:46:34', 'Admin   ', NULL),
(136, 1, 8, '2022-06-18 11:49:03', '2022-06-18 11:49:03', 'Admin   ', NULL),
(137, 2, 8, '2022-06-18 11:49:03', '2022-06-18 11:49:03', 'Admin   ', NULL),
(138, 3, 8, '2022-06-18 11:49:03', '2022-06-18 11:49:03', 'Admin   ', NULL),
(139, 4, 8, '2022-06-18 11:49:03', '2022-06-18 11:49:03', 'Admin   ', NULL),
(140, 5, 8, '2022-06-18 11:49:03', '2022-06-18 11:49:03', 'Admin   ', NULL),
(141, 6, 8, '2022-06-18 11:49:03', '2022-06-18 11:49:03', 'Admin   ', NULL),
(142, 7, 8, '2022-06-18 11:49:03', '2022-06-18 11:49:03', 'Admin   ', NULL),
(143, 8, 8, '2022-06-18 11:49:03', '2022-06-18 11:49:03', 'Admin   ', NULL),
(144, 9, 8, '2022-06-18 11:49:03', '2022-06-18 11:49:03', 'Admin   ', NULL),
(145, 13, 8, '2022-06-18 11:49:03', '2022-06-18 11:49:03', 'Admin   ', NULL),
(146, 14, 8, '2022-06-18 11:49:03', '2022-06-18 11:49:03', 'Admin   ', NULL),
(147, 15, 8, '2022-06-18 11:49:03', '2022-06-18 11:49:03', 'Admin   ', NULL),
(148, 16, 8, '2022-06-18 11:49:03', '2022-06-18 11:49:03', 'Admin   ', NULL),
(149, 24, 8, '2022-06-18 11:49:03', '2022-06-18 11:49:03', 'Admin   ', NULL),
(150, 23, 8, '2022-06-18 11:49:03', '2022-06-18 11:49:03', 'Admin   ', NULL);

-- --------------------------------------------------------

--
-- Estructura de tabla para la tabla `ventas`
--

CREATE TABLE `ventas` (
  `id_venta` int(11) NOT NULL,
  `folio_venta` varchar(150) DEFAULT NULL,
  `id_cliente` int(11) NOT NULL,
  `id_producto` int(11) DEFAULT NULL COMMENT 'tipo de producto para el pedido',
  `tipo_venta` int(11) NOT NULL DEFAULT 1,
  `tipo_envio` int(11) DEFAULT NULL COMMENT '1. Entrega a acordar con el vendedor, 2. Entrega a domicilio',
  `tipo_unidad` enum('Kg','Pz') DEFAULT NULL,
  `is_order` int(11) NOT NULL DEFAULT 2 COMMENT '1.- Es pedido, 2.- Es venta',
  `cantidad_pedido` float DEFAULT NULL,
  `total` decimal(9,2) DEFAULT NULL,
  `descuento` int(11) NOT NULL DEFAULT 0,
  `fecha` date DEFAULT NULL,
  `hora` time DEFAULT NULL,
  `notas_venta` text DEFAULT NULL,
  `comentario_cancelacion` text DEFAULT NULL,
  `status` varchar(20) NOT NULL DEFAULT '1' COMMENT '1. pendiente 2. aprobado 3.surtido 4.pagado, 5.cancelado',
  `metodo_pago` int(11) DEFAULT NULL COMMENT '1. Pago con tarjeta, 2. Pago en efectivo',
  `ventas_create` timestamp NOT NULL DEFAULT current_timestamp(),
  `ventas_update` timestamp NOT NULL DEFAULT current_timestamp() ON UPDATE current_timestamp(),
  `status1` int(11) DEFAULT NULL,
  `id_pago` int(11) DEFAULT NULL,
  `status_envio_recibo` int(11) NOT NULL DEFAULT 0
) ENGINE=InnoDB DEFAULT CHARSET=latin1 COLLATE=latin1_swedish_ci;

--
-- Volcado de datos para la tabla `ventas`
--

INSERT INTO `ventas` (`id_venta`, `folio_venta`, `id_cliente`, `id_producto`, `tipo_venta`, `tipo_envio`, `tipo_unidad`, `is_order`, `cantidad_pedido`, `total`, `descuento`, `fecha`, `hora`, `notas_venta`, `comentario_cancelacion`, `status`, `metodo_pago`, `ventas_create`, `ventas_update`, `status1`, `id_pago`, `status_envio_recibo`) VALUES
(1, 'V130121-0000001', 1, NULL, 2, NULL, NULL, 2, NULL, 200.00, 0, '2021-01-13', NULL, NULL, NULL, '3', 0, '2021-01-30 18:24:14', '2022-01-29 00:27:44', 0, 1, 0),
(2, 'V140121-0000002', 2, NULL, 2, NULL, NULL, 2, NULL, 250.00, 0, '2021-01-14', NULL, NULL, NULL, '3', 0, '2021-01-30 18:42:37', '2022-01-29 00:27:44', 0, 1, 0),
(3, 'V140121-0000003', 1, NULL, 2, NULL, NULL, 2, NULL, 500.00, 0, '2021-01-14', NULL, NULL, NULL, '3', 0, '2021-01-30 18:43:09', '2022-01-29 00:27:44', 0, 1, 0),
(4, 'V160121-0000004', 3, NULL, 2, NULL, NULL, 2, NULL, 1000.00, 0, '2021-01-16', NULL, NULL, NULL, '3', 0, '2021-01-30 18:44:17', '2022-01-29 00:27:44', 0, 1, 0),
(5, 'V160121-0000005', 4, NULL, 2, NULL, NULL, 2, NULL, 250.00, 0, '2021-01-16', NULL, NULL, NULL, '3', 0, '2021-01-30 18:44:51', '2022-01-29 00:27:44', 0, 1, 0),
(6, 'V160121-0000006', 5, NULL, 2, NULL, NULL, 2, NULL, 500.00, 0, '2021-01-16', NULL, NULL, NULL, '3', 0, '2021-01-30 18:45:19', '2022-01-29 00:27:44', 0, 1, 0),
(7, 'V160121-0000007', 6, NULL, 2, NULL, NULL, 2, NULL, 300.00, 0, '2021-01-16', NULL, NULL, NULL, '3', 0, '2021-01-30 18:45:53', '2022-01-29 00:27:44', 0, 1, 0),
(8, 'V210121-0000008', 2, NULL, 2, NULL, NULL, 2, NULL, 1000.00, 0, '2021-01-21', NULL, NULL, NULL, '3', 0, '2021-01-30 18:47:22', '2022-01-29 00:27:44', 0, 1, 0),
(9, 'V210121-0000009', 1, NULL, 2, NULL, NULL, 2, NULL, 200.00, 0, '2021-01-21', NULL, NULL, NULL, '3', 0, '2021-01-30 18:49:26', '2022-01-29 00:27:44', 0, 1, 0),
(10, 'V210121-0000010', 8, NULL, 2, NULL, NULL, 2, NULL, 800.00, 0, '2021-01-21', NULL, NULL, NULL, '3', 0, '2021-01-30 18:50:10', '2022-01-29 00:27:44', 0, 1, 0),
(11, 'V240121-0000011', 9, NULL, 2, NULL, NULL, 2, NULL, 200.00, 0, '2021-01-24', NULL, NULL, NULL, '3', 0, '2021-01-30 18:50:45', '2022-01-29 00:27:44', 0, 1, 0),
(12, 'V270121-0000012', 11, NULL, 2, NULL, NULL, 2, NULL, 850.00, 0, '2021-01-27', NULL, NULL, NULL, '3', 0, '2021-01-30 18:51:14', '2022-01-29 00:27:44', 0, 1, 0),
(17, 'V050221-0000013', 12, NULL, 2, NULL, NULL, 2, NULL, 2080.00, 0, '2021-02-05', NULL, NULL, NULL, '3', 0, '2021-02-06 18:10:43', '2022-01-29 00:27:44', 0, 1, 0),
(21, 'V050221-0000014', 12, NULL, 2, NULL, NULL, 2, NULL, 54520.00, 0, '2021-02-05', NULL, NULL, NULL, '3', 0, '2021-02-09 18:06:52', '2022-01-29 00:27:44', 0, 1, 0),
(22, 'V260121-0000015', 15, NULL, 2, NULL, NULL, 2, NULL, 200.00, 0, '2021-01-26', NULL, NULL, NULL, '3', 0, '2021-02-19 22:43:37', '2022-01-29 00:27:44', 0, 1, 0),
(23, 'V280121-0000016', 16, NULL, 2, NULL, NULL, 2, NULL, 150.00, 0, '2021-01-28', NULL, NULL, NULL, '3', 0, '2021-02-19 22:48:49', '2022-01-29 00:27:44', 0, 1, 0),
(24, 'V290121-0000017', 17, NULL, 2, NULL, NULL, 2, NULL, 750.00, 0, '2021-01-29', NULL, NULL, NULL, '3', 0, '2021-02-19 22:49:34', '2022-01-29 00:27:44', 0, 1, 0),
(25, 'V300121-0000018', 18, NULL, 2, NULL, NULL, 2, NULL, 100.00, 0, '2021-01-30', NULL, NULL, NULL, '3', 0, '2021-02-19 22:50:12', '2022-01-29 00:27:44', 0, 1, 0),
(26, 'V300121-0000019', 19, NULL, 2, NULL, NULL, 2, NULL, 800.00, 0, '2021-01-30', NULL, NULL, NULL, '3', 0, '2021-02-19 22:52:35', '2022-01-29 00:27:44', 0, 1, 0),
(27, 'V300121-0000020', 20, NULL, 2, NULL, NULL, 2, NULL, 800.00, 0, '2021-01-30', NULL, NULL, NULL, '3', 0, '2021-02-19 22:53:13', '2022-01-29 00:27:44', 0, 1, 0),
(1720, 'V270124-0000386', 316, NULL, 2, NULL, NULL, 2, NULL, 1013.00, 0, '2024-01-27', NULL, NULL, NULL, '3', NULL, '2024-11-20 10:34:38', '2024-11-20 10:37:35', NULL, 1, 0),
(1721, 'V030224-0000387', 54, NULL, 2, NULL, NULL, 2, NULL, 3750.00, 0, '2024-02-03', NULL, NULL, NULL, '3', NULL, '2024-11-20 10:38:42', '2024-11-20 10:38:42', NULL, 1, 0),
(1722, 'V030224-0000388', 64, NULL, 2, NULL, NULL, 2, NULL, 525.00, 0, '2024-02-03', NULL, NULL, NULL, '3', NULL, '2024-11-20 10:41:27', '2024-11-20 10:41:27', NULL, 1, 0),
(1723, 'V030224-0000389', 188, NULL, 2, NULL, NULL, 2, NULL, 750.00, 0, '2024-02-03', NULL, NULL, NULL, '3', NULL, '2024-11-20 10:42:16', '2024-11-20 10:42:16', NULL, 1, 0),
(1724, 'V100224-0000390', 54, NULL, 2, NULL, NULL, 2, NULL, 4500.00, 0, '2024-02-10', NULL, NULL, NULL, '3', NULL, '2024-11-20 10:43:14', '2024-11-20 10:43:14', NULL, 1, 0),
(1725, 'V100224-0000391', 322, NULL, 2, NULL, NULL, 2, NULL, 525.00, 0, '2024-02-10', NULL, NULL, NULL, '3', NULL, '2024-11-20 10:43:34', '2024-11-20 10:43:34', NULL, 1, 0),
(1726, 'V010324-0000392', 319, NULL, 2, NULL, NULL, 2, NULL, 1253.00, 0, '2024-03-01', NULL, NULL, NULL, '3', NULL, '2024-11-20 10:46:49', '2024-11-20 11:07:06', NULL, 1, 0),
(1727, 'V010324-0000393', 188, NULL, 2, NULL, NULL, 2, NULL, 750.00, 0, '2024-03-01', NULL, NULL, NULL, '3', NULL, '2024-11-20 10:47:32', '2024-11-20 10:47:32', NULL, 1, 0),
(1728, 'V010324-0000394', 134, NULL, 2, NULL, NULL, 2, NULL, 525.00, 0, '2024-03-01', NULL, NULL, NULL, '3', NULL, '2024-11-20 10:47:56', '2024-11-20 10:47:56', NULL, 1, 0),
(1729, 'V010324-0000395', 28, NULL, 2, NULL, NULL, 2, NULL, 1125.00, 0, '2024-03-01', NULL, NULL, NULL, '3', NULL, '2024-11-20 10:48:33', '2024-11-20 10:48:33', NULL, 1, 0),
(1730, 'V010324-0000396', 270, NULL, 2, NULL, NULL, 2, NULL, 300.00, 0, '2024-03-01', NULL, NULL, NULL, '3', NULL, '2024-11-20 10:49:30', '2024-11-20 10:49:30', NULL, 1, 0),
(1731, 'V020324-0000397', 54, NULL, 2, NULL, NULL, 2, NULL, 975.00, 0, '2024-03-02', NULL, NULL, NULL, '3', NULL, '2024-11-20 10:49:58', '2024-11-20 10:49:58', NULL, 1, 0),
(1732, 'V020324-0000398', 69, NULL, 2, NULL, NULL, 2, NULL, 450.00, 0, '2024-03-02', NULL, NULL, NULL, '3', NULL, '2024-11-20 10:50:33', '2024-11-20 10:50:33', NULL, 1, 0),
(1733, 'V020324-0000399', 38, NULL, 2, NULL, NULL, 2, NULL, 1125.00, 0, '2024-03-02', NULL, NULL, NULL, '3', NULL, '2024-11-20 10:51:03', '2024-11-20 10:51:03', NULL, 1, 0),
(1734, 'V020324-0000400', 312, NULL, 2, NULL, NULL, 2, NULL, 600.00, 0, '2024-03-02', NULL, NULL, NULL, '3', NULL, '2024-11-20 10:51:35', '2024-11-20 10:51:35', NULL, 1, 0),
(1735, 'V020324-0000401', 43, NULL, 2, NULL, NULL, 2, NULL, 1500.00, 0, '2024-03-02', NULL, NULL, NULL, '3', NULL, '2024-11-20 10:51:57', '2024-11-20 10:51:57', NULL, 1, 0),
(1736, 'V020324-0000402', 365, NULL, 2, NULL, NULL, 2, NULL, 1125.00, 0, '2024-03-02', NULL, NULL, NULL, '3', NULL, '2024-11-20 10:55:58', '2024-11-20 10:55:58', NULL, 1, 0),
(1737, 'V020324-0000403', 366, NULL, 2, NULL, NULL, 2, NULL, 750.00, 0, '2024-03-02', NULL, NULL, NULL, '3', NULL, '2024-11-20 10:57:55', '2024-11-20 10:57:55', NULL, 1, 0),
(1738, 'V080324-0000404', 244, NULL, 2, NULL, NULL, 2, NULL, 450.00, 0, '2024-03-08', NULL, NULL, NULL, '3', NULL, '2024-11-20 11:03:16', '2024-11-20 11:03:16', NULL, 1, 0),
(1739, 'V080324-0000405', 312, NULL, 2, NULL, NULL, 2, NULL, 750.00, 0, '2024-03-08', NULL, NULL, NULL, '3', NULL, '2024-11-20 11:03:42', '2024-11-20 11:03:42', NULL, 1, 0),
(1740, 'V090324-0000406', 321, NULL, 2, NULL, NULL, 2, NULL, 750.00, 0, '2024-03-09', NULL, NULL, NULL, '3', NULL, '2024-11-20 11:04:18', '2024-11-20 11:04:18', NULL, 1, 0),
(1741, 'V080324-0000407', 367, NULL, 2, NULL, NULL, 2, NULL, 225.00, 0, '2024-03-08', NULL, NULL, NULL, '3', NULL, '2024-11-20 11:12:37', '2024-11-20 11:12:37', NULL, 1, 0),
(1742, 'V090324-0000408', 276, NULL, 2, NULL, NULL, 2, NULL, 375.00, 0, '2024-03-09', NULL, NULL, NULL, '3', NULL, '2024-11-20 11:13:36', '2024-11-20 11:13:36', NULL, 1, 0),
(1743, 'V090324-0000409', 368, NULL, 2, NULL, NULL, 2, NULL, 1125.00, 0, '2024-03-09', NULL, NULL, NULL, '3', NULL, '2024-11-20 11:16:03', '2024-11-20 11:16:03', NULL, 1, 0),
(1744, 'V090324-0000410', 276, NULL, 2, NULL, NULL, 2, NULL, 525.00, 0, '2024-03-09', NULL, NULL, NULL, '3', NULL, '2024-11-20 11:16:38', '2024-11-20 11:16:38', NULL, 1, 0),
(1745, 'V150324-0000411', 355, NULL, 2, NULL, NULL, 2, NULL, 1125.00, 0, '2024-03-15', NULL, NULL, NULL, '3', NULL, '2024-11-20 11:17:37', '2024-11-20 11:17:37', NULL, 1, 0),
(1746, 'V150324-0000412', 319, NULL, 2, NULL, NULL, 2, NULL, 450.00, 0, '2024-03-15', NULL, NULL, NULL, '3', NULL, '2024-11-20 11:18:25', '2024-11-20 11:18:25', NULL, 1, 0),
(1747, 'V150324-0000413', 369, NULL, 2, NULL, NULL, 2, NULL, 150.00, 0, '2024-03-15', NULL, NULL, NULL, '3', NULL, '2024-11-20 11:19:58', '2024-11-20 11:19:58', NULL, 1, 0),
(1748, 'V161124-0000414', 71, NULL, 2, NULL, NULL, 2, NULL, 3750.00, 0, '2024-11-16', NULL, NULL, NULL, '3', NULL, '2024-11-20 11:20:58', '2024-11-20 11:20:58', NULL, 1, 0),
(1749, 'V150324-0000415', 319, NULL, 2, NULL, NULL, 2, NULL, 1125.00, 0, '2024-03-15', NULL, NULL, NULL, '3', NULL, '2024-11-20 11:23:42', '2024-11-20 11:23:42', NULL, 1, 0),
(1750, 'V210924-0000416', 364, NULL, 2, NULL, NULL, 2, NULL, 1040.00, 0, '2024-09-21', NULL, NULL, NULL, '3', NULL, '2024-11-20 11:35:31', '2024-11-20 11:35:31', NULL, 1, 0),
(1751, 'V200924-0000417', 321, NULL, 2, NULL, NULL, 2, NULL, 960.00, 0, '2024-09-20', NULL, NULL, NULL, '3', NULL, '2024-11-20 11:36:43', '2024-11-20 11:36:43', NULL, 1, 0),
(1752, 'V210924-0000418', 198, NULL, 2, NULL, NULL, 2, NULL, 1600.00, 0, '2024-09-21', NULL, NULL, NULL, '3', NULL, '2024-11-20 11:37:36', '2024-11-20 11:37:36', NULL, 1, 0),
(1753, 'V210924-0000419', 321, NULL, 2, NULL, NULL, 2, NULL, 500.00, 0, '2024-09-21', NULL, NULL, NULL, '3', NULL, '2024-11-20 11:40:55', '2024-11-20 11:40:55', NULL, 1, 0),
(1754, 'V200924-0000420', 239, NULL, 2, NULL, NULL, 2, NULL, 1200.00, 0, '2024-09-20', NULL, NULL, NULL, '3', NULL, '2024-11-20 11:41:31', '2024-11-20 11:41:31', NULL, 1, 0),
(1755, 'V200924-0000421', 60, NULL, 2, NULL, NULL, 2, NULL, 400.00, 0, '2024-09-20', NULL, NULL, NULL, '3', NULL, '2024-11-20 11:42:02', '2024-11-20 11:42:02', NULL, 1, 0),
(1756, 'V200924-0000422', 370, NULL, 2, NULL, NULL, 2, NULL, 504.00, 0, '2024-09-20', NULL, NULL, NULL, '3', NULL, '2024-11-20 11:44:25', '2024-11-20 11:44:25', NULL, 1, 0),
(1757, 'V210924-0000423', 41, NULL, 2, NULL, NULL, 2, NULL, 1120.00, 0, '2024-09-21', NULL, NULL, NULL, '3', NULL, '2024-11-20 11:44:58', '2024-11-20 11:47:35', NULL, 1, 0),
(1758, 'V210924-0000424', 365, NULL, 2, NULL, NULL, 2, NULL, 1200.00, 0, '2024-09-21', NULL, NULL, NULL, '3', NULL, '2024-11-20 11:45:54', '2024-11-20 11:45:54', NULL, 1, 0),
(1759, 'V210924-0000425', 371, NULL, 2, NULL, NULL, 2, NULL, 400.00, 0, '2024-09-21', NULL, NULL, NULL, '3', NULL, '2024-11-20 11:49:28', '2024-11-20 11:49:28', NULL, 1, 0),
(1760, 'V230924-0000426', 123, NULL, 2, NULL, NULL, 2, NULL, 320.00, 0, '2024-09-23', NULL, NULL, NULL, '3', NULL, '2024-11-20 11:50:45', '2024-11-20 11:50:45', NULL, 1, 0),
(1761, 'V260924-0000427', 238, NULL, 2, NULL, NULL, 2, NULL, 800.00, 0, '2024-09-26', NULL, NULL, NULL, '3', NULL, '2024-11-20 11:56:36', '2024-11-20 11:56:36', NULL, 1, 0),
(1762, 'V280924-0000428', 29, NULL, 2, NULL, NULL, 2, NULL, 800.00, 0, '2024-09-28', NULL, NULL, NULL, '3', NULL, '2024-11-20 11:57:08', '2024-11-20 11:57:08', NULL, 1, 0),
(1763, 'V051024-0000429', 105, NULL, 2, NULL, NULL, 2, NULL, 344.00, 0, '2024-10-05', NULL, NULL, NULL, '3', NULL, '2024-11-20 11:57:51', '2024-11-20 11:57:51', NULL, 1, 0),
(1764, 'V051024-0000430', 372, NULL, 2, NULL, NULL, 2, NULL, 400.00, 0, '2024-10-05', NULL, NULL, NULL, '3', NULL, '2024-11-20 12:00:47', '2024-11-20 12:00:47', NULL, 1, 0),
(1765, 'V051024-0000431', 373, NULL, 2, NULL, NULL, 2, NULL, 480.00, 0, '2024-10-05', NULL, NULL, NULL, '3', NULL, '2024-11-20 12:02:44', '2024-11-20 12:02:44', NULL, 1, 0),
(1766, 'V051024-0000432', 374, NULL, 2, NULL, NULL, 2, NULL, 800.00, 0, '2024-10-05', NULL, NULL, NULL, '3', NULL, '2024-11-20 12:04:42', '2024-11-20 12:04:42', NULL, 1, 0),
(1767, 'V051024-0000433', 372, NULL, 2, NULL, NULL, 2, NULL, 640.00, 0, '2024-10-05', NULL, NULL, NULL, '3', NULL, '2024-11-20 12:05:11', '2024-11-20 12:05:11', NULL, 1, 0),
(1768, 'V051024-0000434', 375, NULL, 2, NULL, NULL, 2, NULL, 800.00, 0, '2024-10-05', NULL, NULL, NULL, '3', NULL, '2024-11-20 12:07:26', '2024-11-20 12:07:26', NULL, 1, 0),
(1769, 'V051024-0000435', 372, NULL, 2, NULL, NULL, 2, NULL, 1200.00, 0, '2024-10-05', NULL, NULL, NULL, '3', NULL, '2024-11-20 12:09:45', '2024-11-20 12:09:45', NULL, 1, 0),
(1770, 'V051024-0000436', 376, NULL, 2, NULL, NULL, 2, NULL, 800.00, 0, '2024-10-05', NULL, NULL, NULL, '3', NULL, '2024-11-20 12:11:55', '2024-11-20 12:11:55', NULL, 1, 0),
(1771, 'V121024-0000437', 372, NULL, 2, NULL, NULL, 2, NULL, 400.00, 0, '2024-10-12', NULL, NULL, NULL, '3', NULL, '2024-11-20 12:12:41', '2024-11-20 12:12:41', NULL, 1, 0),
(1772, 'V121024-0000438', 377, NULL, 2, NULL, NULL, 2, NULL, 640.00, 0, '2024-10-12', NULL, NULL, NULL, '3', NULL, '2024-11-20 12:14:13', '2024-11-20 12:14:13', NULL, 1, 0),
(1773, 'V121024-0000439', 378, NULL, 2, NULL, NULL, 2, NULL, 800.00, 0, '2024-10-12', NULL, NULL, NULL, '3', NULL, '2024-11-20 12:15:51', '2024-11-20 12:15:51', NULL, 1, 0),
(1774, 'V121024-0000440', 313, NULL, 2, NULL, NULL, 2, NULL, 800.00, 0, '2024-10-12', NULL, NULL, NULL, '3', NULL, '2024-11-20 12:16:23', '2024-11-20 12:16:23', NULL, 1, 0),
(1775, 'V121024-0000441', 372, NULL, 2, NULL, NULL, 2, NULL, 720.00, 0, '2024-10-12', NULL, NULL, NULL, '3', NULL, '2024-11-20 12:16:56', '2024-11-20 12:16:56', NULL, 1, 0),
(1776, 'V121024-0000442', 376, NULL, 2, NULL, NULL, 2, NULL, 320.00, 0, '2024-10-12', NULL, NULL, NULL, '3', NULL, '2024-11-20 12:17:23', '2024-11-20 12:17:23', NULL, 1, 0),
(1777, 'V121024-0000443', 60, NULL, 2, NULL, NULL, 2, NULL, 960.00, 0, '2024-10-12', NULL, NULL, NULL, '3', NULL, '2024-11-20 12:17:48', '2024-11-20 12:17:48', NULL, 1, 0),
(1778, 'V121024-0000444', 364, NULL, 2, NULL, NULL, 2, NULL, 1200.00, 0, '2024-10-12', NULL, NULL, NULL, '3', NULL, '2024-11-20 12:18:12', '2024-11-20 12:18:12', NULL, 1, 0),
(1779, 'V191024-0000445', 379, NULL, 2, NULL, NULL, 2, NULL, 320.00, 0, '2024-10-19', NULL, NULL, NULL, '3', NULL, '2024-11-20 12:20:50', '2024-11-20 12:20:50', NULL, 1, 0),
(1780, 'V191024-0000446', 123, NULL, 2, NULL, NULL, 2, NULL, 960.00, 0, '2024-10-19', NULL, NULL, NULL, '3', NULL, '2024-11-20 12:21:12', '2024-11-20 12:21:12', NULL, 1, 0),
(1781, 'V191024-0000447', 380, NULL, 2, NULL, NULL, 2, NULL, 528.00, 0, '2024-10-19', NULL, NULL, NULL, '3', NULL, '2024-11-20 12:22:50', '2024-11-20 12:22:50', NULL, 1, 0),
(1782, 'V191024-0000448', 297, NULL, 2, NULL, NULL, 2, NULL, 800.00, 0, '2024-10-19', NULL, NULL, NULL, '3', NULL, '2024-11-20 12:23:33', '2024-11-20 12:23:33', NULL, 1, 0),
(1783, 'V191024-0000449', 381, NULL, 2, NULL, NULL, 2, NULL, 2000.00, 0, '2024-10-19', NULL, NULL, NULL, '3', NULL, '2024-11-20 12:26:05', '2024-11-20 12:26:05', NULL, 1, 0),
(1784, 'V191024-0000450', 382, NULL, 2, NULL, NULL, 2, NULL, 560.00, 0, '2024-10-19', NULL, NULL, NULL, '3', NULL, '2024-11-20 12:27:54', '2024-11-20 12:27:54', NULL, 1, 0),
(1785, 'V191024-0000451', 373, NULL, 2, NULL, NULL, 2, NULL, 1120.00, 0, '2024-10-19', NULL, NULL, NULL, '3', NULL, '2024-11-20 12:28:43', '2024-11-20 12:28:43', NULL, 1, 0),
(1786, 'V191024-0000452', 372, NULL, 2, NULL, NULL, 2, NULL, 320.00, 0, '2024-10-19', NULL, NULL, NULL, '3', NULL, '2024-11-20 12:29:31', '2024-11-20 12:29:31', NULL, 1, 0),
(1787, 'V191024-0000453', 270, NULL, 2, NULL, NULL, 2, NULL, 400.00, 0, '2024-10-19', NULL, NULL, NULL, '3', NULL, '2024-11-20 12:30:36', '2024-11-20 12:30:36', NULL, 1, 0),
(1788, 'V261024-0000454', 105, NULL, 2, NULL, NULL, 2, NULL, 1200.00, 0, '2024-10-26', NULL, NULL, NULL, '3', NULL, '2024-11-20 12:32:11', '2024-11-20 12:32:11', NULL, 1, 0),
(1789, 'V261024-0000455', 201, NULL, 2, NULL, NULL, 2, NULL, 1200.00, 0, '2024-10-26', NULL, NULL, NULL, '3', NULL, '2024-11-20 12:32:40', '2024-11-20 12:32:40', NULL, 1, 0),
(1790, 'V261024-0000456', 383, NULL, 2, NULL, NULL, 2, NULL, 560.00, 0, '2024-10-26', NULL, NULL, NULL, '3', NULL, '2024-11-20 12:34:05', '2024-11-20 12:34:05', NULL, 1, 0),
(1791, 'V011124-0000457', 276, NULL, 2, NULL, NULL, 2, NULL, 496.00, 0, '2024-11-01', NULL, NULL, NULL, '3', NULL, '2024-11-20 12:35:08', '2024-11-20 12:35:08', NULL, 1, 0),
(1792, 'V011124-0000458', 367, NULL, 2, NULL, NULL, 2, NULL, 1360.00, 0, '2024-11-01', NULL, NULL, NULL, '3', NULL, '2024-11-20 12:35:37', '2024-11-20 12:35:37', NULL, 1, 0),
(1793, 'V081124-0000459', 384, NULL, 2, NULL, NULL, 2, NULL, 640.00, 0, '2024-11-01', NULL, '', NULL, '3', NULL, '2024-11-20 12:38:17', '2024-11-20 12:39:13', NULL, 1, 0),
(1794, 'V011124-0000460', 372, NULL, 2, NULL, NULL, 2, NULL, 800.00, 0, '2024-11-01', NULL, NULL, NULL, '3', NULL, '2024-11-20 12:41:03', '2024-11-20 12:41:03', NULL, 1, 0),
(1795, 'V011124-0000461', 385, NULL, 2, NULL, NULL, 2, NULL, 800.00, 0, '2024-11-01', NULL, NULL, NULL, '3', NULL, '2024-11-20 12:43:45', '2024-11-20 12:43:45', NULL, 1, 0),
(1796, 'V011124-0000462', 243, NULL, 2, NULL, NULL, 2, NULL, 1840.00, 0, '2024-11-01', NULL, NULL, NULL, '3', NULL, '2024-11-20 12:44:22', '2024-11-20 12:44:22', NULL, 1, 0),
(1797, 'V081124-0000463', 386, NULL, 2, NULL, NULL, 2, NULL, 320.00, 0, '2024-11-08', NULL, NULL, NULL, '3', NULL, '2024-11-20 12:46:26', '2024-11-20 12:46:26', NULL, 1, 0),
(1798, 'V081124-0000464', 364, NULL, 2, NULL, NULL, 2, NULL, 720.00, 0, '2024-11-08', NULL, NULL, NULL, '3', NULL, '2024-11-20 12:47:20', '2024-11-20 12:47:20', NULL, 1, 0),
(1799, 'V091124-0000465', 354, NULL, 2, NULL, NULL, 2, NULL, 800.00, 0, '2024-11-09', NULL, NULL, NULL, '3', NULL, '2024-11-20 12:47:55', '2024-11-20 12:47:55', NULL, 1, 0),
(1800, 'V091124-0000466', 362, NULL, 2, NULL, NULL, 2, NULL, 800.00, 0, '2024-11-09', NULL, NULL, NULL, '3', NULL, '2024-11-20 12:48:20', '2024-11-20 12:48:20', NULL, 1, 0),
(1801, 'V091124-0000467', 69, NULL, 2, NULL, NULL, 2, NULL, 800.00, 0, '2024-11-09', NULL, NULL, NULL, '3', NULL, '2024-11-20 12:48:41', '2024-11-20 12:48:41', NULL, 1, 0),
(1802, 'V091124-0000468', 387, NULL, 2, NULL, NULL, 2, NULL, 800.00, 0, '2024-11-09', NULL, NULL, NULL, '3', NULL, '2024-11-20 12:50:00', '2024-11-20 12:50:00', NULL, 1, 0),
(1803, 'V091124-0000469', 372, NULL, 2, NULL, NULL, 2, NULL, 400.00, 0, '2024-11-09', NULL, NULL, NULL, '3', NULL, '2024-11-20 12:50:26', '2024-11-20 12:50:26', NULL, 1, 0),
(1804, 'V191124-0000470', 186, NULL, 2, NULL, NULL, 2, NULL, 4600.00, 0, '2024-11-19', NULL, NULL, NULL, '3', NULL, '2024-11-20 17:20:59', '2024-11-20 17:20:59', NULL, 1, 0),
(1805, 'V191124-0000471', 309, NULL, 2, NULL, NULL, 2, NULL, 2300.00, 0, '2024-11-19', NULL, NULL, NULL, '3', NULL, '2024-11-20 17:21:52', '2024-11-20 17:21:52', NULL, 1, 0);
INSERT INTO `ventas` (`id_venta`, `folio_venta`, `id_cliente`, `id_producto`, `tipo_venta`, `tipo_envio`, `tipo_unidad`, `is_order`, `cantidad_pedido`, `total`, `descuento`, `fecha`, `hora`, `notas_venta`, `comentario_cancelacion`, `status`, `metodo_pago`, `ventas_create`, `ventas_update`, `status1`, `id_pago`, `status_envio_recibo`) VALUES
(1807, 'V191124-0000473', 328, NULL, 2, NULL, NULL, 2, NULL, 1260.00, 0, '2024-11-22', NULL, '', NULL, '3', NULL, '2024-11-25 15:48:04', '2024-11-26 10:04:22', NULL, 1, 0),
(1808, 'V201124-0000474', 346, NULL, 2, NULL, NULL, 2, NULL, 360.00, 0, '2024-11-20', NULL, NULL, NULL, '3', NULL, '2024-11-26 10:07:16', '2024-11-26 10:07:16', NULL, 1, 0),
(1809, 'V201124-0000475', 180, NULL, 2, NULL, NULL, 2, NULL, 360.00, 0, '2024-11-20', NULL, NULL, NULL, '3', NULL, '2024-11-26 10:09:10', '2024-11-26 10:09:10', NULL, 1, 0),
(1810, 'V221124-0000476', 186, NULL, 2, NULL, NULL, 2, NULL, 5750.00, 0, '2024-11-22', NULL, NULL, NULL, '3', NULL, '2024-11-26 10:11:47', '2024-11-26 10:11:47', NULL, 1, 0),
(1811, 'V221124-0000477', 359, NULL, 2, NULL, NULL, 2, NULL, 1150.00, 0, '2024-11-22', NULL, NULL, NULL, '3', NULL, '2024-11-26 10:15:44', '2024-11-26 10:15:44', NULL, 1, 0),
(1812, 'V221124-0000478', 295, NULL, 2, NULL, NULL, 2, NULL, 488.00, 0, '2024-11-22', NULL, NULL, NULL, '3', NULL, '2024-11-26 10:18:08', '2024-11-26 10:18:08', NULL, 1, 0),
(1813, 'V251124-0000479', 309, NULL, 2, NULL, NULL, 2, NULL, 3450.00, 0, '2024-11-25', NULL, NULL, NULL, '3', NULL, '2024-11-26 10:28:41', '2024-11-26 10:28:41', NULL, 1, 0),
(1814, 'V251124-0000480', 186, NULL, 2, NULL, NULL, 2, NULL, 3450.00, 0, '2024-11-25', NULL, NULL, NULL, '3', NULL, '2024-11-26 10:29:37', '2024-11-26 10:29:37', NULL, 1, 0),
(1815, 'V251124-0000481', 328, NULL, 2, NULL, NULL, 2, NULL, 1260.00, 0, '2024-11-25', NULL, '', NULL, '3', NULL, '2024-11-26 10:30:09', '2024-12-10 17:15:24', NULL, 1, 0),
(1816, 'V261124-0000482', 348, NULL, 2, NULL, NULL, 2, NULL, 240.00, 0, '2024-11-26', NULL, NULL, NULL, '3', NULL, '2024-11-26 10:30:37', '2024-11-26 10:30:37', NULL, 1, 0),
(1817, 'V301124-0000483', 327, NULL, 2, NULL, NULL, 2, NULL, 2550.00, 0, '2024-11-26', NULL, '', NULL, '3', NULL, '2024-11-30 14:03:23', '2024-12-03 11:25:40', NULL, 1, 0),
(1818, 'V291124-0000484', 186, NULL, 2, NULL, NULL, 2, NULL, 5750.00, 0, '2024-11-29', NULL, NULL, NULL, '3', NULL, '2024-12-03 11:28:27', '2024-12-03 11:28:27', NULL, 1, 0),
(1819, 'V291124-0000485', 359, NULL, 2, NULL, NULL, 2, NULL, 2300.00, 0, '2024-11-29', NULL, NULL, NULL, '3', NULL, '2024-12-03 11:31:26', '2024-12-03 11:31:26', NULL, 1, 0),
(1820, 'V291124-0000486', 71, NULL, 2, NULL, NULL, 2, NULL, 560.00, 0, '2024-11-29', NULL, NULL, NULL, '3', NULL, '2024-12-04 10:30:43', '2024-12-04 10:30:43', NULL, 1, 0),
(1821, 'V021224-0000487', 186, NULL, 2, NULL, NULL, 2, NULL, 5750.00, 0, '2024-12-02', NULL, NULL, NULL, '3', NULL, '2024-12-04 18:28:25', '2024-12-04 18:28:25', NULL, 1, 0),
(1822, 'V021224-0000488', 309, NULL, 2, NULL, NULL, 2, NULL, 3450.00, 0, '2024-12-02', NULL, NULL, NULL, '3', NULL, '2024-12-04 18:29:30', '2024-12-04 18:29:30', NULL, 1, 0),
(1823, 'V021224-0000489', 348, NULL, 2, NULL, NULL, 2, NULL, 360.00, 0, '2024-12-02', NULL, NULL, NULL, '3', NULL, '2024-12-04 18:30:08', '2024-12-04 18:30:08', NULL, 1, 0),
(1824, 'V091224-0000490', 388, NULL, 2, NULL, NULL, 2, NULL, 840.00, 0, '2024-12-09', NULL, NULL, NULL, '3', NULL, '2024-12-09 11:15:32', '2024-12-09 11:15:32', NULL, 1, 0),
(1825, 'V021224-0000491', 326, NULL, 2, NULL, NULL, 2, NULL, 2400.00, 0, '2024-12-02', NULL, NULL, NULL, '3', NULL, '2024-12-10 17:24:56', '2024-12-10 17:24:56', NULL, 1, 0),
(1826, 'V031224-0000492', 311, NULL, 2, NULL, NULL, 2, NULL, 2400.00, 0, '2024-12-03', NULL, NULL, NULL, '3', NULL, '2024-12-10 17:25:50', '2024-12-10 17:25:50', NULL, 1, 0),
(1827, 'V061224-0000493', 328, NULL, 2, NULL, NULL, 2, NULL, 1260.00, 0, '2024-12-06', NULL, NULL, NULL, '3', NULL, '2024-12-10 17:27:16', '2024-12-10 17:27:16', NULL, 1, 0),
(1828, 'V061224-0000494', 355, NULL, 2, NULL, NULL, 2, NULL, 2300.00, 0, '2024-12-06', NULL, NULL, NULL, '3', NULL, '2024-12-10 17:41:17', '2024-12-10 17:41:17', NULL, 1, 0),
(1829, 'V021224-0000495', 295, NULL, 2, NULL, NULL, 2, NULL, 364.00, 0, '2024-12-02', NULL, NULL, NULL, '3', NULL, '2024-12-10 18:04:48', '2024-12-10 18:04:48', NULL, 1, 0),
(1830, 'V091224-0000496', 186, NULL, 2, NULL, NULL, 2, NULL, 4600.00, 0, '2024-12-09', NULL, NULL, NULL, '3', NULL, '2024-12-10 18:05:44', '2024-12-10 18:12:17', NULL, 1, 0),
(1831, 'V091224-0000497', 309, NULL, 2, NULL, NULL, 2, NULL, 3450.00, 0, '2024-12-09', NULL, NULL, NULL, '3', NULL, '2024-12-10 18:06:24', '2024-12-10 18:06:24', NULL, 1, 0),
(1832, 'V091224-0000498', 343, NULL, 2, NULL, NULL, 2, NULL, 1150.00, 0, '2024-12-09', NULL, NULL, NULL, '3', NULL, '2024-12-10 18:06:51', '2024-12-10 18:06:51', NULL, 1, 0),
(1833, 'V091224-0000499', 328, NULL, 2, NULL, NULL, 2, NULL, 1260.00, 0, '2024-12-09', NULL, NULL, NULL, '3', NULL, '2024-12-10 18:07:27', '2024-12-10 18:07:27', NULL, 1, 0),
(1834, 'V061224-0000500', 353, NULL, 2, NULL, NULL, 2, NULL, 2000.00, 0, '2024-12-06', NULL, NULL, NULL, '3', NULL, '2024-12-10 18:09:08', '2024-12-10 18:09:08', NULL, 1, 0),
(1835, 'V061224-0000501', 71, NULL, 2, NULL, NULL, 2, NULL, 560.00, 0, '2024-12-06', NULL, NULL, NULL, '3', NULL, '2024-12-10 18:09:35', '2024-12-10 18:09:35', NULL, 1, 0),
(1836, 'V091224-0000502', 303, NULL, 2, NULL, NULL, 2, NULL, 1150.00, 0, '2024-12-09', NULL, NULL, NULL, '3', NULL, '2024-12-10 18:14:19', '2024-12-10 18:14:19', NULL, 1, 0),
(1837, 'V161224-0000503', 389, NULL, 2, NULL, NULL, 2, NULL, 1200.00, 0, '2024-12-13', NULL, '', NULL, '3', NULL, '2024-12-16 14:42:22', '2024-12-19 17:44:59', NULL, 1, 0),
(1838, 'V131224-0000504', 328, NULL, 2, NULL, NULL, 2, NULL, 1260.00, 0, '2024-12-13', NULL, NULL, NULL, '3', NULL, '2024-12-16 18:16:48', '2024-12-16 18:16:48', NULL, 1, 0),
(1839, 'V131224-0000505', 186, NULL, 2, NULL, NULL, 2, NULL, 5750.00, 0, '2024-12-13', NULL, NULL, NULL, '3', NULL, '2024-12-16 18:17:36', '2024-12-16 18:17:36', NULL, 1, 0),
(1840, 'V131224-0000506', 343, NULL, 2, NULL, NULL, 2, NULL, 1150.00, 0, '2024-12-13', NULL, NULL, NULL, '3', NULL, '2024-12-16 18:17:57', '2024-12-16 18:17:57', NULL, 1, 0),
(1841, 'V131224-0000507', 389, NULL, 2, NULL, NULL, 2, NULL, 1200.00, 0, '2024-12-13', NULL, NULL, NULL, '3', NULL, '2024-12-16 18:18:18', '2024-12-16 18:18:18', NULL, 1, 0),
(1842, 'V131224-0000508', 327, NULL, 2, NULL, NULL, 2, NULL, 1950.00, 0, '2024-12-13', NULL, NULL, NULL, '3', NULL, '2024-12-16 18:20:17', '2024-12-16 18:20:17', NULL, 1, 0),
(1843, 'V131224-0000509', 360, NULL, 2, NULL, NULL, 2, NULL, 1150.00, 0, '2024-12-13', NULL, '', NULL, '3', NULL, '2024-12-16 18:20:38', '2024-12-19 18:22:57', NULL, 1, 0),
(1844, 'V161224-0000510', 295, NULL, 2, NULL, NULL, 2, NULL, 360.00, 0, '2024-12-16', NULL, NULL, NULL, '3', NULL, '2024-12-19 13:01:36', '2024-12-19 13:01:36', NULL, 1, 0),
(1845, 'V161224-0000511', 186, NULL, 2, NULL, NULL, 2, NULL, 3450.00, 0, '2024-12-16', NULL, NULL, NULL, '3', NULL, '2024-12-19 13:02:43', '2024-12-19 13:02:43', NULL, 1, 0),
(1846, 'V171224-0000512', 160, NULL, 2, NULL, NULL, 2, NULL, 360.00, 0, '2024-12-17', NULL, NULL, NULL, '3', NULL, '2024-12-19 13:04:55', '2024-12-19 13:04:55', NULL, 1, 0),
(1847, 'V201224-0000513', 186, NULL, 2, NULL, NULL, 2, NULL, 6900.00, 0, '2024-12-20', NULL, NULL, NULL, '3', NULL, '2024-12-30 09:41:25', '2024-12-30 09:41:25', NULL, 1, 0),
(1848, 'V201224-0000514', 309, NULL, 2, NULL, NULL, 2, NULL, 2300.00, 0, '2024-12-20', NULL, NULL, NULL, '3', NULL, '2024-12-30 09:41:59', '2024-12-30 09:41:59', NULL, 1, 0),
(1849, 'V201224-0000515', 303, NULL, 2, NULL, NULL, 2, NULL, 4600.00, 0, '2024-12-20', NULL, NULL, NULL, '3', NULL, '2024-12-30 09:42:35', '2024-12-30 09:42:35', NULL, 1, 0),
(1850, 'V201224-0000516', 328, NULL, 2, NULL, NULL, 2, NULL, 1260.00, 0, '2024-12-20', NULL, NULL, NULL, '3', NULL, '2024-12-30 09:43:01', '2024-12-30 09:43:01', NULL, 1, 0),
(1851, 'V201224-0000517', 389, NULL, 2, NULL, NULL, 2, NULL, 1200.00, 0, '2024-12-20', NULL, NULL, NULL, '3', NULL, '2024-12-30 09:43:29', '2024-12-30 09:43:29', NULL, 1, 0),
(1852, 'V201224-0000518', 343, NULL, 2, NULL, NULL, 2, NULL, 1150.00, 0, '2024-12-20', NULL, NULL, NULL, '3', NULL, '2024-12-30 09:43:49', '2024-12-30 09:43:49', NULL, 1, 0),
(1853, 'V301224-0000519', 303, NULL, 2, NULL, NULL, 2, NULL, 5750.00, 0, '2024-12-30', NULL, NULL, NULL, '3', NULL, '2025-01-03 17:38:15', '2025-01-03 17:38:15', NULL, 1, 0),
(1854, 'V301224-0000520', 186, NULL, 2, NULL, NULL, 2, NULL, 4600.00, 0, '2024-12-30', NULL, NULL, NULL, '3', NULL, '2025-01-03 17:42:49', '2025-01-03 17:42:49', NULL, 1, 0),
(1855, 'V301224-0000521', 309, NULL, 2, NULL, NULL, 2, NULL, 2300.00, 0, '2024-12-30', NULL, NULL, NULL, '3', NULL, '2025-01-03 17:44:43', '2025-01-03 17:44:43', NULL, 1, 0),
(1856, 'V301224-0000522', 328, NULL, 2, NULL, NULL, 2, NULL, 1260.00, 0, '2024-12-30', NULL, NULL, NULL, '3', NULL, '2025-01-03 17:45:12', '2025-01-03 17:45:12', NULL, 1, 0),
(1857, 'V301224-0000523', 359, NULL, 2, NULL, NULL, 2, NULL, 1150.00, 0, '2024-12-30', NULL, NULL, NULL, '3', NULL, '2025-01-03 17:54:15', '2025-01-03 17:54:15', NULL, 1, 0),
(1858, 'V301224-0000524', 388, NULL, 2, NULL, NULL, 2, NULL, 1200.00, 0, '2024-12-30', NULL, NULL, NULL, '3', NULL, '2025-01-03 17:58:27', '2025-01-03 17:58:27', NULL, 1, 0),
(1859, 'V030125-0000525', 303, NULL, 2, NULL, NULL, 2, NULL, 3450.00, 0, '2025-01-03', NULL, NULL, NULL, '3', NULL, '2025-01-08 11:25:16', '2025-01-08 11:25:16', NULL, 1, 0),
(1860, 'V030125-0000526', 309, NULL, 2, NULL, NULL, 2, NULL, 3450.00, 0, '2025-01-03', NULL, NULL, NULL, '3', NULL, '2025-01-08 11:26:24', '2025-01-08 11:26:24', NULL, 1, 0),
(1861, 'V301224-0000527', 295, NULL, 2, NULL, NULL, 2, NULL, 160.00, 0, '2024-12-30', NULL, NULL, NULL, '3', NULL, '2025-01-08 11:37:27', '2025-01-08 11:37:27', NULL, 1, 0),
(1862, 'V060125-0000528', 186, NULL, 2, NULL, NULL, 2, NULL, 4800.00, 0, '2025-01-06', NULL, NULL, NULL, '3', NULL, '2025-01-14 10:15:56', '2025-01-14 10:15:56', NULL, 1, 0),
(1863, 'V060125-0000529', 309, NULL, 2, NULL, NULL, 2, NULL, 2400.00, 0, '2025-01-06', NULL, NULL, NULL, '3', NULL, '2025-01-14 10:16:52', '2025-01-14 10:16:52', NULL, 1, 0),
(1864, 'V060125-0000530', 328, NULL, 2, NULL, NULL, 2, NULL, 1260.00, 0, '2025-01-06', NULL, NULL, NULL, '3', NULL, '2025-01-14 10:17:18', '2025-01-14 10:17:18', NULL, 1, 0),
(1865, 'V060125-0000531', 388, NULL, 2, NULL, NULL, 2, NULL, 810.00, 0, '2025-01-06', NULL, NULL, NULL, '3', NULL, '2025-01-14 10:31:31', '2025-01-14 10:31:31', NULL, 1, 0),
(1866, 'V060125-0000532', 346, NULL, 2, NULL, NULL, 2, NULL, 405.00, 0, '2025-01-06', NULL, NULL, NULL, '3', NULL, '2025-01-14 10:32:19', '2025-01-14 10:32:19', NULL, 1, 0),
(1867, 'V060125-0000533', 334, NULL, 2, NULL, NULL, 2, NULL, 405.00, 0, '2025-01-06', NULL, NULL, NULL, '3', NULL, '2025-01-14 10:34:09', '2025-01-14 10:34:09', NULL, 1, 0),
(1868, 'V060125-0000534', 303, NULL, 2, NULL, NULL, 2, NULL, 3600.00, 0, '2025-01-06', NULL, NULL, NULL, '3', NULL, '2025-01-14 10:35:21', '2025-01-14 10:35:21', NULL, 1, 0),
(1869, 'V070125-0000535', 309, NULL, 2, NULL, NULL, 2, NULL, 1200.00, 0, '2025-01-07', NULL, NULL, NULL, '3', NULL, '2025-01-14 10:36:05', '2025-01-14 10:36:05', NULL, 1, 0),
(1870, 'V070125-0000536', 343, NULL, 2, NULL, NULL, 2, NULL, 600.00, 0, '2025-01-07', NULL, NULL, NULL, '3', NULL, '2025-01-14 10:36:37', '2025-01-14 10:36:37', NULL, 1, 0),
(1871, 'V100125-0000537', 328, NULL, 2, NULL, NULL, 2, NULL, 1260.00, 0, '2025-01-10', NULL, NULL, NULL, '3', NULL, '2025-01-14 10:38:59', '2025-01-14 10:38:59', NULL, 1, 0),
(1872, 'V100125-0000538', 303, NULL, 2, NULL, NULL, 2, NULL, 6000.00, 0, '2025-01-10', NULL, NULL, NULL, '3', NULL, '2025-01-14 10:40:34', '2025-01-14 10:40:34', NULL, 1, 0),
(1873, 'V060125-0000539', 295, NULL, 2, NULL, NULL, 2, NULL, 414.00, 0, '2025-01-06', NULL, NULL, NULL, '3', NULL, '2025-01-14 10:42:54', '2025-01-14 10:42:54', NULL, 1, 0),
(1874, 'V130125-0000540', 186, NULL, 2, NULL, NULL, 2, NULL, 4800.00, 0, '2025-01-13', NULL, NULL, NULL, '3', NULL, '2025-01-14 12:59:22', '2025-01-14 12:59:22', NULL, 1, 0),
(1875, 'V130125-0000541', 328, NULL, 2, NULL, NULL, 2, NULL, 1260.00, 0, '2025-01-13', NULL, NULL, NULL, '3', NULL, '2025-01-14 12:59:42', '2025-01-14 12:59:42', NULL, 1, 0),
(1876, 'V130125-0000542', 309, NULL, 2, NULL, NULL, 2, NULL, 1200.00, 0, '2025-01-13', NULL, NULL, NULL, '3', NULL, '2025-01-14 13:01:09', '2025-01-14 13:01:09', NULL, 1, 0),
(1877, 'V130125-0000543', 389, NULL, 2, NULL, NULL, 2, NULL, 1200.00, 0, '2025-01-13', NULL, NULL, NULL, '3', NULL, '2025-01-14 13:01:42', '2025-01-14 13:01:42', NULL, 1, 0),
(1878, 'V130125-0000544', 343, NULL, 2, NULL, NULL, 2, NULL, 1200.00, 0, '2025-01-13', NULL, NULL, NULL, '3', NULL, '2025-01-14 13:02:00', '2025-01-14 13:02:00', NULL, 1, 0),
(1879, 'V140125-0000545', 388, NULL, 2, NULL, NULL, 2, NULL, 810.00, 0, '2025-01-14', NULL, NULL, NULL, '3', NULL, '2025-01-14 13:03:02', '2025-01-14 13:03:02', NULL, 1, 0),
(1880, 'V140125-0000546', 390, NULL, 2, NULL, NULL, 2, NULL, 405.00, 0, '2025-01-14', NULL, NULL, NULL, '3', NULL, '2025-01-14 13:06:14', '2025-01-14 13:06:14', NULL, 1, 0),
(1881, 'V140125-0000547', 295, NULL, 2, NULL, NULL, 2, NULL, 160.00, 0, '2025-01-14', NULL, NULL, NULL, '3', NULL, '2025-01-17 17:36:25', '2025-01-17 17:36:25', NULL, 1, 0),
(1882, 'V170125-0000548', 359, NULL, 2, NULL, NULL, 2, NULL, 4800.00, 0, '2025-01-17', NULL, NULL, NULL, '3', NULL, '2025-01-17 17:37:32', '2025-01-17 17:37:32', NULL, 1, 0),
(1883, 'V170125-0000549', 346, NULL, 2, NULL, NULL, 2, NULL, 540.00, 0, '2025-01-17', NULL, '', NULL, '3', NULL, '2025-01-17 17:39:19', '2025-01-21 12:26:16', NULL, 1, 0),
(1884, 'V170125-0000550', 206, NULL, 2, NULL, NULL, 2, NULL, 810.00, 0, '2025-01-17', NULL, NULL, NULL, '3', NULL, '2025-01-17 17:40:16', '2025-01-17 17:40:16', NULL, 1, 0),
(1885, 'V170125-0000551', 360, NULL, 2, NULL, NULL, 2, NULL, 405.00, 0, '2025-01-17', NULL, NULL, NULL, '3', NULL, '2025-01-17 17:41:14', '2025-01-17 17:41:14', NULL, 1, 0),
(1886, 'V170125-0000552', 343, NULL, 2, NULL, NULL, 2, NULL, 270.00, 0, '2025-01-17', NULL, NULL, NULL, '3', NULL, '2025-01-17 17:41:58', '2025-01-17 17:41:58', NULL, 1, 0),
(1887, 'V200125-0000553', 309, NULL, 2, NULL, NULL, 2, NULL, 2400.00, 0, '2025-01-20', NULL, NULL, NULL, '3', NULL, '2025-01-21 12:42:53', '2025-01-21 12:42:53', NULL, 1, 0),
(1888, 'V200125-0000554', 328, NULL, 2, NULL, NULL, 2, NULL, 2520.00, 0, '2025-01-20', NULL, '', NULL, '3', NULL, '2025-01-21 12:43:18', '2025-01-21 12:43:38', NULL, 1, 0),
(1889, 'V200125-0000555', 186, NULL, 2, NULL, NULL, 2, NULL, 2400.00, 0, '2025-01-20', NULL, NULL, NULL, '3', NULL, '2025-01-21 12:44:22', '2025-01-21 12:44:22', NULL, 1, 0),
(1890, 'V200125-0000556', 388, NULL, 2, NULL, NULL, 2, NULL, 945.00, 0, '2025-01-20', NULL, NULL, NULL, '3', NULL, '2025-01-21 12:55:18', '2025-01-21 12:55:18', NULL, 1, 0),
(1891, 'V210125-0000557', 392, NULL, 2, NULL, NULL, 2, NULL, 270.00, 0, '2025-01-21', NULL, NULL, NULL, '3', NULL, '2025-01-21 13:03:05', '2025-01-21 13:03:05', NULL, 1, 0),
(1892, 'V210125-0000558', 391, NULL, 2, NULL, NULL, 2, NULL, 405.00, 0, '2025-01-21', NULL, NULL, NULL, '3', NULL, '2025-01-21 13:03:43', '2025-01-21 13:03:43', NULL, 1, 0),
(1893, 'V200125-0000559', 343, NULL, 2, NULL, NULL, 2, NULL, 1200.00, 0, '2025-01-20', NULL, NULL, NULL, '3', NULL, '2025-01-21 13:04:08', '2025-01-21 13:04:08', NULL, 1, 0),
(1894, 'V220125-0000560', 295, NULL, 2, NULL, NULL, 2, NULL, 504.00, 0, '2025-01-22', NULL, NULL, NULL, '3', NULL, '2025-01-23 12:31:58', '2025-01-23 12:31:58', NULL, 1, 0),
(1895, 'V200125-0000561', 168, NULL, 2, NULL, NULL, 2, NULL, 270.00, 0, '2025-01-20', NULL, NULL, NULL, '3', NULL, '2025-01-23 12:33:16', '2025-01-23 12:33:16', NULL, 1, 0),
(1896, 'V220125-0000562', 338, NULL, 2, NULL, NULL, 2, NULL, 162.00, 0, '2025-01-22', NULL, NULL, NULL, '3', NULL, '2025-01-23 12:33:55', '2025-01-23 12:33:55', NULL, 1, 0),
(1897, 'V051224-0000563', 375, NULL, 2, NULL, NULL, 2, NULL, 23997.00, 0, '2024-12-05', NULL, NULL, NULL, '3', NULL, '2025-01-23 12:43:04', '2025-01-28 15:13:44', NULL, 1, 0),
(1898, 'V240125-0000564', 303, NULL, 2, NULL, NULL, 2, NULL, 2400.00, 0, '2025-01-24', NULL, NULL, NULL, '3', NULL, '2025-01-27 16:16:34', '2025-01-27 16:16:34', NULL, 1, 0),
(1899, 'V240125-0000565', 185, NULL, 2, NULL, NULL, 2, NULL, 2400.00, 0, '2025-01-24', NULL, NULL, NULL, '3', NULL, '2025-01-27 16:38:20', '2025-01-27 16:38:20', NULL, 1, 0),
(1900, 'V270125-0000566', 185, NULL, 2, NULL, NULL, 2, NULL, 2400.00, 0, '2025-01-27', NULL, NULL, NULL, '3', NULL, '2025-01-27 16:59:51', '2025-01-27 16:59:51', NULL, 1, 0),
(1901, 'V270125-0000567', 309, NULL, 2, NULL, NULL, 2, NULL, 1200.00, 0, '2025-01-27', NULL, NULL, NULL, '3', NULL, '2025-01-27 17:00:30', '2025-01-27 17:00:30', NULL, 1, 0),
(1902, 'V270125-0000568', 328, NULL, 2, NULL, NULL, 2, NULL, 2520.00, 0, '2025-01-27', NULL, NULL, NULL, '3', NULL, '2025-01-27 17:01:16', '2025-01-27 17:01:16', NULL, 1, 0),
(1903, 'V270125-0000569', 343, NULL, 2, NULL, NULL, 2, NULL, 1200.00, 0, '2025-01-27', NULL, NULL, NULL, '3', NULL, '2025-01-27 17:01:47', '2025-01-27 17:01:47', NULL, 1, 0),
(1904, 'V240125-0000570', 353, NULL, 2, NULL, NULL, 2, NULL, 2000.00, 0, '2025-01-24', NULL, NULL, NULL, '3', NULL, '2025-01-29 11:10:50', '2025-01-29 11:10:50', NULL, 1, 0),
(1905, 'V240125-0000571', 71, NULL, 2, NULL, NULL, 2, NULL, 560.00, 0, '2025-01-24', NULL, NULL, NULL, '3', NULL, '2025-01-29 11:11:27', '2025-01-29 11:11:27', NULL, 1, 0),
(1906, 'V290125-0000572', 334, NULL, 2, NULL, NULL, 2, NULL, 405.00, 0, '2025-01-29', NULL, NULL, NULL, '3', NULL, '2025-01-30 16:01:19', '2025-01-30 16:01:19', NULL, 1, 0),
(1907, 'V290125-0000573', 360, NULL, 2, NULL, NULL, 2, NULL, 405.00, 0, '2025-01-29', NULL, NULL, NULL, '3', NULL, '2025-01-30 16:02:01', '2025-01-30 16:02:01', NULL, 1, 0),
(1908, 'V290125-0000574', 390, NULL, 2, NULL, NULL, 2, NULL, 405.00, 0, '2025-01-29', NULL, NULL, NULL, '3', NULL, '2025-01-30 16:03:57', '2025-01-30 16:03:57', NULL, 1, 0),
(1909, 'V290125-0000575', 343, NULL, 2, NULL, NULL, 2, NULL, 405.00, 0, '2025-01-29', NULL, NULL, NULL, '3', NULL, '2025-01-30 16:04:29', '2025-01-30 16:04:29', NULL, 1, 0),
(1910, 'V310125-0000576', 309, NULL, 2, NULL, NULL, 2, NULL, 3600.00, 0, '2025-01-31', NULL, NULL, NULL, '3', NULL, '2025-02-05 11:30:50', '2025-02-05 11:30:50', NULL, 1, 0),
(1911, 'V310125-0000577', 71, NULL, 2, NULL, NULL, 2, NULL, 560.00, 0, '2025-01-31', NULL, NULL, NULL, '3', NULL, '2025-02-05 12:46:50', '2025-02-05 12:46:50', NULL, 1, 0),
(1912, 'V050225-0000578', 389, NULL, 2, NULL, NULL, 2, NULL, 1200.00, 0, '2025-02-05', NULL, NULL, NULL, '3', NULL, '2025-02-05 13:19:28', '2025-02-05 13:19:28', NULL, 1, 0),
(1913, 'V100225-0000579', 388, NULL, 2, NULL, NULL, 2, NULL, 675.00, 0, '2025-02-10', NULL, NULL, NULL, '3', NULL, '2025-02-10 11:40:24', '2025-02-10 17:40:50', NULL, 1, 1),
(1914, 'V030225-0000580', 185, NULL, 2, NULL, NULL, 2, NULL, 2400.00, 0, '2025-02-03', NULL, NULL, NULL, '3', NULL, '2025-02-10 17:21:43', '2025-02-10 17:21:43', NULL, 1, 0),
(1915, 'V040225-0000581', 309, NULL, 2, NULL, NULL, 2, NULL, 3600.00, 0, '2025-02-04', NULL, '', NULL, '3', NULL, '2025-02-10 17:22:32', '2025-02-10 17:22:59', NULL, 1, 0),
(1916, 'V030225-0000582', 328, NULL, 2, NULL, NULL, 2, NULL, 2400.00, 0, '2025-02-03', NULL, NULL, NULL, '3', NULL, '2025-02-10 17:23:33', '2025-02-10 17:23:33', NULL, 1, 0),
(1917, 'V040225-0000583', 388, NULL, 2, NULL, NULL, 2, NULL, 945.00, 0, '2025-02-04', NULL, NULL, NULL, '3', NULL, '2025-02-10 17:26:03', '2025-02-10 17:26:03', NULL, 1, 0),
(1918, 'V050225-0000584', 160, NULL, 2, NULL, NULL, 2, NULL, 270.00, 0, '2025-02-05', NULL, NULL, NULL, '3', NULL, '2025-02-10 17:26:53', '2025-02-10 17:26:53', NULL, 1, 0),
(1919, 'V070225-0000585', 392, NULL, 2, NULL, NULL, 2, NULL, 405.00, 0, '2025-02-07', NULL, NULL, NULL, '3', NULL, '2025-02-10 17:29:58', '2025-02-10 17:29:58', NULL, 1, 0),
(1920, 'V070225-0000586', 309, NULL, 2, NULL, NULL, 2, NULL, 2400.00, 0, '2025-02-07', NULL, NULL, NULL, '3', NULL, '2025-02-10 17:30:29', '2025-02-10 17:30:29', NULL, 1, 0),
(1921, 'V070225-0000587', 295, NULL, 2, NULL, NULL, 2, NULL, 414.00, 0, '2025-02-07', NULL, NULL, NULL, '3', NULL, '2025-02-14 23:36:59', '2025-02-14 23:36:59', NULL, 1, 0),
(1922, 'V170225-0000588', 388, NULL, 2, NULL, NULL, 2, NULL, 945.00, 0, '2025-02-17', NULL, NULL, NULL, '3', NULL, '2025-02-17 15:02:39', '2025-02-17 21:09:35', NULL, 1, 1),
(1923, 'V180225-0000589', 389, NULL, 2, NULL, NULL, 2, NULL, 1200.00, 0, '2025-02-18', NULL, NULL, NULL, '3', NULL, '2025-02-18 14:25:30', '2025-02-18 14:25:30', NULL, 1, 0),
(1924, 'V100225-0000590', 309, NULL, 2, NULL, NULL, 2, NULL, 2400.00, 0, '2025-02-10', NULL, NULL, NULL, '3', NULL, '2025-02-18 17:21:42', '2025-02-18 17:21:42', NULL, 1, 0),
(1925, 'V100225-0000591', 328, NULL, 2, NULL, NULL, 2, NULL, 1260.00, 0, '2025-02-10', NULL, NULL, NULL, '3', NULL, '2025-02-18 17:22:07', '2025-02-18 17:22:07', NULL, 1, 0),
(1926, 'V120225-0000592', 393, NULL, 2, NULL, NULL, 2, NULL, 3600.00, 0, '2025-02-12', NULL, NULL, NULL, '3', NULL, '2025-02-18 17:26:23', '2025-02-18 17:26:23', NULL, 1, 0),
(1927, 'V130225-0000593', 343, NULL, 2, NULL, NULL, 2, NULL, 1200.00, 0, '2025-02-13', NULL, NULL, NULL, '3', NULL, '2025-02-18 17:27:13', '2025-02-18 17:27:13', NULL, 1, 0),
(1928, 'V140225-0000594', 186, NULL, 2, NULL, NULL, 2, NULL, 2400.00, 0, '2025-02-14', NULL, NULL, NULL, '3', NULL, '2025-02-18 17:40:20', '2025-02-18 17:43:56', NULL, 1, 0),
(1929, 'V140225-0000595', 206, NULL, 2, NULL, NULL, 2, NULL, 945.00, 0, '2025-02-14', NULL, NULL, NULL, '3', NULL, '2025-02-18 17:45:53', '2025-02-18 17:45:53', NULL, 1, 0),
(1930, 'V170225-0000596', 309, NULL, 2, NULL, NULL, 2, NULL, 2400.00, 0, '2025-02-17', NULL, NULL, NULL, '3', NULL, '2025-02-18 17:50:48', '2025-02-18 17:50:48', NULL, 1, 0),
(1931, 'V170225-0000597', 186, NULL, 2, NULL, NULL, 2, NULL, 2400.00, 0, '2025-02-17', NULL, NULL, NULL, '3', NULL, '2025-02-18 17:51:15', '2025-02-18 17:51:15', NULL, 1, 0),
(1932, 'V170225-0000598', 343, NULL, 2, NULL, NULL, 2, NULL, 1200.00, 0, '2025-02-17', NULL, NULL, NULL, '3', NULL, '2025-02-18 17:52:12', '2025-02-18 17:52:12', NULL, 1, 0),
(1933, 'V170225-0000599', 328, NULL, 2, NULL, NULL, 2, NULL, 2520.00, 0, '2025-02-17', NULL, NULL, NULL, '3', NULL, '2025-02-18 17:53:14', '2025-02-18 17:53:14', NULL, 1, 0),
(1934, 'V140225-0000600', 394, NULL, 2, NULL, NULL, 2, NULL, 8000.00, 0, '2025-02-14', NULL, NULL, NULL, '3', NULL, '2025-02-19 09:32:33', '2025-02-19 09:32:33', NULL, 1, 0),
(1935, 'V140225-0000601', 353, NULL, 2, NULL, NULL, 2, NULL, 800.00, 0, '2025-02-14', NULL, NULL, NULL, '3', NULL, '2025-02-19 10:06:10', '2025-02-19 10:06:10', NULL, 1, 0),
(1936, 'V190225-0000602', 309, NULL, 2, NULL, NULL, 2, NULL, 1200.00, 0, '2025-02-19', NULL, NULL, NULL, '3', NULL, '2025-02-19 17:40:54', '2025-02-19 17:40:54', NULL, 1, 0),
(1937, 'V240225-0000603', 388, NULL, 2, NULL, NULL, 2, NULL, 1080.00, 0, '2025-02-24', NULL, NULL, NULL, '3', NULL, '2025-02-24 09:29:33', '2025-02-24 17:52:45', NULL, 1, 1),
(1938, 'V240225-0000604', 309, NULL, 2, NULL, NULL, 2, NULL, 3600.00, 0, '2025-02-24', NULL, NULL, NULL, '3', NULL, '2025-02-24 09:42:57', '2025-02-24 09:42:57', NULL, 1, 0),
(1939, 'V240225-0000605', 328, NULL, 2, NULL, NULL, 2, NULL, 2520.00, 0, '2025-02-24', NULL, NULL, NULL, '3', NULL, '2025-02-24 09:44:06', '2025-02-24 09:44:06', NULL, 1, 0),
(1940, 'V240225-0000606', 343, NULL, 2, NULL, NULL, 2, NULL, 1200.00, 0, '2025-02-24', NULL, NULL, NULL, '3', NULL, '2025-02-25 12:34:44', '2025-02-25 12:34:44', NULL, 1, 0),
(1941, 'V180225-0000607', 168, NULL, 2, NULL, NULL, 2, NULL, 270.00, 0, '2025-02-18', NULL, NULL, NULL, '3', NULL, '2025-02-25 15:48:37', '2025-02-25 15:48:37', NULL, 1, 0),
(1942, 'V190225-0000608', 360, NULL, 2, NULL, NULL, 2, NULL, 405.00, 0, '2025-02-19', NULL, NULL, NULL, '3', NULL, '2025-02-25 16:05:03', '2025-02-25 16:05:03', NULL, 1, 0),
(1943, 'V190225-0000609', 346, NULL, 2, NULL, NULL, 2, NULL, 270.00, 0, '2025-02-19', NULL, NULL, NULL, '3', NULL, '2025-02-25 16:12:31', '2025-02-25 16:12:31', NULL, 1, 0),
(1944, 'V250225-0000610', 395, NULL, 2, NULL, NULL, 2, NULL, 36245.00, 0, '2025-02-25', NULL, NULL, NULL, '3', NULL, '2025-02-25 16:33:40', '2025-02-25 16:35:44', NULL, 1, 0),
(1945, 'V260225-0000611', 393, NULL, 2, NULL, NULL, 2, NULL, 3600.00, 0, '2025-02-26', NULL, NULL, NULL, '3', NULL, '2025-02-25 17:10:01', '2025-02-25 17:10:01', NULL, 1, 0),
(1946, 'V260225-0000612', 389, NULL, 2, NULL, NULL, 2, NULL, 1200.00, 0, '2025-02-26', NULL, NULL, NULL, '3', NULL, '2025-02-25 17:13:09', '2025-02-25 17:13:09', NULL, 1, 0),
(1947, 'V250225-0000613', 390, NULL, 2, NULL, NULL, 2, NULL, 540.00, 0, '2025-02-25', NULL, NULL, NULL, '3', NULL, '2025-02-25 17:15:26', '2025-02-25 17:15:26', NULL, 1, 0),
(1948, 'V280225-0000614', 343, NULL, 2, NULL, NULL, 2, NULL, 1200.00, 0, '2025-02-28', NULL, NULL, NULL, '3', NULL, '2025-02-28 19:04:34', '2025-02-28 19:04:34', NULL, 1, 0),
(1949, 'V270225-0000615', 393, NULL, 2, NULL, NULL, 2, NULL, 1200.00, 0, '2025-02-27', NULL, NULL, NULL, '3', NULL, '2025-02-28 19:05:02', '2025-02-28 19:05:02', NULL, 1, 0),
(1950, 'V280225-0000616', 186, NULL, 2, NULL, NULL, 2, NULL, 2400.00, 0, '2025-02-28', NULL, NULL, NULL, '3', NULL, '2025-02-28 19:05:33', '2025-02-28 19:05:33', NULL, 1, 0),
(1951, 'V280225-0000617', 394, NULL, 2, NULL, NULL, 2, NULL, 8000.00, 0, '2025-02-28', NULL, NULL, NULL, '3', NULL, '2025-02-28 19:14:19', '2025-02-28 19:14:19', NULL, 1, 0),
(1952, 'V280225-0000618', 71, NULL, 2, NULL, NULL, 2, NULL, 1200.00, 0, '2025-02-28', NULL, NULL, NULL, '3', NULL, '2025-02-28 19:14:48', '2025-02-28 19:14:48', NULL, 1, 0),
(1953, 'V280225-0000619', 353, NULL, 2, NULL, NULL, 2, NULL, 800.00, 0, '2025-02-28', NULL, NULL, NULL, '3', NULL, '2025-02-28 19:15:09', '2025-02-28 19:15:09', NULL, 1, 0),
(1954, 'V040325-0000620', 388, NULL, 2, NULL, NULL, 2, NULL, 1215.00, 0, '2025-03-04', NULL, NULL, NULL, '3', NULL, '2025-03-04 11:05:48', '2025-03-04 17:07:10', NULL, 1, 1),
(1955, 'V040325-0000621', 389, NULL, 2, NULL, NULL, 2, NULL, 1200.00, 0, '2025-03-04', NULL, NULL, NULL, '3', NULL, '2025-03-04 16:17:36', '2025-03-04 16:17:36', NULL, 1, 0),
(1956, 'V280225-0000622', 295, NULL, 2, NULL, NULL, 2, NULL, 270.00, 0, '2025-02-28', NULL, NULL, NULL, '3', NULL, '2025-03-04 17:58:07', '2025-03-04 17:58:07', NULL, 1, 0),
(1957, 'V040325-0000623', 185, NULL, 2, NULL, NULL, 2, NULL, 2400.00, 0, '2025-03-04', NULL, NULL, NULL, '3', NULL, '2025-03-04 18:05:06', '2025-03-04 18:05:06', NULL, 1, 0),
(1958, 'V040325-0000624', 328, NULL, 2, NULL, NULL, 2, NULL, 2520.00, 0, '2025-03-04', NULL, NULL, NULL, '3', NULL, '2025-03-04 18:05:38', '2025-03-04 18:05:38', NULL, 1, 0),
(1959, 'V040325-0000625', 309, NULL, 2, NULL, NULL, 2, NULL, 3600.00, 0, '2025-03-04', NULL, NULL, NULL, '3', NULL, '2025-03-04 18:06:28', '2025-03-04 18:06:28', NULL, 1, 0),
(1960, 'V040325-0000626', 343, NULL, 2, NULL, NULL, 2, NULL, 1200.00, 0, '2025-03-04', NULL, NULL, NULL, '3', NULL, '2025-03-04 18:07:04', '2025-03-04 18:07:04', NULL, 1, 0),
(1961, 'V050325-0000627', 295, NULL, 2, NULL, NULL, 2, NULL, 423.00, 0, '2025-03-05', NULL, NULL, NULL, '3', NULL, '2025-03-05 16:13:25', '2025-03-05 16:13:25', NULL, 1, 0),
(1962, 'V100325-0000628', 388, NULL, 2, NULL, NULL, 2, NULL, 1080.00, 0, '2025-03-10', NULL, NULL, NULL, '3', NULL, '2025-03-10 12:05:55', '2025-03-10 18:08:27', NULL, 1, 1),
(1963, 'V070325-0000629', 71, NULL, 2, NULL, NULL, 2, NULL, 2560.00, 0, '2025-03-07', NULL, NULL, NULL, '3', NULL, '2025-03-11 17:50:58', '2025-03-11 17:50:58', NULL, 1, 0),
(1964, 'V070325-0000630', 394, NULL, 2, NULL, NULL, 2, NULL, 8000.00, 0, '2025-03-07', NULL, NULL, NULL, '3', NULL, '2025-03-11 17:51:54', '2025-03-11 17:51:54', NULL, 1, 0),
(1965, 'V070325-0000631', 393, NULL, 2, NULL, NULL, 2, NULL, 3600.00, 0, '2025-03-07', NULL, NULL, NULL, '3', NULL, '2025-03-11 18:12:04', '2025-03-11 18:12:04', NULL, 1, 0),
(1966, 'V070325-0000632', 346, NULL, 2, NULL, NULL, 2, NULL, 405.00, 0, '2025-03-07', NULL, NULL, NULL, '3', NULL, '2025-03-11 18:13:20', '2025-03-11 18:13:20', NULL, 1, 0),
(1967, 'V070325-0000633', 390, NULL, 2, NULL, NULL, 2, NULL, 405.00, 0, '2025-03-07', NULL, NULL, NULL, '3', NULL, '2025-03-11 18:13:57', '2025-03-11 18:13:57', NULL, 1, 0),
(1968, 'V100325-0000634', 186, NULL, 2, NULL, NULL, 2, NULL, 2400.00, 0, '2025-03-10', NULL, NULL, NULL, '3', NULL, '2025-03-12 17:21:46', '2025-03-12 17:21:46', NULL, 1, 0),
(1969, 'V100325-0000635', 309, NULL, 2, NULL, NULL, 2, NULL, 3600.00, 0, '2025-03-10', NULL, NULL, NULL, '3', NULL, '2025-03-12 17:22:19', '2025-03-12 17:22:19', NULL, 1, 0),
(1970, 'V110325-0000636', 328, NULL, 2, NULL, NULL, 2, NULL, 2520.00, 0, '2025-03-11', NULL, NULL, NULL, '3', NULL, '2025-03-12 17:22:44', '2025-03-12 17:22:44', NULL, 1, 0),
(1971, 'V110325-0000637', 343, NULL, 2, NULL, NULL, 2, NULL, 1200.00, 0, '2025-03-11', NULL, NULL, NULL, '3', NULL, '2025-03-12 17:23:09', '2025-03-12 17:23:09', NULL, 1, 0),
(1972, 'V110325-0000638', 390, NULL, 2, NULL, NULL, 2, NULL, 270.00, 0, '2025-03-11', NULL, NULL, NULL, '3', NULL, '2025-03-12 17:24:39', '2025-03-12 17:24:39', NULL, 1, 0),
(1973, 'V110325-0000639', 360, NULL, 2, NULL, NULL, 2, NULL, 270.00, 0, '2025-03-11', NULL, NULL, NULL, '3', NULL, '2025-03-12 17:25:03', '2025-03-12 17:25:03', NULL, 1, 0),
(1974, 'V120325-0000640', 295, NULL, 2, NULL, NULL, 2, NULL, 243.00, 0, '2025-03-12', NULL, NULL, NULL, '3', NULL, '2025-03-12 17:26:53', '2025-03-12 17:26:53', NULL, 1, 0),
(1975, 'V130325-0000641', 389, NULL, 2, NULL, NULL, 2, NULL, 1200.00, 0, '2025-03-13', NULL, NULL, NULL, '3', NULL, '2025-03-13 16:55:24', '2025-03-13 16:55:24', NULL, 1, 0),
(1976, 'V140325-0000642', 389, NULL, 2, NULL, NULL, 2, NULL, 1200.00, 0, '2025-03-14', NULL, NULL, NULL, '3', NULL, '2025-03-14 17:03:55', '2025-03-14 17:03:55', NULL, 1, 0),
(1977, 'V180325-0000643', 388, NULL, 2, NULL, NULL, 2, NULL, 1080.00, 0, '2025-03-18', NULL, NULL, NULL, '3', NULL, '2025-03-18 10:45:27', '2025-03-18 16:45:43', NULL, 1, 1),
(1978, 'V140325-0000644', 393, NULL, 2, NULL, NULL, 2, NULL, 3600.00, 0, '2025-03-14', NULL, NULL, NULL, '3', NULL, '2025-03-19 10:19:47', '2025-03-19 10:19:47', NULL, 1, 0),
(1979, 'V140325-0000645', 309, NULL, 2, NULL, NULL, 2, NULL, 1200.00, 0, '2025-03-14', NULL, NULL, NULL, '3', NULL, '2025-03-19 10:20:36', '2025-03-19 10:20:36', NULL, 1, 0),
(1980, 'V140325-0000646', 353, NULL, 2, NULL, NULL, 2, NULL, 4000.00, 0, '2025-03-14', NULL, NULL, NULL, '3', NULL, '2025-03-19 10:21:14', '2025-03-19 10:21:14', NULL, 1, 0),
(1981, 'V140325-0000647', 71, NULL, 2, NULL, NULL, 2, NULL, 4000.00, 0, '2025-03-14', NULL, NULL, NULL, '3', NULL, '2025-03-19 10:21:37', '2025-03-19 10:21:37', NULL, 1, 0),
(1982, 'V140325-0000648', 160, NULL, 2, NULL, NULL, 2, NULL, 320.00, 0, '2025-03-14', NULL, NULL, NULL, '3', NULL, '2025-03-19 10:22:38', '2025-03-19 10:22:38', NULL, 1, 0),
(1983, 'V180325-0000649', 343, NULL, 2, NULL, NULL, 2, NULL, 1200.00, 0, '2025-03-18', NULL, NULL, NULL, '3', NULL, '2025-03-19 16:29:12', '2025-03-19 16:29:12', NULL, 1, 0),
(1984, 'V180325-0000650', 393, NULL, 2, NULL, NULL, 2, NULL, 2400.00, 0, '2025-03-18', NULL, NULL, NULL, '3', NULL, '2025-03-19 16:29:59', '2025-03-19 16:29:59', NULL, 1, 0),
(1985, 'V190325-0000651', 309, NULL, 2, NULL, NULL, 2, NULL, 3600.00, 0, '2025-03-19', NULL, NULL, NULL, '3', NULL, '2025-03-19 16:30:46', '2025-03-19 16:30:46', NULL, 1, 0),
(1986, 'V180325-0000652', 328, NULL, 2, NULL, NULL, 2, NULL, 2520.00, 0, '2025-03-18', NULL, NULL, NULL, '3', NULL, '2025-03-19 16:31:14', '2025-03-19 16:31:14', NULL, 1, 0),
(1987, 'V180325-0000653', 307, NULL, 2, NULL, NULL, 2, NULL, 1200.00, 0, '2025-03-18', NULL, NULL, NULL, '3', NULL, '2025-03-19 16:31:34', '2025-03-19 16:31:34', NULL, 1, 0),
(1988, 'V190325-0000654', 392, NULL, 2, NULL, NULL, 2, NULL, 540.00, 0, '2025-03-19', NULL, NULL, NULL, '3', NULL, '2025-03-19 16:32:52', '2025-03-19 16:32:52', NULL, 1, 0),
(1989, 'V210325-0000655', 394, NULL, 2, NULL, NULL, 2, NULL, 8000.00, 0, '2025-03-21', NULL, NULL, NULL, '3', NULL, '2025-03-25 12:27:08', '2025-03-25 12:27:08', NULL, 1, 0),
(1990, 'V210325-0000656', 396, NULL, 2, NULL, NULL, 2, NULL, 4500.00, 0, '2025-03-21', NULL, NULL, NULL, '3', NULL, '2025-03-25 12:28:52', '2025-03-25 12:28:52', NULL, 1, 0),
(1991, 'V210325-0000657', 389, NULL, 2, NULL, NULL, 2, NULL, 2400.00, 0, '2025-03-21', NULL, NULL, NULL, '3', NULL, '2025-03-25 12:31:45', '2025-03-25 12:31:45', NULL, 1, 0),
(1992, 'V210325-0000658', 343, NULL, 2, NULL, NULL, 2, NULL, 1200.00, 0, '2025-03-21', NULL, NULL, NULL, '3', NULL, '2025-03-25 12:32:05', '2025-03-25 12:32:05', NULL, 1, 0),
(1993, 'V210325-0000659', 327, NULL, 2, NULL, NULL, 2, NULL, 1200.00, 0, '2025-03-21', NULL, NULL, NULL, '3', NULL, '2025-03-25 12:32:31', '2025-03-25 12:32:31', NULL, 1, 0),
(1994, 'V220325-0000660', 307, NULL, 2, NULL, NULL, 2, NULL, 2400.00, 0, '2025-03-22', NULL, NULL, NULL, '3', NULL, '2025-03-25 12:33:09', '2025-03-25 12:33:09', NULL, 1, 0),
(1995, 'V210325-0000661', 397, NULL, 2, NULL, NULL, 2, NULL, 405.00, 0, '2025-03-21', NULL, NULL, NULL, '3', NULL, '2025-03-25 12:37:07', '2025-03-25 12:37:07', NULL, 1, 0),
(1996, 'V240325-0000662', 309, NULL, 2, NULL, NULL, 2, NULL, 3600.00, 0, '2025-03-24', NULL, NULL, NULL, '3', NULL, '2025-03-26 16:20:24', '2025-03-26 16:20:24', NULL, 1, 0),
(1997, 'V240325-0000663', 328, NULL, 2, NULL, NULL, 2, NULL, 2520.00, 0, '2025-03-24', NULL, NULL, NULL, '3', NULL, '2025-03-26 16:20:56', '2025-03-26 16:20:56', NULL, 1, 0),
(1998, 'V250325-0000664', 343, NULL, 2, NULL, NULL, 2, NULL, 1200.00, 0, '2025-03-25', NULL, NULL, NULL, '3', NULL, '2025-03-26 16:21:18', '2025-03-26 16:21:18', NULL, 1, 0),
(1999, 'V250325-0000665', 307, NULL, 2, NULL, NULL, 2, NULL, 1200.00, 0, '2025-03-25', NULL, NULL, NULL, '3', NULL, '2025-03-26 16:21:43', '2025-03-26 16:21:43', NULL, 1, 0),
(2000, 'V280325-0000666', 388, NULL, 2, NULL, NULL, 2, NULL, 1080.00, 0, '2025-03-28', NULL, NULL, NULL, '3', NULL, '2025-03-28 10:25:03', '2025-03-28 16:36:58', NULL, 1, 1),
(2001, 'V280325-0000667', 389, NULL, 2, NULL, NULL, 2, NULL, 1200.00, 0, '2025-03-28', NULL, NULL, NULL, '3', NULL, '2025-03-28 16:30:44', '2025-03-28 16:30:44', NULL, 1, 0),
(2002, 'V310325-0000668', 388, NULL, 2, NULL, NULL, 2, NULL, 810.00, 0, '2025-03-31', NULL, NULL, NULL, '3', NULL, '2025-03-31 12:30:35', '2025-03-31 18:33:13', NULL, 1, 1),
(2003, 'V250325-0000669', 392, NULL, 2, NULL, NULL, 2, NULL, 540.00, 0, '2025-03-25', NULL, NULL, NULL, '3', NULL, '2025-04-01 11:53:53', '2025-04-01 11:53:53', NULL, 1, 0),
(2004, 'V280325-0000670', 307, NULL, 2, NULL, NULL, 2, NULL, 1200.00, 0, '2025-03-28', NULL, NULL, NULL, '3', NULL, '2025-04-01 11:55:34', '2025-04-01 11:55:34', NULL, 1, 0),
(2005, 'V280325-0000671', 346, NULL, 2, NULL, NULL, 2, NULL, 135.00, 0, '2025-03-28', NULL, NULL, NULL, '3', NULL, '2025-04-01 11:56:30', '2025-04-01 11:56:30', NULL, 1, 0),
(2006, 'V280325-0000672', 338, NULL, 2, NULL, NULL, 2, NULL, 108.00, 0, '2025-03-28', NULL, NULL, NULL, '3', NULL, '2025-04-01 12:00:39', '2025-04-01 12:00:39', NULL, 1, 0),
(2007, 'V280225-0000673', 211, NULL, 2, NULL, NULL, 2, NULL, 1800.00, 0, '2025-03-28', NULL, '', NULL, '3', NULL, '2025-04-02 09:17:32', '2025-04-02 09:19:14', NULL, 1, 0),
(2008, 'V280325-0000674', 396, NULL, 2, NULL, NULL, 2, NULL, 4500.00, 0, '2025-03-28', NULL, NULL, NULL, '3', NULL, '2025-04-02 09:20:22', '2025-04-02 09:20:22', NULL, 1, 0),
(2009, 'V310325-0000675', 309, NULL, 2, NULL, NULL, 2, NULL, 3600.00, 0, '2025-03-31', NULL, NULL, NULL, '3', NULL, '2025-04-02 17:40:56', '2025-04-02 17:40:56', NULL, 1, 0),
(2010, 'V010425-0000676', 343, NULL, 2, NULL, NULL, 2, NULL, 1200.00, 0, '2025-04-01', NULL, NULL, NULL, '3', NULL, '2025-04-02 17:41:23', '2025-04-02 17:41:23', NULL, 1, 0),
(2011, 'V010425-0000677', 307, NULL, 2, NULL, NULL, 2, NULL, 1200.00, 0, '2025-04-01', NULL, NULL, NULL, '3', NULL, '2025-04-02 17:41:58', '2025-04-02 17:41:58', NULL, 1, 0),
(2012, 'V310325-0000678', 328, NULL, 2, NULL, NULL, 2, NULL, 1260.00, 0, '2025-03-31', NULL, NULL, NULL, '3', NULL, '2025-04-02 17:42:46', '2025-04-02 17:42:46', NULL, 1, 0),
(2013, 'V310325-0000679', 390, NULL, 2, NULL, NULL, 2, NULL, 540.00, 0, '2025-03-31', NULL, NULL, NULL, '3', NULL, '2025-04-02 17:55:22', '2025-04-02 17:55:22', NULL, 1, 0),
(2014, 'V010425-0000680', 295, NULL, 2, NULL, NULL, 2, NULL, 243.00, 0, '2025-04-01', NULL, NULL, NULL, '3', NULL, '2025-04-02 18:01:59', '2025-04-02 18:01:59', NULL, 1, 0),
(2015, 'V070425-0000681', 388, NULL, 2, NULL, NULL, 2, NULL, 1200.00, 0, '2025-04-07', NULL, NULL, NULL, '3', NULL, '2025-04-07 11:22:30', '2025-04-16 10:17:44', NULL, 1, 1),
(2016, 'V030425-0000682', 389, NULL, 2, NULL, NULL, 2, NULL, 1200.00, 0, '2025-04-03', NULL, NULL, NULL, '3', NULL, '2025-04-09 17:22:25', '2025-04-09 17:22:25', NULL, 1, 0),
(2017, 'V040425-0000683', 393, NULL, 2, NULL, NULL, 2, NULL, 1200.00, 0, '2025-04-04', NULL, NULL, NULL, '3', NULL, '2025-04-09 17:24:00', '2025-04-09 17:24:00', NULL, 1, 0),
(2018, 'V040425-0000684', 182, NULL, 2, NULL, NULL, 2, NULL, 450.00, 0, '2025-04-04', NULL, NULL, NULL, '3', NULL, '2025-04-09 17:34:38', '2025-04-09 17:34:38', NULL, 1, 0),
(2019, 'V040425-0000685', 211, NULL, 2, NULL, NULL, 2, NULL, 900.00, 0, '2025-04-04', NULL, NULL, NULL, '3', NULL, '2025-04-09 17:34:52', '2025-04-09 17:34:52', NULL, 1, 0),
(2020, 'V040425-0000686', 394, NULL, 2, NULL, NULL, 2, NULL, 9000.00, 0, '2025-04-04', NULL, NULL, NULL, '3', NULL, '2025-04-09 17:35:25', '2025-04-09 17:35:25', NULL, 1, 0),
(2021, 'V140425-0000687', 388, NULL, 2, NULL, NULL, 2, NULL, 1200.00, 0, '2025-04-14', NULL, NULL, NULL, '3', NULL, '2025-04-14 11:40:35', '2025-04-16 16:28:04', NULL, 1, 1),
(2022, 'V140425-0000688', 389, NULL, 2, NULL, NULL, 2, NULL, 1200.00, 0, '2025-04-14', NULL, NULL, NULL, '3', NULL, '2025-04-14 15:47:23', '2025-04-14 15:47:23', NULL, 1, 0),
(2023, 'V140425-0000689', 398, NULL, 2, NULL, NULL, 2, NULL, 1200.00, 0, '2025-04-14', NULL, NULL, NULL, '3', NULL, '2025-04-14 18:43:41', '2025-04-16 16:34:14', NULL, 1, 0),
(2024, 'V070425-0000690', 309, NULL, 2, NULL, NULL, 2, NULL, 3600.00, 0, '2025-04-07', NULL, NULL, NULL, '3', NULL, '2025-04-16 10:18:32', '2025-04-16 10:18:32', NULL, 1, 0),
(2025, 'V080425-0000691', 328, NULL, 2, NULL, NULL, 2, NULL, 2520.00, 0, '2025-04-08', NULL, NULL, NULL, '3', NULL, '2025-04-16 10:19:21', '2025-04-16 15:55:47', NULL, 1, 0),
(2026, 'V080425-0000692', 307, NULL, 2, NULL, NULL, 2, NULL, 3600.00, 0, '2025-04-08', NULL, NULL, NULL, '3', NULL, '2025-04-16 15:03:52', '2025-04-16 15:07:01', NULL, 1, 0),
(2027, 'V100425-0000693', 343, NULL, 2, NULL, NULL, 2, NULL, 1200.00, 0, '2025-04-10', NULL, NULL, NULL, '3', NULL, '2025-04-16 15:04:16', '2025-04-16 15:04:16', NULL, 1, 0),
(2028, 'V100425-0000694', 356, NULL, 2, NULL, NULL, 2, NULL, 270.00, 0, '2025-04-10', NULL, NULL, NULL, '3', NULL, '2025-04-16 15:08:27', '2025-04-16 15:08:27', NULL, 1, 0),
(2029, 'V110425-0000695', 389, NULL, 2, NULL, NULL, 2, NULL, 1200.00, 0, '2025-04-11', NULL, NULL, NULL, '3', NULL, '2025-04-16 15:59:06', '2025-04-16 15:59:06', NULL, 1, 0),
(2030, 'V110425-0000696', 71, NULL, 2, NULL, NULL, 2, NULL, 1350.00, 0, '2025-04-11', NULL, NULL, NULL, '3', NULL, '2025-04-16 16:06:37', '2025-04-16 16:06:37', NULL, 1, 0),
(2031, 'V140425-0000697', 309, NULL, 2, NULL, NULL, 2, NULL, 3600.00, 0, '2025-04-14', NULL, NULL, NULL, '3', NULL, '2025-04-16 16:28:43', '2025-04-16 16:28:43', NULL, 1, 0),
(2034, 'V150425-0000700', 397, NULL, 2, NULL, NULL, 2, NULL, 405.00, 0, '2025-04-15', NULL, NULL, NULL, '3', NULL, '2025-04-16 16:31:11', '2025-04-16 16:31:11', NULL, 1, 0),
(2036, 'V210425-0000702', 388, NULL, 2, NULL, NULL, 2, NULL, 1080.00, 0, '2025-04-21', NULL, NULL, NULL, '3', NULL, '2025-04-21 12:14:58', '2025-04-21 18:16:43', NULL, 1, 1),
(2037, 'V180425-0000703', 211, NULL, 2, NULL, NULL, 2, NULL, 1350.00, 0, '2025-04-18', NULL, NULL, NULL, '3', NULL, '2025-04-23 12:09:53', '2025-04-23 12:09:53', NULL, 1, 0),
(2038, 'V180425-0000704', 353, NULL, 2, NULL, NULL, 2, NULL, 1350.00, 0, '2025-04-18', NULL, NULL, NULL, '3', NULL, '2025-04-23 12:11:32', '2025-04-23 12:11:32', NULL, 1, 0),
(2039, 'V180425-0000705', 343, NULL, 2, NULL, NULL, 2, NULL, 1200.00, 0, '2025-04-18', NULL, NULL, NULL, '3', NULL, '2025-04-23 12:16:59', '2025-04-23 12:16:59', NULL, 1, 0),
(2040, 'V220425-0000706', 390, NULL, 2, NULL, NULL, 2, NULL, 540.00, 0, '2025-04-22', NULL, NULL, NULL, '3', NULL, '2025-04-23 15:01:57', '2025-04-23 15:01:57', NULL, 1, 0),
(2041, 'V210425-0000707', 328, NULL, 2, NULL, NULL, 2, NULL, 2520.00, 0, '2025-04-21', NULL, NULL, NULL, '3', NULL, '2025-04-23 15:02:59', '2025-04-23 15:02:59', NULL, 1, 0),
(2042, 'V210425-0000708', 309, NULL, 2, NULL, NULL, 2, NULL, 3600.00, 0, '2025-04-21', NULL, NULL, NULL, '3', NULL, '2025-04-23 15:05:33', '2025-04-23 15:05:33', NULL, 1, 0),
(2043, 'V210425-0000709', 343, NULL, 2, NULL, NULL, 2, NULL, 1200.00, 0, '2025-04-21', NULL, NULL, NULL, '3', NULL, '2025-04-23 15:28:57', '2025-04-23 15:28:57', NULL, 1, 0),
(2044, 'V210425-0000710', 295, NULL, 2, NULL, NULL, 2, NULL, 369.00, 0, '2025-04-21', NULL, NULL, NULL, '3', NULL, '2025-04-23 15:32:05', '2025-04-23 15:32:05', NULL, 1, 0),
(2045, 'V240425-0000711', 295, NULL, 2, NULL, NULL, 2, NULL, 189.00, 0, '2025-04-24', NULL, NULL, NULL, '3', NULL, '2025-04-25 14:41:04', '2025-04-25 14:41:04', NULL, 1, 0),
(2046, 'V280425-0000712', 388, NULL, 2, NULL, NULL, 2, NULL, 945.00, 0, '2025-04-28', NULL, NULL, NULL, '3', NULL, '2025-04-28 10:21:27', '2025-04-28 10:21:27', NULL, 1, 0),
(2047, 'V290425-0000713', 389, NULL, 2, NULL, NULL, 2, NULL, 1200.00, 0, '2025-04-29', NULL, NULL, NULL, '3', NULL, '2025-04-29 15:18:36', '2025-04-29 15:18:36', NULL, 1, 0);

-- --------------------------------------------------------

--
-- Estructura Stand-in para la vista `vw_almacen`
-- (Véase abajo para la vista actual)
--
CREATE TABLE `vw_almacen` (
`almacen` varchar(250)
,`almacenFechaRegistro` timestamp
,`almacenID` int(11)
,`almacenFechaActualizacion` timestamp
,`almacenUsuarioActualizacion` varchar(250)
,`almacenUsuarioRegistro` varchar(250)
,`almacenStatus` int(11)
,`contenidoID` int(11)
,`productoID` int(11)
,`presentancionID` int(11)
,`contenidoCantidad` int(11)
,`contenidoNotas` text
,`contenidoStatus` int(11)
,`contenidoUsuarioRegistro` varchar(200)
,`contenidoUsuarioActualizacion` varchar(200)
,`contenidoFechaRegistro` timestamp
,`contenidoFechaActualizacion` timestamp
);

-- --------------------------------------------------------

--
-- Estructura Stand-in para la vista `vw_clientes`
-- (Véase abajo para la vista actual)
--
CREATE TABLE `vw_clientes` (
`id_direccion` int(11)
,`id_cliente` int(11)
,`cp` int(11)
,`estado` varchar(100)
,`municipio` varchar(100)
,`colonia` varchar(100)
,`calle` varchar(100)
,`numero_exterior` varchar(50)
,`numero_interior` varchar(50)
,`calle1` varchar(100)
,`calle2` varchar(100)
,`indicaciones` varchar(100)
,`direccion_create` timestamp
,`direccion_update` timestamp
,`status` int(11)
,`id_cliente1` int(11)
,`nombre_cliente` varchar(100)
,`pass_temp` varchar(50)
,`curp_cliente` varchar(18)
,`apellido_paterno_cliente` varchar(100)
,`identificacion_cliente` text
,`apellido_materno_cliente` varchar(100)
,`telefono_cliente` varchar(10)
,`email_cliente` varchar(200)
,`tipo_cliente` int(11)
,`direccion_cliente` text
,`nombre_completo` varchar(302)
);

-- --------------------------------------------------------

--
-- Estructura Stand-in para la vista `vw_example`
-- (Véase abajo para la vista actual)
--
CREATE TABLE `vw_example` (
`id_venta` int(11)
,`folio_venta` varchar(150)
,`id_cliente` int(11)
,`tipo_venta` int(11)
,`tipo_envio` int(11)
,`total` decimal(9,2)
,`fecha` date
,`notas_venta` text
,`status` varchar(20)
,`metodo_pago` int(11)
,`ventas_create` timestamp
,`ventas_update` timestamp
,`status1` int(11)
,`id_pago` int(11)
,`id_producto` int(11)
,`nombre_producto` varchar(300)
,`nombre_categoria` varchar(100)
);

-- --------------------------------------------------------

--
-- Estructura Stand-in para la vista `vw_mercadoPrecios`
-- (Véase abajo para la vista actual)
--
CREATE TABLE `vw_mercadoPrecios` (
`idPrecioMercado` int(11)
,`productoId` int(11)
,`fecha` date
,`precio` float
,`producto` varchar(300)
);

-- --------------------------------------------------------

--
-- Estructura Stand-in para la vista `vw_movimiento`
-- (Véase abajo para la vista actual)
--
CREATE TABLE `vw_movimiento` (
`movimientoId` int(11)
,`movimientoTipo` enum('Entrada','Salida','Traspaso')
,`almacenId` int(11)
,`productoId` int(11)
,`almacenOrigen` int(11)
,`almacenDestino` int(11)
,`movimientoCantidad` int(11)
,`movimientoStatus` int(11)
,`movimientoNotas` text
,`movimientoUsuarioRegistro` varchar(250)
,`movimientoUsuarioActualizacion` varchar(250)
,`movimientoFechaRegistro` timestamp
,`movimientoFechaActualizacion` timestamp
,`movimientoFecha` date
,`almacen` varchar(250)
,`producto` varchar(300)
,`detalleId` int(11)
,`detalleCantidad` int(11)
,`detalleStatus` int(11)
,`detalleNotas` text
);

-- --------------------------------------------------------

--
-- Estructura Stand-in para la vista `vw_pedidos`
-- (Véase abajo para la vista actual)
--
CREATE TABLE `vw_pedidos` (
`id_venta` int(11)
,`id_cliente` int(11)
,`tipo_venta` int(11)
,`tipo_envio` int(11)
,`is_order` int(11)
,`total` decimal(9,2)
,`fecha` date
,`notas_venta` text
,`comentario_cancelacion` text
,`status` varchar(20)
,`ventas_create` timestamp
,`ventas_update` timestamp
,`status1` int(11)
,`folio_venta` varchar(150)
,`id_producto` int(11)
,`hora` time
,`cantidad_pedido` float
,`tipo_unidad` enum('Kg','Pz')
,`id_categoria` int(11)
,`nombre_categoria` varchar(100)
,`nombre_cliente` varchar(100)
,`apellido_cliente` varchar(100)
,`apellido_ma_cliente` varchar(100)
,`nombre_completo` varchar(302)
);

-- --------------------------------------------------------

--
-- Estructura Stand-in para la vista `vw_permisos`
-- (Véase abajo para la vista actual)
--
CREATE TABLE `vw_permisos` (
`moduloId` int(11)
,`moduloNombre` varchar(150)
,`permisoId` int(11)
,`permisoCodigo` varchar(150)
,`permisoNombre` varchar(150)
);

-- --------------------------------------------------------

--
-- Estructura Stand-in para la vista `vw_permisosUsuarios`
-- (Véase abajo para la vista actual)
--
CREATE TABLE `vw_permisosUsuarios` (
`usuarioPermisoId` int(11)
,`permisoId` int(11)
,`usuarioID` int(11)
,`permisoFechaRegistro` timestamp
,`permisoFechaActualizacion` timestamp
,`permisoUsuarioRegistro` varchar(200)
,`permisoUsuarioActualizacion` varchar(200)
,`permisoCodigo` varchar(150)
,`permisoNombre` varchar(150)
,`moduloNombre` varchar(150)
);

-- --------------------------------------------------------

--
-- Estructura Stand-in para la vista `vw_products`
-- (Véase abajo para la vista actual)
--
CREATE TABLE `vw_products` (
`id_producto` int(11)
,`nombre_producto` varchar(300)
,`descripcion` text
,`precio` decimal(6,2)
,`imagen` varchar(200)
,`inventario` int(11)
,`id_categoria` int(11)
,`peso` varchar(100)
,`raza` varchar(100)
,`productos_create` timestamp
,`productos_update` timestamp
,`status` int(11)
,`nombre_categoria` varchar(100)
);

-- --------------------------------------------------------

--
-- Estructura Stand-in para la vista `vw_transferencias`
-- (Véase abajo para la vista actual)
--
CREATE TABLE `vw_transferencias` (
`movimientoId` int(11)
,`movimientoTipo` enum('Entrada','Salida','Traspaso')
,`almacenId` int(11)
,`productoId` int(11)
,`almacenOrigen` int(11)
,`almacenDestino` int(11)
,`movimientoCantidad` int(11)
,`movimientoStatus` int(11)
,`movimientoNotas` text
,`movimientoUsuarioRegistro` varchar(250)
,`movimientoUsuarioActualizacion` varchar(250)
,`movimientoFechaRegistro` timestamp
,`movimientoFechaActualizacion` timestamp
,`movimientoFecha` date
,`almacenOrigenNombre` varchar(250)
,`almacenDestinoNombre` varchar(250)
,`almacen` varchar(250)
,`producto` varchar(300)
,`detalleId` int(11)
,`detalleCantidad` int(11)
,`detalleStatus` int(11)
,`detalleNotas` text
);

-- --------------------------------------------------------

--
-- Estructura Stand-in para la vista `vw_traspaso`
-- (Véase abajo para la vista actual)
--
CREATE TABLE `vw_traspaso` (
`movimientoId` int(11)
,`movimientoTipo` enum('Entrada','Salida','Traspaso')
,`almacenId` int(11)
,`productoId` int(11)
,`almacenOrigen` int(11)
,`almacenDestino` int(11)
,`movimientoCantidad` int(11)
,`movimientoStatus` int(11)
,`movimientoNotas` text
,`movimientoUsuarioRegistro` varchar(250)
,`movimientoUsuarioActualizacion` varchar(250)
,`movimientoFechaRegistro` timestamp
,`movimientoFechaActualizacion` timestamp
,`movimientoFecha` date
,`almacenOrigenNombre` varchar(250)
,`almacenDestinoNombre` varchar(250)
,`producto` varchar(300)
,`detalleId` int(11)
,`detalleCantidad` int(11)
,`detalleStatus` int(11)
,`detalleNotas` text
);

-- --------------------------------------------------------

--
-- Estructura Stand-in para la vista `vw_vens`
-- (Véase abajo para la vista actual)
--
CREATE TABLE `vw_vens` (
`id_venta` int(11)
,`id_cliente` int(11)
,`tipo_venta` int(11)
,`tipo_envio` int(11)
,`is_order` int(11)
,`total` decimal(9,2)
,`fecha` date
,`notas_venta` text
,`comentario_cancelacion` text
,`status` varchar(20)
,`ventas_create` timestamp
,`ventas_update` timestamp
,`status1` int(11)
,`folio_venta` varchar(150)
,`id_producto` int(11)
,`status_envio_recibo` int(11)
,`hora` time
,`cantidad_pedido` float
,`tipo_unidad` enum('Kg','Pz')
,`nombre_cliente` varchar(100)
,`apellido_cliente` varchar(100)
,`apellido_ma_cliente` varchar(100)
,`nombre_completo` varchar(302)
);

-- --------------------------------------------------------

--
-- Estructura Stand-in para la vista `Vw_Ventas`
-- (Véase abajo para la vista actual)
--
CREATE TABLE `Vw_Ventas` (
`id_producto_venta` int(11)
,`id_venta` int(11)
,`id_producto` int(11)
,`cantidad` double
,`arete` int(11)
,`grapa` int(11)
,`tipo` varchar(30)
,`precio` decimal(9,2)
,`tamaño` int(11)
,`subtotal` decimal(9,2)
,`statusProducto` int(11)
,`productoVenta_create` timestamp
,`productoVenta_update` timestamp
,`nombre_producto` varchar(300)
,`imagen` varchar(200)
,`precio_producto` decimal(6,2)
,`raza` varchar(100)
,`nombre_categoria` varchar(100)
,`id_categoria` int(11)
,`total_venta` decimal(9,2)
,`tipo_venta` int(11)
,`tipo_envio` int(11)
,`status1` varchar(20)
,`fecha_venta` date
,`folio_venta` varchar(150)
,`id_cliente` int(11)
,`metodo_pago` int(11)
,`nombre_cliente` varchar(100)
,`apellido_paterno_cliente` varchar(100)
,`apellido_materno_cliente` varchar(100)
,`nombre_completo` varchar(302)
,`telefono_cliente` varchar(10)
,`email_cliente` varchar(200)
,`identificacion_cliente` text
,`id_direccion` int(11)
,`cp` int(11)
,`estado` varchar(100)
,`municipio` varchar(100)
,`colonia` varchar(100)
,`calle` varchar(100)
,`numero_exterior` varchar(50)
,`numero_interior` varchar(50)
,`calle1` varchar(100)
,`calle2` varchar(100)
,`indicaciones` varchar(100)
,`ventas_create` timestamp
,`ventas_update` timestamp
);

-- --------------------------------------------------------

--
-- Estructura Stand-in para la vista `vw_ventasCate`
-- (Véase abajo para la vista actual)
--
CREATE TABLE `vw_ventasCate` (
`id_venta` int(11)
,`folio_venta` varchar(150)
,`id_cliente` int(11)
,`tipo_venta` int(11)
,`tipo_envio` int(11)
,`total` decimal(9,2)
,`fecha` date
,`notas_venta` text
,`status` varchar(20)
,`metodo_pago` int(11)
,`ventas_create` timestamp
,`ventas_update` timestamp
,`status1` int(11)
,`id_pago` int(11)
,`id_producto` int(11)
,`statusProducto` int(11)
,`nombre_producto` varchar(300)
,`nombre_categoria` varchar(100)
);

-- --------------------------------------------------------

--
-- Estructura Stand-in para la vista `vw_ventasDetalles`
-- (Véase abajo para la vista actual)
--
CREATE TABLE `vw_ventasDetalles` (
`fecha_venta` date
,`id_producto_venta` int(11)
,`id_venta` int(11)
,`id_producto` int(11)
,`precio_unitario` decimal(9,2)
,`cantidad` double
,`statusProducto` int(11)
,`id_categoria` int(11)
,`categoria` varchar(100)
,`nombre_producto` varchar(300)
,`raza` varchar(100)
,`total` decimal(9,2)
,`id_cliente` int(11)
,`cliente` varchar(302)
);

-- --------------------------------------------------------

--
-- Estructura Stand-in para la vista `vw_ver`
-- (Véase abajo para la vista actual)
--
CREATE TABLE `vw_ver` (
`id_producto_venta` int(11)
,`id_venta` int(11)
,`id_producto` int(11)
,`cantidad` double
,`arete` int(11)
,`grapa` int(11)
,`tipo` varchar(30)
,`precio` decimal(9,2)
,`presentacion` int(11)
,`tamaño` int(11)
,`corral` varchar(250)
,`subtotal` decimal(9,2)
,`productoVenta_create` timestamp
,`productoVenta_update` timestamp
,`status` int(11)
,`nombre_producto` varchar(300)
,`total` decimal(9,2)
,`raza` varchar(100)
);

-- --------------------------------------------------------

--
-- Estructura para la vista `vw_almacen`
--

CREATE VIEW `vw_almacen`  AS SELECT `a`.`almacenNombre` AS `almacen`, `a`.`almacenFechaRegistro` AS `almacenFechaRegistro`, `a`.`almacenId` AS `almacenID`, `a`.`almacenFechaActualizacion` AS `almacenFechaActualizacion`, `a`.`almacenUsuarioActualizacion` AS `almacenUsuarioActualizacion`, `a`.`almacenUsuarioRegistro` AS `almacenUsuarioRegistro`, `a`.`almacenStatus` AS `almacenStatus`, `c`.`contenidoID` AS `contenidoID`, `c`.`productoID` AS `productoID`, `c`.`presentancionID` AS `presentancionID`, `c`.`contenidoCantidad` AS `contenidoCantidad`, `c`.`contenidoNotas` AS `contenidoNotas`, `c`.`contenidoStatus` AS `contenidoStatus`, `c`.`contenidoUsuarioRegistro` AS `contenidoUsuarioRegistro`, `c`.`contenidoUsuarioActualizacion` AS `contenidoUsuarioActualizacion`, `c`.`contenidoFechaRegistro` AS `contenidoFechaRegistro`, `c`.`contenidoFechaActualizacion` AS `contenidoFechaActualizacion` FROM (`almacenes` `a` left join `contenido_almacen` `c` on(`a`.`almacenStatus` = 1 and `c`.`contenidoStatus` = 1 and `a`.`almacenId` = `c`.`almacenID`)) ;

-- --------------------------------------------------------

--
-- Estructura para la vista `vw_clientes`
--

CREATE VIEW `vw_clientes`  AS SELECT `d`.`id_direccion` AS `id_direccion`, `d`.`id_cliente` AS `id_cliente`, `d`.`cp` AS `cp`, `d`.`estado` AS `estado`, `d`.`municipio` AS `municipio`, `d`.`colonia` AS `colonia`, `d`.`calle` AS `calle`, `d`.`numero_exterior` AS `numero_exterior`, `d`.`numero_interior` AS `numero_interior`, `d`.`calle1` AS `calle1`, `d`.`calle2` AS `calle2`, `d`.`indicaciones` AS `indicaciones`, `d`.`direccion_create` AS `direccion_create`, `d`.`direccion_update` AS `direccion_update`, `c`.`status` AS `status`, `c`.`id_cliente` AS `id_cliente1`, `c`.`nombre_cliente` AS `nombre_cliente`, `c`.`pass_temp` AS `pass_temp`, `c`.`curp_cliente` AS `curp_cliente`, `c`.`apellido_paterno_cliente` AS `apellido_paterno_cliente`, `c`.`identificacion_cliente` AS `identificacion_cliente`, `c`.`apellido_materno_cliente` AS `apellido_materno_cliente`, `c`.`telefono_cliente` AS `telefono_cliente`, `c`.`email_cliente` AS `email_cliente`, `c`.`tipo_cliente` AS `tipo_cliente`, `c`.`direccion_cliente` AS `direccion_cliente`, ucase(concat(`c`.`nombre_cliente`,' ',`c`.`apellido_paterno_cliente`,' ',`c`.`apellido_materno_cliente`)) AS `nombre_completo` FROM (`clientes` `c` left join `direcciones` `d` on(`d`.`id_cliente` = `c`.`id_cliente`)) WHERE `c`.`tipo_cliente` = 2 ;

-- --------------------------------------------------------

--
-- Estructura para la vista `vw_example`
--

CREATE VIEW `vw_example`  AS SELECT `ventas`.`id_venta` AS `id_venta`, `ventas`.`folio_venta` AS `folio_venta`, `ventas`.`id_cliente` AS `id_cliente`, `ventas`.`tipo_venta` AS `tipo_venta`, `ventas`.`tipo_envio` AS `tipo_envio`, `ventas`.`total` AS `total`, `ventas`.`fecha` AS `fecha`, `ventas`.`notas_venta` AS `notas_venta`, `ventas`.`status` AS `status`, `ventas`.`metodo_pago` AS `metodo_pago`, `ventas`.`ventas_create` AS `ventas_create`, `ventas`.`ventas_update` AS `ventas_update`, `ventas`.`status1` AS `status1`, `ventas`.`id_pago` AS `id_pago`, `productos_venta`.`id_producto` AS `id_producto`, `productos`.`nombre_producto` AS `nombre_producto`, `categorias`.`nombre_categoria` AS `nombre_categoria` FROM (((`ventas` join `productos_venta`) join `productos`) join `categorias`) WHERE `productos_venta`.`id_venta` = `ventas`.`id_venta` AND `productos`.`id_producto` = `productos_venta`.`id_producto` AND `categorias`.`id_categoria` = `productos`.`id_categoria` GROUP BY `ventas`.`id_venta` ;

-- --------------------------------------------------------

--
-- Estructura para la vista `vw_mercadoPrecios`
--

CREATE VIEW `vw_mercadoPrecios`  AS SELECT `pm`.`idPrecioMercado` AS `idPrecioMercado`, `pm`.`productoId` AS `productoId`, `pm`.`fecha` AS `fecha`, `pm`.`precio` AS `precio`, `p`.`nombre_producto` AS `producto` FROM (`precios_mercado` `pm` join `productos` `p`) WHERE `pm`.`productoId` = `p`.`id_producto` ;

-- --------------------------------------------------------

--
-- Estructura para la vista `vw_movimiento`
--

CREATE VIEW `vw_movimiento`  AS SELECT `m`.`movimientoId` AS `movimientoId`, `m`.`movimientoTipo` AS `movimientoTipo`, `m`.`almacenId` AS `almacenId`, `m`.`productoId` AS `productoId`, `m`.`almacenOrigen` AS `almacenOrigen`, `m`.`almacenDestino` AS `almacenDestino`, `m`.`movimientoCantidad` AS `movimientoCantidad`, `m`.`movimientoStatus` AS `movimientoStatus`, `m`.`movimientoNotas` AS `movimientoNotas`, `m`.`movimientoUsuarioRegistro` AS `movimientoUsuarioRegistro`, `m`.`movimientoUsuarioActualizacion` AS `movimientoUsuarioActualizacion`, `m`.`movimientoFechaRegistro` AS `movimientoFechaRegistro`, `m`.`movimientoFechaActualizacion` AS `movimientoFechaActualizacion`, `m`.`movimientoFecha` AS `movimientoFecha`, `a`.`almacenNombre` AS `almacen`, `p`.`nombre_producto` AS `producto`, `d`.`detalleId` AS `detalleId`, `d`.`detalleCantidad` AS `detalleCantidad`, `d`.`detalleStatus` AS `detalleStatus`, `d`.`detalleNotas` AS `detalleNotas` FROM (((`movimientos` `m` join `detalles_movimientos` `d`) join `productos` `p`) join `almacenes` `a`) WHERE `m`.`almacenId` = `a`.`almacenId` AND `m`.`productoId` = `p`.`id_producto` AND `m`.`movimientoId` = `d`.`movimiento_id` AND `m`.`movimientoTipo` <> 'Traspaso' ;

-- --------------------------------------------------------

--
-- Estructura para la vista `vw_pedidos`
--

CREATE VIEW `vw_pedidos`  AS SELECT `v`.`id_venta` AS `id_venta`, `v`.`id_cliente` AS `id_cliente`, `v`.`tipo_venta` AS `tipo_venta`, `v`.`tipo_envio` AS `tipo_envio`, `v`.`is_order` AS `is_order`, `v`.`total` AS `total`, `v`.`fecha` AS `fecha`, `v`.`notas_venta` AS `notas_venta`, `v`.`comentario_cancelacion` AS `comentario_cancelacion`, `v`.`status` AS `status`, `v`.`ventas_create` AS `ventas_create`, `v`.`ventas_update` AS `ventas_update`, `v`.`status1` AS `status1`, `v`.`folio_venta` AS `folio_venta`, `v`.`id_producto` AS `id_producto`, `v`.`hora` AS `hora`, `v`.`cantidad_pedido` AS `cantidad_pedido`, `v`.`tipo_unidad` AS `tipo_unidad`, `cp`.`id_categoria` AS `id_categoria`, `cp`.`nombre_categoria` AS `nombre_categoria`, `c`.`nombre_cliente` AS `nombre_cliente`, `c`.`apellido_paterno_cliente` AS `apellido_cliente`, `c`.`apellido_materno_cliente` AS `apellido_ma_cliente`, ucase(concat(`c`.`nombre_cliente`,' ',`c`.`apellido_paterno_cliente`,' ',`c`.`apellido_materno_cliente`)) AS `nombre_completo` FROM (((`ventas` `v` join `clientes` `c`) join `productos` `p`) join `categorias` `cp`) WHERE `v`.`id_cliente` = `c`.`id_cliente` AND `p`.`id_producto` = `v`.`id_producto` AND `cp`.`id_categoria` = `p`.`id_categoria` ;

-- --------------------------------------------------------

--
-- Estructura para la vista `vw_permisos`
--

CREATE VIEW `vw_permisos`  AS SELECT `m`.`moduloId` AS `moduloId`, `m`.`moduloNombre` AS `moduloNombre`, `p`.`permisoId` AS `permisoId`, `p`.`permisoCodigo` AS `permisoCodigo`, `p`.`permisoNombre` AS `permisoNombre` FROM (`modulos_app` `m` join `permisos` `p`) WHERE `m`.`moduloId` = `p`.`moduloId` AND `m`.`moduloStatus` = 1 AND `p`.`permisoStatus` = 1 ;

-- --------------------------------------------------------

--
-- Estructura para la vista `vw_permisosUsuarios`
--

CREATE VIEW `vw_permisosUsuarios`  AS SELECT `up`.`usuarioPermisoId` AS `usuarioPermisoId`, `up`.`permisoId` AS `permisoId`, `up`.`usuarioID` AS `usuarioID`, `up`.`permisoFechaRegistro` AS `permisoFechaRegistro`, `up`.`permisoFechaActualizacion` AS `permisoFechaActualizacion`, `up`.`permisoUsuarioRegistro` AS `permisoUsuarioRegistro`, `up`.`permisoUsuarioActualizacion` AS `permisoUsuarioActualizacion`, `p`.`permisoCodigo` AS `permisoCodigo`, `p`.`permisoNombre` AS `permisoNombre`, `m`.`moduloNombre` AS `moduloNombre` FROM ((`modulos_app` `m` join `permisos` `p`) join `usuarios_permisos` `up`) WHERE `m`.`moduloId` = `p`.`moduloId` AND `up`.`permisoId` = `p`.`permisoId` ;

-- --------------------------------------------------------

--
-- Estructura para la vista `vw_products`
--

CREATE VIEW `vw_products`  AS SELECT `p`.`id_producto` AS `id_producto`, `p`.`nombre_producto` AS `nombre_producto`, `p`.`descripcion` AS `descripcion`, `p`.`precio` AS `precio`, `p`.`imagen` AS `imagen`, `p`.`inventario` AS `inventario`, `p`.`id_categoria` AS `id_categoria`, `p`.`peso` AS `peso`, `p`.`raza` AS `raza`, `p`.`productos_create` AS `productos_create`, `p`.`productos_update` AS `productos_update`, `p`.`status` AS `status`, `c`.`nombre_categoria` AS `nombre_categoria` FROM (`productos` `p` join `categorias` `c`) WHERE `p`.`id_categoria` = `c`.`id_categoria` ;

-- --------------------------------------------------------

--
-- Estructura para la vista `vw_transferencias`
--

CREATE VIEW `vw_transferencias`  AS SELECT `m`.`movimientoId` AS `movimientoId`, `m`.`movimientoTipo` AS `movimientoTipo`, `m`.`almacenId` AS `almacenId`, `m`.`productoId` AS `productoId`, `m`.`almacenOrigen` AS `almacenOrigen`, `m`.`almacenDestino` AS `almacenDestino`, `m`.`movimientoCantidad` AS `movimientoCantidad`, `m`.`movimientoStatus` AS `movimientoStatus`, `m`.`movimientoNotas` AS `movimientoNotas`, `m`.`movimientoUsuarioRegistro` AS `movimientoUsuarioRegistro`, `m`.`movimientoUsuarioActualizacion` AS `movimientoUsuarioActualizacion`, `m`.`movimientoFechaRegistro` AS `movimientoFechaRegistro`, `m`.`movimientoFechaActualizacion` AS `movimientoFechaActualizacion`, `m`.`movimientoFecha` AS `movimientoFecha`, `ao`.`almacenNombre` AS `almacenOrigenNombre`, `ad`.`almacenNombre` AS `almacenDestinoNombre`, `a`.`almacenNombre` AS `almacen`, `p`.`nombre_producto` AS `producto`, `d`.`detalleId` AS `detalleId`, `d`.`detalleCantidad` AS `detalleCantidad`, `d`.`detalleStatus` AS `detalleStatus`, `d`.`detalleNotas` AS `detalleNotas` FROM (((((`movimientos` `m` left join `almacenes` `a` on(`m`.`almacenId` = `a`.`almacenId`)) left join `almacenes` `ao` on(`m`.`almacenOrigen` = `ao`.`almacenId`)) left join `almacenes` `ad` on(`m`.`almacenDestino` = `ad`.`almacenId`)) join `detalles_movimientos` `d` on(`m`.`movimientoId` = `d`.`movimiento_id`)) join `productos` `p` on(`m`.`productoId` = `p`.`id_producto`)) ;

-- --------------------------------------------------------

--
-- Estructura para la vista `vw_traspaso`
--

CREATE VIEW `vw_traspaso`  AS SELECT `m`.`movimientoId` AS `movimientoId`, `m`.`movimientoTipo` AS `movimientoTipo`, `m`.`almacenId` AS `almacenId`, `m`.`productoId` AS `productoId`, `m`.`almacenOrigen` AS `almacenOrigen`, `m`.`almacenDestino` AS `almacenDestino`, `m`.`movimientoCantidad` AS `movimientoCantidad`, `m`.`movimientoStatus` AS `movimientoStatus`, `m`.`movimientoNotas` AS `movimientoNotas`, `m`.`movimientoUsuarioRegistro` AS `movimientoUsuarioRegistro`, `m`.`movimientoUsuarioActualizacion` AS `movimientoUsuarioActualizacion`, `m`.`movimientoFechaRegistro` AS `movimientoFechaRegistro`, `m`.`movimientoFechaActualizacion` AS `movimientoFechaActualizacion`, `m`.`movimientoFecha` AS `movimientoFecha`, `ao`.`almacenNombre` AS `almacenOrigenNombre`, `ad`.`almacenNombre` AS `almacenDestinoNombre`, `p`.`nombre_producto` AS `producto`, `d`.`detalleId` AS `detalleId`, `d`.`detalleCantidad` AS `detalleCantidad`, `d`.`detalleStatus` AS `detalleStatus`, `d`.`detalleNotas` AS `detalleNotas` FROM ((((`movimientos` `m` join `detalles_movimientos` `d`) join `productos` `p`) join `almacenes` `ao`) join `almacenes` `ad`) WHERE `m`.`almacenOrigen` = `ao`.`almacenId` AND `m`.`almacenDestino` = `ad`.`almacenId` AND `m`.`productoId` = `p`.`id_producto` AND `m`.`movimientoId` = `d`.`movimiento_id` AND `m`.`movimientoTipo` = 'Traspaso' ;

-- --------------------------------------------------------

--
-- Estructura para la vista `vw_vens`
--

CREATE VIEW `vw_vens`  AS SELECT `v`.`id_venta` AS `id_venta`, `v`.`id_cliente` AS `id_cliente`, `v`.`tipo_venta` AS `tipo_venta`, `v`.`tipo_envio` AS `tipo_envio`, `v`.`is_order` AS `is_order`, `v`.`total` AS `total`, `v`.`fecha` AS `fecha`, `v`.`notas_venta` AS `notas_venta`, `v`.`comentario_cancelacion` AS `comentario_cancelacion`, `v`.`status` AS `status`, `v`.`ventas_create` AS `ventas_create`, `v`.`ventas_update` AS `ventas_update`, `v`.`status1` AS `status1`, `v`.`folio_venta` AS `folio_venta`, `v`.`id_producto` AS `id_producto`, `v`.`status_envio_recibo` AS `status_envio_recibo`, `v`.`hora` AS `hora`, `v`.`cantidad_pedido` AS `cantidad_pedido`, `v`.`tipo_unidad` AS `tipo_unidad`, `c`.`nombre_cliente` AS `nombre_cliente`, `c`.`apellido_paterno_cliente` AS `apellido_cliente`, `c`.`apellido_materno_cliente` AS `apellido_ma_cliente`, ucase(concat(`c`.`nombre_cliente`,' ',`c`.`apellido_paterno_cliente`,' ',`c`.`apellido_materno_cliente`)) AS `nombre_completo` FROM (`ventas` `v` join `clientes` `c`) WHERE `v`.`id_cliente` = `c`.`id_cliente` ;

-- --------------------------------------------------------

--
-- Estructura para la vista `Vw_Ventas`
--

CREATE VIEW `Vw_Ventas`  AS SELECT `pv`.`id_producto_venta` AS `id_producto_venta`, `pv`.`id_venta` AS `id_venta`, `pv`.`id_producto` AS `id_producto`, `pv`.`cantidad` AS `cantidad`, `pv`.`arete` AS `arete`, `pv`.`grapa` AS `grapa`, `pv`.`tipo` AS `tipo`, `pv`.`precio` AS `precio`, `pv`.`tamaño` AS `tamaño`, `pv`.`subtotal` AS `subtotal`, `pv`.`status` AS `statusProducto`, `pv`.`productoVenta_create` AS `productoVenta_create`, `pv`.`productoVenta_update` AS `productoVenta_update`, `p`.`nombre_producto` AS `nombre_producto`, `p`.`imagen` AS `imagen`, `p`.`precio` AS `precio_producto`, `p`.`raza` AS `raza`, `cc`.`nombre_categoria` AS `nombre_categoria`, `cc`.`id_categoria` AS `id_categoria`, `v`.`total` AS `total_venta`, `v`.`tipo_venta` AS `tipo_venta`, `v`.`tipo_envio` AS `tipo_envio`, `v`.`status` AS `status1`, `v`.`fecha` AS `fecha_venta`, `v`.`folio_venta` AS `folio_venta`, `v`.`id_cliente` AS `id_cliente`, `v`.`metodo_pago` AS `metodo_pago`, `c`.`nombre_cliente` AS `nombre_cliente`, `c`.`apellido_paterno_cliente` AS `apellido_paterno_cliente`, `c`.`apellido_materno_cliente` AS `apellido_materno_cliente`, concat(`c`.`nombre_cliente`,' ',`c`.`apellido_paterno_cliente`,' ',`c`.`apellido_materno_cliente`) AS `nombre_completo`, `c`.`telefono_cliente` AS `telefono_cliente`, `c`.`email_cliente` AS `email_cliente`, `c`.`identificacion_cliente` AS `identificacion_cliente`, `d`.`id_direccion` AS `id_direccion`, `d`.`cp` AS `cp`, `d`.`estado` AS `estado`, `d`.`municipio` AS `municipio`, `d`.`colonia` AS `colonia`, `d`.`calle` AS `calle`, `d`.`numero_exterior` AS `numero_exterior`, `d`.`numero_interior` AS `numero_interior`, `d`.`calle1` AS `calle1`, `d`.`calle2` AS `calle2`, `d`.`indicaciones` AS `indicaciones`, `v`.`ventas_create` AS `ventas_create`, `v`.`ventas_update` AS `ventas_update` FROM (((((`ventas` `v` left join `productos_venta` `pv` on(`v`.`id_venta` = `pv`.`id_venta`)) left join `productos` `p` on(`pv`.`id_producto` = `p`.`id_producto`)) left join `clientes` `c` on(`v`.`id_cliente` = `c`.`id_cliente`)) left join `direcciones` `d` on(`v`.`id_cliente` = `d`.`id_cliente`)) left join `categorias` `cc` on(`p`.`id_categoria` = `cc`.`id_categoria`)) ;

-- --------------------------------------------------------

--
-- Estructura para la vista `vw_ventasCate`
--

CREATE VIEW `vw_ventasCate`  AS SELECT `ventas`.`id_venta` AS `id_venta`, `ventas`.`folio_venta` AS `folio_venta`, `ventas`.`id_cliente` AS `id_cliente`, `ventas`.`tipo_venta` AS `tipo_venta`, `ventas`.`tipo_envio` AS `tipo_envio`, `ventas`.`total` AS `total`, `ventas`.`fecha` AS `fecha`, `ventas`.`notas_venta` AS `notas_venta`, `ventas`.`status` AS `status`, `ventas`.`metodo_pago` AS `metodo_pago`, `ventas`.`ventas_create` AS `ventas_create`, `ventas`.`ventas_update` AS `ventas_update`, `ventas`.`status1` AS `status1`, `ventas`.`id_pago` AS `id_pago`, `productos_venta`.`id_producto` AS `id_producto`, `productos_venta`.`status` AS `statusProducto`, `productos`.`nombre_producto` AS `nombre_producto`, `categorias`.`nombre_categoria` AS `nombre_categoria` FROM (((`ventas` join `productos_venta`) join `productos`) join `categorias`) WHERE `productos_venta`.`id_venta` = `ventas`.`id_venta` AND `productos`.`id_producto` = `productos_venta`.`id_producto` AND `categorias`.`id_categoria` = `productos`.`id_categoria` GROUP BY `ventas`.`id_venta` ;

-- --------------------------------------------------------

--
-- Estructura para la vista `vw_ventasDetalles`
--

CREATE VIEW `vw_ventasDetalles`  AS SELECT `v`.`fecha` AS `fecha_venta`, `pv`.`id_producto_venta` AS `id_producto_venta`, `pv`.`id_venta` AS `id_venta`, `pv`.`id_producto` AS `id_producto`, `pv`.`precio` AS `precio_unitario`, `pv`.`cantidad` AS `cantidad`, `pv`.`status` AS `statusProducto`, `p`.`id_categoria` AS `id_categoria`, `c`.`nombre_categoria` AS `categoria`, `p`.`nombre_producto` AS `nombre_producto`, `p`.`raza` AS `raza`, `v`.`total` AS `total`, `v`.`id_cliente` AS `id_cliente`, concat(`cl`.`nombre_cliente`,' ',`cl`.`apellido_paterno_cliente`,' ',`cl`.`apellido_materno_cliente`) AS `cliente` FROM ((((`productos_venta` `pv` join `productos` `p`) join `ventas` `v`) join `categorias` `c`) join `clientes` `cl`) WHERE `pv`.`id_producto` = `p`.`id_producto` AND `pv`.`id_venta` = `v`.`id_venta` AND `v`.`id_cliente` = `cl`.`id_cliente` AND `p`.`id_categoria` = `c`.`id_categoria` AND `v`.`status` = 3 AND `pv`.`status` = 1 GROUP BY `pv`.`id_venta` ;

-- --------------------------------------------------------

--
-- Estructura para la vista `vw_ver`
--

CREATE VIEW `vw_ver`  AS SELECT `pv`.`id_producto_venta` AS `id_producto_venta`, `pv`.`id_venta` AS `id_venta`, `pv`.`id_producto` AS `id_producto`, `pv`.`cantidad` AS `cantidad`, `pv`.`arete` AS `arete`, `pv`.`grapa` AS `grapa`, `pv`.`tipo` AS `tipo`, `pv`.`precio` AS `precio`, `pv`.`presentacion` AS `presentacion`, `pv`.`tamaño` AS `tamaño`, `pv`.`corral` AS `corral`, `pv`.`subtotal` AS `subtotal`, `pv`.`productoVenta_create` AS `productoVenta_create`, `pv`.`productoVenta_update` AS `productoVenta_update`, `pv`.`status` AS `status`, `p`.`nombre_producto` AS `nombre_producto`, `v`.`total` AS `total`, `p`.`raza` AS `raza` FROM ((`productos_venta` `pv` join `productos` `p`) join `ventas` `v`) WHERE `pv`.`id_producto` = `p`.`id_producto` AND `pv`.`id_venta` = `v`.`id_venta` ;

--
-- Índices para tablas volcadas
--

--
-- Indices de la tabla `almacenes`
--
ALTER TABLE `almacenes`
  ADD PRIMARY KEY (`almacenId`);

--
-- Indices de la tabla `applicant`
--
ALTER TABLE `applicant`
  ADD PRIMARY KEY (`id`);

--
-- Indices de la tabla `categorias`
--
ALTER TABLE `categorias`
  ADD PRIMARY KEY (`id_categoria`);

--
-- Indices de la tabla `clientes`
--
ALTER TABLE `clientes`
  ADD PRIMARY KEY (`id_cliente`);

--
-- Indices de la tabla `contacto`
--
ALTER TABLE `contacto`
  ADD PRIMARY KEY (`id_contacto`);

--
-- Indices de la tabla `contenido_almacen`
--
ALTER TABLE `contenido_almacen`
  ADD PRIMARY KEY (`contenidoID`);

--
-- Indices de la tabla `detalles_movimientos`
--
ALTER TABLE `detalles_movimientos`
  ADD PRIMARY KEY (`detalleId`);

--
-- Indices de la tabla `direcciones`
--
ALTER TABLE `direcciones`
  ADD PRIMARY KEY (`id_direccion`);

--
-- Indices de la tabla `envios`
--
ALTER TABLE `envios`
  ADD PRIMARY KEY (`id_envio`);

--
-- Indices de la tabla `inventory_plants`
--
ALTER TABLE `inventory_plants`
  ADD PRIMARY KEY (`id`);

--
-- Indices de la tabla `modulos_app`
--
ALTER TABLE `modulos_app`
  ADD PRIMARY KEY (`moduloId`),
  ADD UNIQUE KEY `moduloNombre` (`moduloNombre`);

--
-- Indices de la tabla `movimientos`
--
ALTER TABLE `movimientos`
  ADD PRIMARY KEY (`movimientoId`);

--
-- Indices de la tabla `pagos`
--
ALTER TABLE `pagos`
  ADD PRIMARY KEY (`id_pago`);

--
-- Indices de la tabla `permisos`
--
ALTER TABLE `permisos`
  ADD PRIMARY KEY (`permisoId`),
  ADD UNIQUE KEY `permisoCodigo` (`permisoCodigo`),
  ADD KEY `moduloId` (`moduloId`);

--
-- Indices de la tabla `precios_mercado`
--
ALTER TABLE `precios_mercado`
  ADD PRIMARY KEY (`idPrecioMercado`);

--
-- Indices de la tabla `presentaciones`
--
ALTER TABLE `presentaciones`
  ADD PRIMARY KEY (`presentacionID`);

--
-- Indices de la tabla `productos`
--
ALTER TABLE `productos`
  ADD PRIMARY KEY (`id_producto`);

--
-- Indices de la tabla `productos_venta`
--
ALTER TABLE `productos_venta`
  ADD PRIMARY KEY (`id_producto_venta`);

--
-- Indices de la tabla `raza`
--
ALTER TABLE `raza`
  ADD PRIMARY KEY (`id_raza`);

--
-- Indices de la tabla `tkeys`
--
ALTER TABLE `tkeys`
  ADD PRIMARY KEY (`id`);

--
-- Indices de la tabla `usuario`
--
ALTER TABLE `usuario`
  ADD PRIMARY KEY (`id_usuario`);

--
-- Indices de la tabla `usuarios_permisos`
--
ALTER TABLE `usuarios_permisos`
  ADD PRIMARY KEY (`usuarioPermisoId`),
  ADD KEY `permisoId` (`permisoId`),
  ADD KEY `usuarioID` (`usuarioID`);

--
-- Indices de la tabla `ventas`
--
ALTER TABLE `ventas`
  ADD PRIMARY KEY (`id_venta`),
  ADD KEY `id_producto` (`id_producto`);

--
-- AUTO_INCREMENT de las tablas volcadas
--

--
-- AUTO_INCREMENT de la tabla `almacenes`
--
ALTER TABLE `almacenes`
  MODIFY `almacenId` int(11) NOT NULL AUTO_INCREMENT, AUTO_INCREMENT=3;

--
-- AUTO_INCREMENT de la tabla `applicant`
--
ALTER TABLE `applicant`
  MODIFY `id` int(11) NOT NULL AUTO_INCREMENT, AUTO_INCREMENT=22;

--
-- AUTO_INCREMENT de la tabla `categorias`
--
ALTER TABLE `categorias`
  MODIFY `id_categoria` int(11) NOT NULL AUTO_INCREMENT, AUTO_INCREMENT=21;

--
-- AUTO_INCREMENT de la tabla `clientes`
--
ALTER TABLE `clientes`
  MODIFY `id_cliente` int(11) NOT NULL AUTO_INCREMENT, AUTO_INCREMENT=400;

--
-- AUTO_INCREMENT de la tabla `contacto`
--
ALTER TABLE `contacto`
  MODIFY `id_contacto` int(11) NOT NULL AUTO_INCREMENT, AUTO_INCREMENT=2;

--
-- AUTO_INCREMENT de la tabla `contenido_almacen`
--
ALTER TABLE `contenido_almacen`
  MODIFY `contenidoID` int(11) NOT NULL AUTO_INCREMENT, AUTO_INCREMENT=3;

--
-- AUTO_INCREMENT de la tabla `detalles_movimientos`
--
ALTER TABLE `detalles_movimientos`
  MODIFY `detalleId` int(11) NOT NULL AUTO_INCREMENT, AUTO_INCREMENT=6589;

--
-- AUTO_INCREMENT de la tabla `direcciones`
--
ALTER TABLE `direcciones`
  MODIFY `id_direccion` int(11) NOT NULL AUTO_INCREMENT;

--
-- AUTO_INCREMENT de la tabla `envios`
--
ALTER TABLE `envios`
  MODIFY `id_envio` int(11) NOT NULL AUTO_INCREMENT;

--
-- AUTO_INCREMENT de la tabla `inventory_plants`
--
ALTER TABLE `inventory_plants`
  MODIFY `id` int(11) NOT NULL AUTO_INCREMENT, AUTO_INCREMENT=101;

--
-- AUTO_INCREMENT de la tabla `modulos_app`
--
ALTER TABLE `modulos_app`
  MODIFY `moduloId` int(11) NOT NULL AUTO_INCREMENT, AUTO_INCREMENT=7;

--
-- AUTO_INCREMENT de la tabla `movimientos`
--
ALTER TABLE `movimientos`
  MODIFY `movimientoId` int(11) NOT NULL AUTO_INCREMENT, AUTO_INCREMENT=6589;

--
-- AUTO_INCREMENT de la tabla `pagos`
--
ALTER TABLE `pagos`
  MODIFY `id_pago` int(11) NOT NULL AUTO_INCREMENT, AUTO_INCREMENT=2;

--
-- AUTO_INCREMENT de la tabla `permisos`
--
ALTER TABLE `permisos`
  MODIFY `permisoId` int(11) NOT NULL AUTO_INCREMENT, AUTO_INCREMENT=25;

--
-- AUTO_INCREMENT de la tabla `precios_mercado`
--
ALTER TABLE `precios_mercado`
  MODIFY `idPrecioMercado` int(11) NOT NULL AUTO_INCREMENT, AUTO_INCREMENT=23;

--
-- AUTO_INCREMENT de la tabla `presentaciones`
--
ALTER TABLE `presentaciones`
  MODIFY `presentacionID` int(11) NOT NULL AUTO_INCREMENT, AUTO_INCREMENT=5;

--
-- AUTO_INCREMENT de la tabla `productos`
--
ALTER TABLE `productos`
  MODIFY `id_producto` int(11) NOT NULL AUTO_INCREMENT, AUTO_INCREMENT=13;

--
-- AUTO_INCREMENT de la tabla `productos_venta`
--
ALTER TABLE `productos_venta`
  MODIFY `id_producto_venta` int(11) NOT NULL AUTO_INCREMENT, AUTO_INCREMENT=4820;

--
-- AUTO_INCREMENT de la tabla `raza`
--
ALTER TABLE `raza`
  MODIFY `id_raza` int(11) NOT NULL AUTO_INCREMENT, AUTO_INCREMENT=14;

--
-- AUTO_INCREMENT de la tabla `tkeys`
--
ALTER TABLE `tkeys`
  MODIFY `id` int(11) NOT NULL AUTO_INCREMENT, AUTO_INCREMENT=2;

--
-- AUTO_INCREMENT de la tabla `usuario`
--
ALTER TABLE `usuario`
  MODIFY `id_usuario` int(11) NOT NULL AUTO_INCREMENT, AUTO_INCREMENT=12;

--
-- AUTO_INCREMENT de la tabla `usuarios_permisos`
--
ALTER TABLE `usuarios_permisos`
  MODIFY `usuarioPermisoId` int(11) NOT NULL AUTO_INCREMENT, AUTO_INCREMENT=151;

--
-- AUTO_INCREMENT de la tabla `ventas`
--
ALTER TABLE `ventas`
  MODIFY `id_venta` int(11) NOT NULL AUTO_INCREMENT, AUTO_INCREMENT=2048;

--
-- Restricciones para tablas volcadas
--

--
-- Filtros para la tabla `permisos`
--
ALTER TABLE `permisos`
  ADD CONSTRAINT `permisos_ibfk_1` FOREIGN KEY (`moduloId`) REFERENCES `modulos_app` (`moduloId`);

--
-- Filtros para la tabla `usuarios_permisos`
--
ALTER TABLE `usuarios_permisos`
  ADD CONSTRAINT `usuarios_permisos_ibfk_1` FOREIGN KEY (`permisoId`) REFERENCES `permisos` (`permisoId`),
  ADD CONSTRAINT `usuarios_permisos_ibfk_2` FOREIGN KEY (`usuarioID`) REFERENCES `usuario` (`id_usuario`);

--
-- Filtros para la tabla `ventas`
--
ALTER TABLE `ventas`
  ADD CONSTRAINT `id_producto` FOREIGN KEY (`id_producto`) REFERENCES `productos` (`id_producto`);


